000
CDUS41 KALY 190624
CLIPOU


CLIMATE REPORT
NATIONAL WEATHER SERVICE ALBANY NY
123 AM EST SUN FEB 19 2017


...................................

...THE POUGHKEEPSIE NY CLIMATE SUMMARY FOR FEBRUARY 18 2017...

CLIMATE NORMAL PERIOD 1981 TO 2010
CLIMATE RECORD PERIOD 1949 TO 2017


WEATHER ITEM   OBSERVED TIME   RECORD YEAR NORMAL DEPARTURE LAST
                VALUE   (LST)  VALUE       VALUE  FROM      YEAR
                                                  NORMAL
..................................................................
TEMPERATURE (F)
 YESTERDAY
  MAXIMUM         56    638 PM  65    1981  40     16       34
  MINIMUM         19    633 AM -14    1979  18      1       22
  AVERAGE         38                        29      9       28

PRECIPITATION (IN)
  YESTERDAY        0.00          0.80 1986   0.09  -0.09     0.00
  MONTH TO DATE    0.76                      1.67  -0.91     1.81
  SINCE DEC 1      6.33                      8.28  -1.95     6.92
  SINCE JAN 1      3.73                      4.75  -1.02     3.02

DEGREE DAYS
 HEATING
  YESTERDAY       27                        36     -9       37
  MONTH TO DATE  636                       673    -37      618
  SINCE DEC 1   2686                      2947   -261     2282
  SINCE JUL 1   3832                      4225   -393     3270

 COOLING
  YESTERDAY        0                         0      0        0
  MONTH TO DATE    0                         0      0        0
  SINCE DEC 1      0                         0      0        0
  SINCE JAN 1      0                         0      0        0
..................................................................


WIND (MPH)
  HIGHEST WIND SPEED    16   HIGHEST WIND DIRECTION    SW (230)
  HIGHEST GUST SPEED    23   HIGHEST GUST DIRECTION    SW (230)
  AVERAGE WIND SPEED     3.7


SKY COVER
  AVERAGE SKY COVER 0.0



RELATIVE HUMIDITY (PERCENT)
 HIGHEST    84           400 AM
 LOWEST     36           100 PM
 AVERAGE    60

..........................................................


THE POUGHKEEPSIE NY CLIMATE NORMALS FOR TODAY
                         NORMAL    RECORD    YEAR
 MAXIMUM TEMPERATURE (F)   40        61      1981
 MINIMUM TEMPERATURE (F)   18         0      1958


SUNRISE AND SUNSET
FEBRUARY 19 2017......SUNRISE   645 AM EST   SUNSET   534 PM EST
FEBRUARY 20 2017......SUNRISE   643 AM EST   SUNSET   535 PM EST


-  INDICATES NEGATIVE NUMBERS.
R  INDICATES RECORD WAS SET OR TIED.
MM INDICATES DATA IS MISSING.
T  INDICATES TRACE AMOUNT.




RECORDS FOR KPOU DATE BACK TO 1949...
HOWEVER...DATA IS MISSING FROM JANUARY 1993 - JULY 2000.
$$
