000
CDUS41 KALY 030625
CLIPOU


CLIMATE REPORT
NATIONAL WEATHER SERVICE ALBANY NY
124 AM EST TUE JAN 3 2017


...................................

...THE POUGHKEEPSIE NY CLIMATE SUMMARY FOR JANUARY 2 2017...

CLIMATE NORMAL PERIOD 1981 TO 2010
CLIMATE RECORD PERIOD 1949 TO 2017


WEATHER ITEM   OBSERVED TIME   RECORD YEAR NORMAL DEPARTURE LAST
                VALUE   (LST)  VALUE       VALUE  FROM      YEAR
                                                  NORMAL
..................................................................
TEMPERATURE (F)
 YESTERDAY
  MAXIMUM         38    432 PM  56    1979  36      2       38
  MINIMUM         20    505 AM -15    1968  17      3       29
  AVERAGE         29                        26      3       34

PRECIPITATION (IN)
  YESTERDAY        0.00          1.27 1987   0.11  -0.11     0.00
  MONTH TO DATE    0.00                      0.21  -0.21     0.00
  SINCE DEC 1      2.60                      3.74  -1.14     3.90
  SINCE JAN 1      0.00                      0.21  -0.21     0.00

DEGREE DAYS
 HEATING
  YESTERDAY       36                        39     -3       31
  MONTH TO DATE   68                        78    -10       59
  SINCE DEC 1   1108                      1129    -21      693
  SINCE JUL 1   2254                      2407   -153     1681

 COOLING
  YESTERDAY        0                         0      0        0
  MONTH TO DATE    0                         0      0        0
  SINCE DEC 1      0                         0      0        0
  SINCE JAN 1      0                         0      0        0
..................................................................


WIND (MPH)
  HIGHEST WIND SPEED     7   HIGHEST WIND DIRECTION     N (360)
  HIGHEST GUST SPEED     9   HIGHEST GUST DIRECTION    NE (60)
  AVERAGE WIND SPEED     1.6


SKY COVER
  AVERAGE SKY COVER 0.6



RELATIVE HUMIDITY (PERCENT)
 HIGHEST    92           400 AM
 LOWEST     64           100 PM
 AVERAGE    78

..........................................................


THE POUGHKEEPSIE NY CLIMATE NORMALS FOR TODAY
                         NORMAL    RECORD    YEAR
 MAXIMUM TEMPERATURE (F)   36        57      1950
 MINIMUM TEMPERATURE (F)   17        -7      2014


SUNRISE AND SUNSET
JANUARY  3 2017.......SUNRISE   723 AM EST   SUNSET   438 PM EST
JANUARY  4 2017.......SUNRISE   722 AM EST   SUNSET   439 PM EST


-  INDICATES NEGATIVE NUMBERS.
R  INDICATES RECORD WAS SET OR TIED.
MM INDICATES DATA IS MISSING.
T  INDICATES TRACE AMOUNT.




RECORDS FOR KPOU DATE BACK TO 1949...
HOWEVER...DATA IS MISSING FROM JANUARY 1993 - JULY 2000.
$$
