000
CDUS41 KALY 142201
CLIPOU


CLIMATE REPORT
NATIONAL WEATHER SERVICE ALBANY NY
501 PM EST FRI NOV 14 2014


...................................

...THE POUGHKEEPSIE NY CLIMATE SUMMARY FOR NOVEMBER 14 2014...
VALID TODAY AS OF 0400 PM LOCAL TIME.

CLIMATE NORMAL PERIOD 1981 TO 2010
CLIMATE RECORD PERIOD 1949 TO 2014


WEATHER ITEM   OBSERVED TIME   RECORD YEAR NORMAL DEPARTURE LAST
                VALUE   (LST)  VALUE       VALUE  FROM      YEAR
                                                  NORMAL
..................................................................
TEMPERATURE (F)
 TODAY
  MAXIMUM         44    320 PM  72    1973  53     -9       55
  MINIMUM         32    721 AM  13    1986  31      1       28
  AVERAGE         38                        42     -4       42

PRECIPITATION (IN)
  TODAY            0.05          2.01 1972   0.11  -0.06     0.00
  MONTH TO DATE    0.42                      1.58  -1.16     0.46
  SINCE SEP 1      4.70                     10.33  -5.63     4.39
  SINCE JAN 1     29.37                     41.11 -11.74    34.61

DEGREE DAYS
 HEATING
  TODAY           27                        23      4       23
  MONTH TO DATE  278                       292    -14      307
  SINCE SEP 1    682                       851   -169      792
  SINCE JUL 1    687                       868   -181      795

 COOLING
  TODAY            0                         0      0        0
  MONTH TO DATE    0                         0      0        0
  SINCE SEP 1     99                        68     31       72
  SINCE JAN 1    696                       672     24      829
..................................................................


WIND (MPH)
  HIGHEST WIND SPEED    15   HIGHEST WIND DIRECTION     W (280)
  HIGHEST GUST SPEED    21   HIGHEST GUST DIRECTION     W (260)
  AVERAGE WIND SPEED     4.3


SKY COVER
  AVERAGE SKY COVER 0.7



RELATIVE HUMIDITY (PERCENT)
 HIGHEST    96          1200 AM
 LOWEST     30           400 PM
 AVERAGE    63

..........................................................


THE POUGHKEEPSIE NY CLIMATE NORMALS FOR TOMORROW
                         NORMAL    RECORD    YEAR
 MAXIMUM TEMPERATURE (F)   53        72      1973
 MINIMUM TEMPERATURE (F)   31        18      1965


SUNRISE AND SUNSET
NOVEMBER 14 2014......SUNRISE   643 AM EST   SUNSET   436 PM EST
NOVEMBER 15 2014......SUNRISE   644 AM EST   SUNSET   435 PM EST


-  INDICATES NEGATIVE NUMBERS.
R  INDICATES RECORD WAS SET OR TIED.
MM INDICATES DATA IS MISSING.
T  INDICATES TRACE AMOUNT.





RECORDS FOR KPOU DATE BACK TO 1949...
HOWEVER...DATA IS MISSING FROM JANUARY 1993 - JULY 2000.
$$
