000
CDUS41 KALY 170622
CLIPOU


CLIMATE REPORT
NATIONAL WEATHER SERVICE ALBANY NY
222 AM EDT SUN APR 17 2016


...................................

...THE POUGHKEEPSIE NY CLIMATE SUMMARY FOR APRIL 16 2016...

CLIMATE NORMAL PERIOD 1981 TO 2010
CLIMATE RECORD PERIOD 1949 TO 2016


WEATHER ITEM   OBSERVED TIME   RECORD YEAR NORMAL DEPARTURE LAST
                VALUE   (LST)  VALUE       VALUE  FROM      YEAR
                                                  NORMAL
..................................................................
TEMPERATURE (F)
 YESTERDAY
  MAXIMUM         68    458 PM  91    2012  61      7       67
  MINIMUM         34    521 AM  22    1957  37     -3       31
  AVERAGE         51                        49      2       49

PRECIPITATION (IN)
  YESTERDAY        0.00          2.23 1983   0.13  -0.13     0.00
  MONTH TO DATE    1.43                      2.06  -0.63     1.31
  SINCE MAR 1      2.47                      5.63  -3.16     3.48
  SINCE JAN 1      8.15                     11.37  -3.22     7.78

DEGREE DAYS
 HEATING
  YESTERDAY       14                        16     -2       16
  MONTH TO DATE  341                       304     37      286
  SINCE MAR 1    924                      1178   -254     1287
  SINCE JUL 1   4456                      5749  -1293     5972

 COOLING
  YESTERDAY        0                         0      0        0
  MONTH TO DATE    0                         0      0        0
  SINCE MAR 1      0                         0      0        0
  SINCE JAN 1      0                         0      0        0
..................................................................


WIND (MPH)
  HIGHEST WIND SPEED    15   HIGHEST WIND DIRECTION    NE (30)
  HIGHEST GUST SPEED    18   HIGHEST GUST DIRECTION     N (350)
  AVERAGE WIND SPEED     3.6


SKY COVER
  AVERAGE SKY COVER 0.0



RELATIVE HUMIDITY (PERCENT)
 HIGHEST    70           500 AM
 LOWEST     19           300 PM
 AVERAGE    45

..........................................................


THE POUGHKEEPSIE NY CLIMATE NORMALS FOR TODAY
                         NORMAL    RECORD    YEAR
 MAXIMUM TEMPERATURE (F)   62        93      2002
 MINIMUM TEMPERATURE (F)   37        22      1962


SUNRISE AND SUNSET
APRIL 17 2016.........SUNRISE   612 AM EDT   SUNSET   739 PM EDT
APRIL 18 2016.........SUNRISE   610 AM EDT   SUNSET   740 PM EDT


-  INDICATES NEGATIVE NUMBERS.
R  INDICATES RECORD WAS SET OR TIED.
MM INDICATES DATA IS MISSING.
T  INDICATES TRACE AMOUNT.




RECORDS FOR KPOU DATE BACK TO 1949...
HOWEVER...DATA IS MISSING FROM JANUARY 1993 - JULY 2000.
$$
