000
CDUS41 KALY 040624
CLIPOU


CLIMATE REPORT
NATIONAL WEATHER SERVICE ALBANY NY
223 AM EDT MON SEP 4 2017


...................................

...THE POUGHKEEPSIE NY CLIMATE SUMMARY FOR SEPTEMBER 3 2017...

CLIMATE NORMAL PERIOD 1981 TO 2010
CLIMATE RECORD PERIOD 1949 TO 2017


WEATHER ITEM   OBSERVED TIME   RECORD YEAR NORMAL DEPARTURE LAST
                VALUE   (LST)  VALUE       VALUE  FROM      YEAR
                                                  NORMAL
..................................................................
TEMPERATURE (F)
 YESTERDAY
  MAXIMUM         63    600 PM  98    1953  79    -16       77
  MINIMUM         53    403 AM  40    1967  56     -3       54
  AVERAGE         58                        68    -10       66

PRECIPITATION (IN)
  YESTERDAY        0.47          1.34 1974   0.12   0.35     0.00
  MONTH TO DATE    0.80                      0.39   0.41     0.09
  SINCE SEP 1      0.80                      0.39   0.41     0.09
  SINCE JAN 1     29.40                     31.17  -1.77    22.41

DEGREE DAYS
 HEATING
  YESTERDAY        7                         1      6        0
  MONTH TO DATE   27                         3     24        0
  SINCE SEP 1     27                         3     24        0
  SINCE JUL 1     47                        20     27        2

 COOLING
  YESTERDAY        0                         4     -4        1
  MONTH TO DATE    0                        12    -12        8
  SINCE SEP 1      0                        12    -12        8
  SINCE JAN 1    574                       616    -42      950
..................................................................


WIND (MPH)
  HIGHEST WIND SPEED    13   HIGHEST WIND DIRECTION    SW (240)
  HIGHEST GUST SPEED    16   HIGHEST GUST DIRECTION    SW (230)
  AVERAGE WIND SPEED     4.8


SKY COVER
  AVERAGE SKY COVER 0.9



RELATIVE HUMIDITY (PERCENT)
 HIGHEST    93          1200 AM
 LOWEST     84           500 PM
 AVERAGE    89

..........................................................


THE POUGHKEEPSIE NY CLIMATE NORMALS FOR TODAY
                         NORMAL    RECORD    YEAR
 MAXIMUM TEMPERATURE (F)   79        96      1973
 MINIMUM TEMPERATURE (F)   56        38      1987


SUNRISE AND SUNSET
SEPTEMBER  4 2017.....SUNRISE   625 AM EDT   SUNSET   723 PM EDT
SEPTEMBER  5 2017.....SUNRISE   626 AM EDT   SUNSET   722 PM EDT


-  INDICATES NEGATIVE NUMBERS.
R  INDICATES RECORD WAS SET OR TIED.
MM INDICATES DATA IS MISSING.
T  INDICATES TRACE AMOUNT.




RECORDS FOR KPOU DATE BACK TO 1949...
HOWEVER...DATA IS MISSING FROM JANUARY 1993 - JULY 2000.
$$
