000
CDUS41 KALY 092041
CLIPOU


CLIMATE REPORT
NATIONAL WEATHER SERVICE ALBANY NY
439 PM EDT SUN JUL 9 2017


...................................

...THE POUGHKEEPSIE NY CLIMATE SUMMARY FOR JULY 9 2017...
VALID TODAY AS OF 0400 PM LOCAL TIME.

CLIMATE NORMAL PERIOD 1981 TO 2010
CLIMATE RECORD PERIOD 1949 TO 2017


WEATHER ITEM   OBSERVED TIME   RECORD YEAR NORMAL DEPARTURE LAST
                VALUE   (LST)  VALUE       VALUE  FROM      YEAR
                                                  NORMAL
..................................................................
TEMPERATURE (F)
 TODAY
  MAXIMUM         79        MM  94    1981  84     -5       72
  MINIMUM         55        MM  44    1963  61     -6       67
  AVERAGE         67                        72     -5       70

PRECIPITATION (IN)
  TODAY            0.00          1.50 1975   0.14  -0.14     0.11
  MONTH TO DATE    0.65                      1.19  -0.54     2.20
  SINCE JUN 1      4.03                      5.62  -1.59     4.23
  SINCE JAN 1     20.59                     23.12  -2.53    16.39

DEGREE DAYS
 HEATING
  TODAY            0                         0      0        0
  MONTH TO DATE    0                         0      0        0
  SINCE JUN 1     50                        49      1        8
  SINCE JUL 1      0                         0      0        0

 COOLING
  TODAY            2                         8     -6        5
  MONTH TO DATE   70                        64      6       88
  SINCE JUN 1    209                       191     18      259
  SINCE JAN 1    257                       227     30      340
..................................................................


WIND (MPH)
  HIGHEST WIND SPEED    MM   HIGHEST WIND DIRECTION    MM
  HIGHEST GUST SPEED    MM   HIGHEST GUST DIRECTION    MM
  AVERAGE WIND SPEED    MM


SKY COVER
  AVERAGE SKY COVER 0.0



RELATIVE HUMIDITY (PERCENT)
 HIGHEST    93
 LOWEST     39
 AVERAGE    66

..........................................................


THE POUGHKEEPSIE NY CLIMATE NORMALS FOR TOMORROW
                         NORMAL    RECORD    YEAR
 MAXIMUM TEMPERATURE (F)   84        98      1988
 MINIMUM TEMPERATURE (F)   61        46      1954


SUNRISE AND SUNSET
JULY  9 2017..........SUNRISE   530 AM EDT   SUNSET   831 PM EDT
JULY 10 2017..........SUNRISE   531 AM EDT   SUNSET   831 PM EDT


-  INDICATES NEGATIVE NUMBERS.
R  INDICATES RECORD WAS SET OR TIED.
MM INDICATES DATA IS MISSING.
T  INDICATES TRACE AMOUNT.




RECORDS FOR KPOU DATE BACK TO 1949...
HOWEVER...DATA IS MISSING FROM JANUARY 1993 - JULY 2000.
$$
