999
CDUS41 KALY 010626
CLIPOU


CLIMATE REPORT
NATIONAL WEATHER SERVICE ALBANY NY
125 AM EST MON FEB 1 2016


...................................

...THE POUGHKEEPSIE NY CLIMATE SUMMARY FOR JANUARY 31 2016...

CLIMATE NORMAL PERIOD 1981 TO 2010
CLIMATE RECORD PERIOD 1949 TO 2016


WEATHER ITEM   OBSERVED TIME   RECORD YEAR NORMAL DEPARTURE LAST
                VALUE   (LST)  VALUE       VALUE  FROM      YEAR
                                                  NORMAL
..................................................................
TEMPERATURE (F)
 YESTERDAY
  MAXIMUM         62R   348 PM  62    2013  37     25       26
  MINIMUM         30    450 AM -15    1965  16     14        5
  AVERAGE         46                        26     20       16

PRECIPITATION (IN)
  YESTERDAY        0.00          0.94 2013   0.10  -0.10     0.00
  MONTH TO DATE    1.21                      3.08  -1.87     2.94
  SINCE DEC 1      5.11                      6.61  -1.50     5.94
  SINCE JAN 1      1.21                      3.08  -1.87     2.94

DEGREE DAYS
 HEATING
  YESTERDAY       19                        39    -20       49
  MONTH TO DATE 1030                      1225   -195     1260
  SINCE DEC 1   1664                      2274   -610     2160
  SINCE JUL 1   2652                      3552   -900     3311

 COOLING
  YESTERDAY        0                         0      0        0
  MONTH TO DATE    0                         0      0        0
  SINCE DEC 1      0                         0      0        0
  SINCE JAN 1      0                         0      0        0
..................................................................


WIND (MPH)
  HIGHEST WIND SPEED    14   HIGHEST WIND DIRECTION    SW (240)
  HIGHEST GUST SPEED    19   HIGHEST GUST DIRECTION    SW (230)
  AVERAGE WIND SPEED     4.0


SKY COVER
  AVERAGE SKY COVER 0.1



RELATIVE HUMIDITY (PERCENT)
 HIGHEST    72           700 AM
 LOWEST     29           200 PM
 AVERAGE    51

..........................................................


THE POUGHKEEPSIE NY CLIMATE NORMALS FOR TODAY
                         NORMAL    RECORD    YEAR
 MAXIMUM TEMPERATURE (F)   37        66      1989
 MINIMUM TEMPERATURE (F)   16        -8      1961


SUNRISE AND SUNSET
FEBRUARY  1 2016......SUNRISE   708 AM EST   SUNSET   511 PM EST
FEBRUARY  2 2016......SUNRISE   707 AM EST   SUNSET   512 PM EST


-  INDICATES NEGATIVE NUMBERS.
R  INDICATES RECORD WAS SET OR TIED.
MM INDICATES DATA IS MISSING.
T  INDICATES TRACE AMOUNT.




RECORDS FOR KPOU DATE BACK TO 1949...
HOWEVER...DATA IS MISSING FROM JANUARY 1993 - JULY 2000.
$$
