000
CDUS41 KALY 020623
CLIPOU


CLIMATE REPORT
NATIONAL WEATHER SERVICE ALBANY NY
222 AM EDT THU NOV 2 2017


...................................

...THE POUGHKEEPSIE NY CLIMATE SUMMARY FOR NOVEMBER 1 2017...

CLIMATE NORMAL PERIOD 1981 TO 2010
CLIMATE RECORD PERIOD 1949 TO 2017


WEATHER ITEM   OBSERVED TIME   RECORD YEAR NORMAL DEPARTURE LAST
                VALUE   (LST)  VALUE       VALUE  FROM      YEAR
                                                  NORMAL
..................................................................
TEMPERATURE (F)
 YESTERDAY
  MAXIMUM         47   1159 PM  82    1950  58    -11       57
  MINIMUM         29    550 AM  21    1968  34     -5       24
                                      1964
  AVERAGE         38                        46     -8       41

PRECIPITATION (IN)
  YESTERDAY        0.01          1.28 1988   0.12  -0.11     0.00
  MONTH TO DATE    0.01                      0.12  -0.11     0.00
  SINCE SEP 1      5.63                      8.87  -3.24     3.47
  SINCE JAN 1     34.73                     39.65  -4.92    25.79

DEGREE DAYS
 HEATING
  YESTERDAY       27                        19      8       24
  MONTH TO DATE   27                        19      8       24
  SINCE SEP 1    344                       578   -234      484
  SINCE JUL 1    364                       595   -231      486

 COOLING
  YESTERDAY        0                         0      0        0
  MONTH TO DATE    0                         0      0        0
  SINCE SEP 1    144                        68     76      111
  SINCE JAN 1    718                       672     46     1053
..................................................................


WIND (MPH)
  HIGHEST WIND SPEED     6   HIGHEST WIND DIRECTION     N (360)
  HIGHEST GUST SPEED     7   HIGHEST GUST DIRECTION    NE (40)
  AVERAGE WIND SPEED     0.3


SKY COVER
  AVERAGE SKY COVER 0.7



RELATIVE HUMIDITY (PERCENT)
 HIGHEST    92           300 AM
 LOWEST     70          1100 AM
 AVERAGE    81

..........................................................


THE POUGHKEEPSIE NY CLIMATE NORMALS FOR TODAY
                         NORMAL    RECORD    YEAR
 MAXIMUM TEMPERATURE (F)   57        80      1982
                                             1950
 MINIMUM TEMPERATURE (F)   34        19      1976


SUNRISE AND SUNSET
NOVEMBER  2 2017......SUNRISE   729 AM EDT   SUNSET   549 PM EDT
NOVEMBER  3 2017......SUNRISE   730 AM EDT   SUNSET   547 PM EDT


-  INDICATES NEGATIVE NUMBERS.
R  INDICATES RECORD WAS SET OR TIED.
MM INDICATES DATA IS MISSING.
T  INDICATES TRACE AMOUNT.




RECORDS FOR KPOU DATE BACK TO 1949...
HOWEVER...DATA IS MISSING FROM JANUARY 1993 - JULY 2000.
$$
