000
CDUS41 KALY 190623
CLIPOU


CLIMATE REPORT
NATIONAL WEATHER SERVICE ALBANY NY
223 AM EDT SUN OCT 19 2014


...................................

...THE POUGHKEEPSIE NY CLIMATE SUMMARY FOR OCTOBER 18 2014...

CLIMATE NORMAL PERIOD 1981 TO 2010
CLIMATE RECORD PERIOD 1949 TO 2014


WEATHER ITEM   OBSERVED TIME   RECORD YEAR NORMAL DEPARTURE LAST
                VALUE   (LST)  VALUE       VALUE  FROM      YEAR
                                                  NORMAL
..................................................................
TEMPERATURE (F)
 YESTERDAY
  MAXIMUM         68   1228 PM  82    1963  62      6       68
  MINIMUM         50    545 AM  21    1978  38     12       44
  AVERAGE         59                        50      9       56

PRECIPITATION (IN)
  YESTERDAY        T             1.48 1975   0.15  -0.15      T
  MONTH TO DATE    2.37                      2.69  -0.32     1.27
  SINCE SEP 1      2.89                      6.97  -4.08     3.59
  SINCE JAN 1     27.56                     37.75 -10.19    33.81

DEGREE DAYS
 HEATING
  YESTERDAY        6                        15     -9        9
  MONTH TO DATE  121                       216    -95      100
  SINCE SEP 1    210                       339   -129      240
  SINCE JUL 1    215                       356   -141      243

 COOLING
  YESTERDAY        0                         0      0        0
  MONTH TO DATE   13                         0     13        8
  SINCE SEP 1     99                        64     35       72
  SINCE JAN 1    696                       668     28      829
..................................................................


WIND (MPH)
  HIGHEST WIND SPEED    16   HIGHEST WIND DIRECTION     W (280)
  HIGHEST GUST SPEED    22   HIGHEST GUST DIRECTION     W (280)
  AVERAGE WIND SPEED     4.8


SKY COVER
  AVERAGE SKY COVER 0.8



RELATIVE HUMIDITY (PERCENT)
 HIGHEST    89           300 AM
 LOWEST     51           600 PM
 AVERAGE    70

..........................................................


THE POUGHKEEPSIE NY CLIMATE NORMALS FOR TODAY
                         NORMAL    RECORD    YEAR
 MAXIMUM TEMPERATURE (F)   62        83      1963
 MINIMUM TEMPERATURE (F)   38        21      1974


SUNRISE AND SUNSET
OCTOBER 19 2014.......SUNRISE   712 AM EDT   SUNSET   608 PM EDT
OCTOBER 20 2014.......SUNRISE   713 AM EDT   SUNSET   607 PM EDT


-  INDICATES NEGATIVE NUMBERS.
R  INDICATES RECORD WAS SET OR TIED.
MM INDICATES DATA IS MISSING.
T  INDICATES TRACE AMOUNT.





RECORDS FOR KPOU DATE BACK TO 1949...
HOWEVER...DATA IS MISSING FROM JANUARY 1993 - JULY 2000.
$$
