000
CDUS41 KALY 170624
CLIPOU


CLIMATE REPORT
NATIONAL WEATHER SERVICE ALBANY NY
222 AM EDT SAT JUN 17 2017


...................................

...THE POUGHKEEPSIE NY CLIMATE SUMMARY FOR JUNE 16 2017...

CLIMATE NORMAL PERIOD 1981 TO 2010
CLIMATE RECORD PERIOD 1949 TO 2017


WEATHER ITEM   OBSERVED TIME   RECORD YEAR NORMAL DEPARTURE LAST
                VALUE   (LST)  VALUE       VALUE  FROM      YEAR
                                                  NORMAL
..................................................................
TEMPERATURE (F)
 YESTERDAY
  MAXIMUM         71   1050 AM  97    1957  80     -9       82
  MINIMUM         58    503 AM  41    1961  56      2       63
  AVERAGE         65                        68     -3       73

PRECIPITATION (IN)
  YESTERDAY        0.22          2.06 2005   0.15   0.07      T
  MONTH TO DATE    1.39                      2.54  -1.15     1.23
  SINCE JUN 1      1.39                      2.54  -1.15     1.23
  SINCE JAN 1     17.95                     20.04  -2.09    13.39

DEGREE DAYS
 HEATING
  YESTERDAY        0                         1     -1        0
  MONTH TO DATE   50                        38     12        8
  SINCE JUN 1     50                        38     12        8
  SINCE JUL 1   5714                      6200   -486     4777

 COOLING
  YESTERDAY        0                         4     -4        8
  MONTH TO DATE   43                        50     -7       61
  SINCE JUN 1     43                        50     -7       61
  SINCE JAN 1     91                        86      5      142
..................................................................


WIND (MPH)
  HIGHEST WIND SPEED    13   HIGHEST WIND DIRECTION    SE (140)
  HIGHEST GUST SPEED    18   HIGHEST GUST DIRECTION    SE (140)
  AVERAGE WIND SPEED     3.8


SKY COVER
  AVERAGE SKY COVER 0.8



RELATIVE HUMIDITY (PERCENT)
 HIGHEST    93           700 PM
 LOWEST     61          1000 AM
 AVERAGE    77

..........................................................


THE POUGHKEEPSIE NY CLIMATE NORMALS FOR TODAY
                         NORMAL    RECORD    YEAR
 MAXIMUM TEMPERATURE (F)   80        93      1957
                                             1952
 MINIMUM TEMPERATURE (F)   56        39      1965


SUNRISE AND SUNSET
JUNE 17 2017..........SUNRISE   521 AM EDT   SUNSET   832 PM EDT
JUNE 18 2017..........SUNRISE   521 AM EDT   SUNSET   833 PM EDT


-  INDICATES NEGATIVE NUMBERS.
R  INDICATES RECORD WAS SET OR TIED.
MM INDICATES DATA IS MISSING.
T  INDICATES TRACE AMOUNT.




RECORDS FOR KPOU DATE BACK TO 1949...
HOWEVER...DATA IS MISSING FROM JANUARY 1993 - JULY 2000.
$$
