000
CDUS41 KALY 310630
CLIPOU


CLIMATE REPORT
NATIONAL WEATHER SERVICE ALBANY NY
129 AM EST SUN JAN 31 2016


...................................

...THE POUGHKEEPSIE NY CLIMATE SUMMARY FOR JANUARY 30 2016...

CLIMATE NORMAL PERIOD 1981 TO 2010
CLIMATE RECORD PERIOD 1949 TO 2016


WEATHER ITEM   OBSERVED TIME   RECORD YEAR NORMAL DEPARTURE LAST
                VALUE   (LST)  VALUE       VALUE  FROM      YEAR
                                                  NORMAL
..................................................................
TEMPERATURE (F)
 YESTERDAY
  MAXIMUM         44    257 PM  60    2006  36      8       37
  MINIMUM         17    658 AM -15    1961  16      1       18
  AVERAGE         31                        26      5       28

PRECIPITATION (IN)
  YESTERDAY        0.00          0.69 1966   0.09  -0.09     0.14
  MONTH TO DATE    1.21                      2.98  -1.77     2.94
  SINCE DEC 1      5.11                      6.51  -1.40     5.94
  SINCE JAN 1      1.21                      2.98  -1.77     2.94

DEGREE DAYS
 HEATING
  YESTERDAY       34                        39     -5       37
  MONTH TO DATE 1011                      1186   -175     1211
  SINCE DEC 1   1645                      2237   -592     2111
  SINCE JUL 1   2633                      3515   -882     3262

 COOLING
  YESTERDAY        0                         0      0        0
  MONTH TO DATE    0                         0      0        0
  SINCE DEC 1      0                         0      0        0
  SINCE JAN 1      0                         0      0        0
..................................................................


WIND (MPH)
  HIGHEST WIND SPEED    14   HIGHEST WIND DIRECTION     S (170)
  HIGHEST GUST SPEED    18   HIGHEST GUST DIRECTION     S (160)
  AVERAGE WIND SPEED     3.4


SKY COVER
  AVERAGE SKY COVER 0.1



RELATIVE HUMIDITY (PERCENT)
 HIGHEST    80           600 AM
 LOWEST     33           300 PM
 AVERAGE    57

..........................................................


THE POUGHKEEPSIE NY CLIMATE NORMALS FOR TODAY
                         NORMAL    RECORD    YEAR
 MAXIMUM TEMPERATURE (F)   37        62      2013
 MINIMUM TEMPERATURE (F)   16       -15      1965


SUNRISE AND SUNSET
JANUARY 31 2016.......SUNRISE   709 AM EST   SUNSET   509 PM EST
FEBRUARY  1 2016......SUNRISE   708 AM EST   SUNSET   511 PM EST


-  INDICATES NEGATIVE NUMBERS.
R  INDICATES RECORD WAS SET OR TIED.
MM INDICATES DATA IS MISSING.
T  INDICATES TRACE AMOUNT.




RECORDS FOR KPOU DATE BACK TO 1949...
HOWEVER...DATA IS MISSING FROM JANUARY 1993 - JULY 2000.
$$
