000
CDUS41 KALY 200623
CLIPOU


CLIMATE REPORT
NATIONAL WEATHER SERVICE ALBANY NY
223 AM EDT FRI MAY 20 2016


...................................

...THE POUGHKEEPSIE NY CLIMATE SUMMARY FOR MAY 19 2016...

CLIMATE NORMAL PERIOD 1981 TO 2010
CLIMATE RECORD PERIOD 1949 TO 2016


WEATHER ITEM   OBSERVED TIME   RECORD YEAR NORMAL DEPARTURE LAST
                VALUE   (LST)  VALUE       VALUE  FROM      YEAR
                                                  NORMAL
..................................................................
TEMPERATURE (F)
 YESTERDAY
  MAXIMUM         75    407 PM  96    1962  72      3       82
  MINIMUM         49   1159 PM  31    2009  47      2       56
  AVERAGE         62                        60      2       69

PRECIPITATION (IN)
  YESTERDAY        0.00          1.54 2011   0.15  -0.15     0.19
  MONTH TO DATE    2.53                      2.52   0.01     1.05
  SINCE MAR 1      5.80                      9.87  -4.07     5.45
  SINCE JAN 1     11.48                     15.61  -4.13     9.75

DEGREE DAYS
 HEATING
  YESTERDAY        3                         6     -3        0
  MONTH TO DATE  174                       164     10       53
  SINCE MAR 1   1227                      1532   -305     1519
  SINCE JUL 1   4759                      6103  -1344     6204

 COOLING
  YESTERDAY        0                         1     -1        4
  MONTH TO DATE    0                        13    -13       62
  SINCE MAR 1      4                        18    -14       62
  SINCE JAN 1      4                        18    -14       62
..................................................................


WIND (MPH)
  HIGHEST WIND SPEED    13   HIGHEST WIND DIRECTION    NW (330)
  HIGHEST GUST SPEED    17   HIGHEST GUST DIRECTION    NW (310)
  AVERAGE WIND SPEED     2.0


SKY COVER
  AVERAGE SKY COVER 0.7



RELATIVE HUMIDITY (PERCENT)
 HIGHEST    83          1100 PM
 LOWEST     27           100 PM
 AVERAGE    55

..........................................................


THE POUGHKEEPSIE NY CLIMATE NORMALS FOR TODAY
                         NORMAL    RECORD    YEAR
 MAXIMUM TEMPERATURE (F)   72        91      1975
 MINIMUM TEMPERATURE (F)   48        29      2002


SUNRISE AND SUNSET
MAY 20 2016...........SUNRISE   531 AM EDT   SUNSET   814 PM EDT
MAY 21 2016...........SUNRISE   530 AM EDT   SUNSET   815 PM EDT


-  INDICATES NEGATIVE NUMBERS.
R  INDICATES RECORD WAS SET OR TIED.
MM INDICATES DATA IS MISSING.
T  INDICATES TRACE AMOUNT.




RECORDS FOR KPOU DATE BACK TO 1949...
HOWEVER...DATA IS MISSING FROM JANUARY 1993 - JULY 2000.
$$
