000
CDUS41 KALY 312043
CLIPOU


CLIMATE REPORT
NATIONAL WEATHER SERVICE ALBANY NY
443 PM EDT MON JUL 31 2017


...................................

...THE POUGHKEEPSIE NY CLIMATE SUMMARY FOR JULY 31 2017...
VALID TODAY AS OF 0400 PM LOCAL TIME.

CLIMATE NORMAL PERIOD 1981 TO 2010
CLIMATE RECORD PERIOD 1949 TO 2017


WEATHER ITEM   OBSERVED TIME   RECORD YEAR NORMAL DEPARTURE LAST
                VALUE   (LST)  VALUE       VALUE  FROM      YEAR
                                                  NORMAL
..................................................................
TEMPERATURE (F)
 TODAY
  MAXIMUM         87    218 PM  99    1954  84      3       80
  MINIMUM         53    531 AM  47    1956  61     -8       68
  AVERAGE         70                        73     -3       74

PRECIPITATION (IN)
  TODAY            0.00          2.23 2016   0.17  -0.17     2.23
  MONTH TO DATE    3.60                      4.65  -1.05     5.93
  SINCE JUN 1      6.98                      9.08  -2.10     7.96
  SINCE JAN 1     23.54                     26.58  -3.04    20.12

DEGREE DAYS
 HEATING
  TODAY            0                         0      0        0
  MONTH TO DATE    3                         0      3        0
  SINCE JUN 1     53                        54     -1        8
  SINCE JUL 1      3                         5     -2        0

 COOLING
  TODAY            5                         8     -3        9
  MONTH TO DATE  231                       240     -9      364
  SINCE JUN 1    370                       367      3      535
  SINCE JAN 1    418                       403     15      616
..................................................................


WIND (MPH)
  HIGHEST WIND SPEED     7   HIGHEST WIND DIRECTION    NW (310)
  HIGHEST GUST SPEED     9   HIGHEST GUST DIRECTION     W (290)
  AVERAGE WIND SPEED     0.8


SKY COVER
  AVERAGE SKY COVER 0.0



RELATIVE HUMIDITY (PERCENT)
 HIGHEST    93          1200 AM
 LOWEST     42           200 PM
 AVERAGE    68

..........................................................


THE POUGHKEEPSIE NY CLIMATE NORMALS FOR TOMORROW
                         NORMAL    RECORD    YEAR
 MAXIMUM TEMPERATURE (F)   84        99      1955
 MINIMUM TEMPERATURE (F)   61        46      1964


SUNRISE AND SUNSET
JULY 31 2017..........SUNRISE   549 AM EDT   SUNSET   814 PM EDT
AUGUST  1 2017........SUNRISE   550 AM EDT   SUNSET   813 PM EDT


-  INDICATES NEGATIVE NUMBERS.
R  INDICATES RECORD WAS SET OR TIED.
MM INDICATES DATA IS MISSING.
T  INDICATES TRACE AMOUNT.




RECORDS FOR KPOU DATE BACK TO 1949...
HOWEVER...DATA IS MISSING FROM JANUARY 1993 - JULY 2000.
$$
