000
CDUS41 KALY 130623
CLIPOU


CLIMATE REPORT
NATIONAL WEATHER SERVICE ALBANY NY
223 AM EDT TUE SEP 13 2016


...................................

...THE POUGHKEEPSIE NY CLIMATE SUMMARY FOR SEPTEMBER 12 2016...

CLIMATE NORMAL PERIOD 1981 TO 2010
CLIMATE RECORD PERIOD 1949 TO 2016


WEATHER ITEM   OBSERVED TIME   RECORD YEAR NORMAL DEPARTURE LAST
                VALUE   (LST)  VALUE       VALUE  FROM      YEAR
                                                  NORMAL
..................................................................
TEMPERATURE (F)
 YESTERDAY
  MAXIMUM         78    249 PM  94    2005  77      1       79
  MINIMUM         44    441 AM  36    1985  53     -9       55
  AVERAGE         61                        65     -4       67

PRECIPITATION (IN)
  YESTERDAY        0.00          3.04 1960   0.15  -0.15     0.65
  MONTH TO DATE    0.24                      1.65  -1.41     1.52
  SINCE SEP 1      0.24                      1.65  -1.41     1.52
  SINCE JAN 1     22.56                     32.43  -9.87    20.48

DEGREE DAYS
 HEATING
  YESTERDAY        4                         3      1        0
  MONTH TO DATE    4                        24    -20        0
  SINCE SEP 1      4                        24    -20        0
  SINCE JUL 1      6                        41    -35        0

 COOLING
  YESTERDAY        0                         3     -3        2
  MONTH TO DATE   71                        41     30      121
  SINCE SEP 1     71                        41     30      121
  SINCE JAN 1   1013                       645    368      926
..................................................................


WIND (MPH)
  HIGHEST WIND SPEED     9   HIGHEST WIND DIRECTION     W (260)
  HIGHEST GUST SPEED    13   HIGHEST GUST DIRECTION     W (290)
  AVERAGE WIND SPEED     2.1


SKY COVER
  AVERAGE SKY COVER 0.0



RELATIVE HUMIDITY (PERCENT)
 HIGHEST   100           400 AM
 LOWEST     31           100 PM
 AVERAGE    66

..........................................................


THE POUGHKEEPSIE NY CLIMATE NORMALS FOR TODAY
                         NORMAL    RECORD    YEAR
 MAXIMUM TEMPERATURE (F)   76        94      2005
 MINIMUM TEMPERATURE (F)   52        36      1985


SUNRISE AND SUNSET
SEPTEMBER 13 2016.....SUNRISE   634 AM EDT   SUNSET   708 PM EDT
SEPTEMBER 14 2016.....SUNRISE   635 AM EDT   SUNSET   706 PM EDT


-  INDICATES NEGATIVE NUMBERS.
R  INDICATES RECORD WAS SET OR TIED.
MM INDICATES DATA IS MISSING.
T  INDICATES TRACE AMOUNT.




RECORDS FOR KPOU DATE BACK TO 1949...
HOWEVER...DATA IS MISSING FROM JANUARY 1993 - JULY 2000.
$$
