000
CDUS41 KALY 312149
CLIPOU


CLIMATE REPORT
NATIONAL WEATHER SERVICE ALBANY NY
448 PM EST SAT DEC 31 2016


...................................

...THE POUGHKEEPSIE NY CLIMATE SUMMARY FOR DECEMBER 31 2016...
VALID TODAY AS OF 0400 PM LOCAL TIME.

CLIMATE NORMAL PERIOD 1981 TO 2010
CLIMATE RECORD PERIOD 1949 TO 2016


WEATHER ITEM   OBSERVED TIME   RECORD YEAR NORMAL DEPARTURE LAST
                VALUE   (LST)  VALUE       VALUE  FROM      YEAR
                                                  NORMAL
..................................................................
TEMPERATURE (F)
 TODAY
  MAXIMUM         39    441 PM  63    1965  36      3       47
  MINIMUM         26    809 AM -13    1963  17      9       37
  AVERAGE         33                        27      6       42

PRECIPITATION (IN)
  TODAY            0.00          1.20 1972   0.10  -0.10     0.03
  MONTH TO DATE    2.60                      3.53  -0.93     3.90
  SINCE DEC 1      2.60                      3.53  -0.93     3.90
  SINCE JAN 1     33.12                     46.53 -13.41    29.82

DEGREE DAYS
 HEATING
  TODAY           32                        38     -6       23
  MONTH TO DATE 1041                      1049     -8      634
  SINCE DEC 1   1041                      1051    -10      634
  SINCE JUL 1   2187                      2329   -142     1622

 COOLING
  TODAY            0                         0      0        0
  MONTH TO DATE    0                         0      0        0
  SINCE DEC 1      0                         0      0        0
  SINCE JAN 1   1053                       672    381      964
..................................................................


WIND (MPH)
  HIGHEST WIND SPEED    14   HIGHEST WIND DIRECTION     W (250)
  HIGHEST GUST SPEED    MM   HIGHEST GUST DIRECTION    MM
  AVERAGE WIND SPEED     7.1


SKY COVER
  AVERAGE SKY COVER 0.4



RELATIVE HUMIDITY (PERCENT)
 HIGHEST    75           100 AM
 LOWEST     40           400 PM
 AVERAGE    58

..........................................................


THE POUGHKEEPSIE NY CLIMATE NORMALS FOR TOMORROW
                         NORMAL    RECORD    YEAR
 MAXIMUM TEMPERATURE (F)   36        60      1973
 MINIMUM TEMPERATURE (F)   17        -9      1968


SUNRISE AND SUNSET
DECEMBER 31 2016......SUNRISE   722 AM EST   SUNSET   435 PM EST
JANUARY  1 2017.......SUNRISE   722 AM EST   SUNSET   436 PM EST


-  INDICATES NEGATIVE NUMBERS.
R  INDICATES RECORD WAS SET OR TIED.
MM INDICATES DATA IS MISSING.
T  INDICATES TRACE AMOUNT.




RECORDS FOR KPOU DATE BACK TO 1949...
HOWEVER...DATA IS MISSING FROM JANUARY 1993 - JULY 2000.
$$
