000
CDUS41 KALY 102043
CLIPOU


CLIMATE REPORT
NATIONAL WEATHER SERVICE ALBANY NY
443 PM EDT TUE MAY 10 2016


...................................

...THE POUGHKEEPSIE NY CLIMATE SUMMARY FOR MAY 10 2016...
VALID TODAY AS OF 0400 PM LOCAL TIME.

CLIMATE NORMAL PERIOD 1981 TO 2010
CLIMATE RECORD PERIOD 1949 TO 2016


WEATHER ITEM   OBSERVED TIME   RECORD YEAR NORMAL DEPARTURE LAST
                VALUE   (LST)  VALUE       VALUE  FROM      YEAR
                                                  NORMAL
..................................................................
TEMPERATURE (F)
 TODAY
  MAXIMUM         69    337 PM  93    1979  70     -1       89
  MINIMUM         35    513 AM  29    1966  44     -9       65
  AVERAGE         52                        57     -5       77

PRECIPITATION (IN)
  TODAY            0.00          1.92 1989   0.13  -0.13     0.00
  MONTH TO DATE    2.02                      1.27   0.75     0.02
  SINCE MAR 1      5.29                      8.62  -3.33     4.42
  SINCE JAN 1     10.97                     14.36  -3.39     8.72

DEGREE DAYS
 HEATING
  TODAY           13                         9      4        0
  MONTH TO DATE  115                        98     17       25
  SINCE MAR 1   1168                      1466   -298     1491
  SINCE JUL 1   4700                      6037  -1337     6176

 COOLING
  TODAY            0                         1     -1       12
  MONTH TO DATE    0                         4     -4       30
  SINCE MAR 1      4                         9     -5       30
  SINCE JAN 1      4                         9     -5       30
..................................................................


WIND (MPH)
  HIGHEST WIND SPEED     9   HIGHEST WIND DIRECTION    SW (210)
  HIGHEST GUST SPEED    12   HIGHEST GUST DIRECTION    SW (220)
  AVERAGE WIND SPEED     1.3


SKY COVER
  AVERAGE SKY COVER 0.0



RELATIVE HUMIDITY (PERCENT)
 HIGHEST    82           400 AM
 LOWEST     22           100 PM
 AVERAGE    52

..........................................................


THE POUGHKEEPSIE NY CLIMATE NORMALS FOR TOMORROW
                         NORMAL    RECORD    YEAR
 MAXIMUM TEMPERATURE (F)   70        91      1953
 MINIMUM TEMPERATURE (F)   45        28      2010


SUNRISE AND SUNSET
MAY 10 2016...........SUNRISE   541 AM EDT   SUNSET   804 PM EDT
MAY 11 2016...........SUNRISE   540 AM EDT   SUNSET   805 PM EDT


-  INDICATES NEGATIVE NUMBERS.
R  INDICATES RECORD WAS SET OR TIED.
MM INDICATES DATA IS MISSING.
T  INDICATES TRACE AMOUNT.




RECORDS FOR KPOU DATE BACK TO 1949...
HOWEVER...DATA IS MISSING FROM JANUARY 1993 - JULY 2000.
$$
