000
CDUS41 KALY 032152
CLIPOU


CLIMATE REPORT
NATIONAL WEATHER SERVICE ALBANY NY
451 PM EST WED JAN 3 2018


...................................

...THE POUGHKEEPSIE NY CLIMATE SUMMARY FOR JANUARY 3 2018...
VALID TODAY AS OF 0400 PM LOCAL TIME.

CLIMATE NORMAL PERIOD 1981 TO 2010
CLIMATE RECORD PERIOD 1949 TO 2018


WEATHER ITEM   OBSERVED TIME   RECORD YEAR NORMAL DEPARTURE LAST
                VALUE   (LST)  VALUE       VALUE  FROM      YEAR
                                                  NORMAL
..................................................................
TEMPERATURE (F)
 TODAY
  MAXIMUM         26    401 PM  57    1950  36    -10       39
  MINIMUM          2    744 AM  -7    2014  17    -15       33
  AVERAGE         14                        26    -12       36

PRECIPITATION (IN)
  TODAY            0.00          1.21 2006   0.10  -0.10     0.46
  MONTH TO DATE    0.00                      0.31  -0.31     0.46
  SINCE DEC 1      1.56                      3.84  -2.28     3.06
  SINCE JAN 1      0.00                      0.31  -0.31     0.46

DEGREE DAYS
 HEATING
  TODAY           51                        39     12       29
  MONTH TO DATE  165                       117     48       97
  SINCE DEC 1   1311                      1168    143     1137
  SINCE JUL 1   2394                      2446    -52     2283

 COOLING
  TODAY            0                         0      0        0
  MONTH TO DATE    0                         0      0        0
  SINCE DEC 1      0                         0      0        0
  SINCE JAN 1      0                         0      0        0
..................................................................


WIND (MPH)
  HIGHEST WIND SPEED    13   HIGHEST WIND DIRECTION    SW (230)
  HIGHEST GUST SPEED    17   HIGHEST GUST DIRECTION     N (20)
  AVERAGE WIND SPEED     5.8


SKY COVER
  AVERAGE SKY COVER 0.0



RELATIVE HUMIDITY (PERCENT)
 HIGHEST    79           800 AM
 LOWEST     32           400 PM
 AVERAGE    56

..........................................................


THE POUGHKEEPSIE NY CLIMATE NORMALS FOR TOMORROW
                         NORMAL    RECORD    YEAR
 MAXIMUM TEMPERATURE (F)   35        64      1950
 MINIMUM TEMPERATURE (F)   17       -18      1981


SUNRISE AND SUNSET
JANUARY  3 2018.......SUNRISE   722 AM EST   SUNSET   438 PM EST
JANUARY  4 2018.......SUNRISE   722 AM EST   SUNSET   439 PM EST


-  INDICATES NEGATIVE NUMBERS.
R  INDICATES RECORD WAS SET OR TIED.
MM INDICATES DATA IS MISSING.
T  INDICATES TRACE AMOUNT.




RECORDS FOR KPOU DATE BACK TO 1949...
HOWEVER...DATA IS MISSING FROM JANUARY 1993 - JULY 2000.
$$
