000
CDUS41 KALY 080625
CLIPOU


CLIMATE REPORT
NATIONAL WEATHER SERVICE ALBANY NY
223 AM EDT TUE AUG 8 2017


...................................

...THE POUGHKEEPSIE NY CLIMATE SUMMARY FOR AUGUST 7 2017...

CLIMATE NORMAL PERIOD 1981 TO 2010
CLIMATE RECORD PERIOD 1949 TO 2017


WEATHER ITEM   OBSERVED TIME   RECORD YEAR NORMAL DEPARTURE LAST
                VALUE   (LST)  VALUE       VALUE  FROM      YEAR
                                                  NORMAL
..................................................................
TEMPERATURE (F)
 YESTERDAY
  MAXIMUM         66   1108 AM  97    2001  84    -18       88
  MINIMUM         57    320 AM  46    1964  61     -4       62
  AVERAGE         62                        72    -10       75

PRECIPITATION (IN)
  YESTERDAY        0.21          2.22 1985   0.16   0.05     0.00
  MONTH TO DATE    2.37                      1.10   1.27     0.58
  SINCE JUN 1      9.35                     10.18  -0.83     8.54
  SINCE JAN 1     25.91                     27.68  -1.77    20.70

DEGREE DAYS
 HEATING
  YESTERDAY        3                         0      3        0
  MONTH TO DATE    3                         0      3        0
  SINCE JUN 1     56                        54      2        8
  SINCE JUL 1      6                         5      1        0

 COOLING
  YESTERDAY        0                         8     -8       10
  MONTH TO DATE   46                        56    -10       60
  SINCE JUN 1    416                       423     -7      595
  SINCE JAN 1    464                       459      5      676
..................................................................


WIND (MPH)
  HIGHEST WIND SPEED     8   HIGHEST WIND DIRECTION    SE (150)
  HIGHEST GUST SPEED    12   HIGHEST GUST DIRECTION    SE (150)
  AVERAGE WIND SPEED     1.5


SKY COVER
  AVERAGE SKY COVER 0.7



RELATIVE HUMIDITY (PERCENT)
 HIGHEST    93           200 AM
 LOWEST     78          1200 AM
 AVERAGE    86

..........................................................


THE POUGHKEEPSIE NY CLIMATE NORMALS FOR TODAY
                         NORMAL    RECORD    YEAR
 MAXIMUM TEMPERATURE (F)   84        96      2001
 MINIMUM TEMPERATURE (F)   61        48      1957


SUNRISE AND SUNSET
AUGUST  8 2017........SUNRISE   557 AM EDT   SUNSET   804 PM EDT
AUGUST  9 2017........SUNRISE   558 AM EDT   SUNSET   803 PM EDT


-  INDICATES NEGATIVE NUMBERS.
R  INDICATES RECORD WAS SET OR TIED.
MM INDICATES DATA IS MISSING.
T  INDICATES TRACE AMOUNT.




RECORDS FOR KPOU DATE BACK TO 1949...
HOWEVER...DATA IS MISSING FROM JANUARY 1993 - JULY 2000.
$$
