000
CDUS41 KALY 182048
CLIPOU


CLIMATE REPORT
NATIONAL WEATHER SERVICE ALBANY NY
447 PM EDT MON AUG 18 2014




THE POUGHKEEPSIE NY CLIMATE SUMMARY FOR AUGUST 18 2014...
VALID TODAY AS OF 0400 PM LOCAL TIME.

CLIMATE NORMAL PERIOD 1981 TO 2010
CLIMATE RECORD PERIOD 1949 TO 2014


WEATHER ITEM   OBSERVED TIME   RECORD YEAR NORMAL DEPARTURE LAST
                VALUE   (LST)  VALUE       VALUE  FROM      YEAR
                                                  NORMAL

TEMPERATURE (F)
 TODAY
  MAXIMUM         80    335 PM  94    2002  83     -3       76
  MINIMUM         52    544 AM  43    1954  60     -8       59
  AVERAGE         66                        71     -5       68

PRECIPITATION (IN)
  TODAY            0.00          3.67 1955   0.13  -0.13      T
  MONTH TO DATE    2.74                      2.59   0.15     5.87
  SINCE JUN 1     10.00                     11.67  -1.67    18.83
  SINCE JAN 1     24.03                     29.17  -5.14    29.48

DEGREE DAYS
 HEATING
  TODAY            0                         0      0        0
  MONTH TO DATE    3                         0      3        3
  SINCE JUN 1     10                        54    -44       34
  SINCE JUL 1      3                         5     -2        3

 COOLING
  TODAY            1                         6     -5        3
  MONTH TO DATE   91                       132    -41       76
  SINCE JUN 1    494                       499     -5      613
  SINCE JAN 1    527                       535     -8      666



WIND (MPH)
  HIGHEST WIND SPEED    12   HIGHEST WIND DIRECTION    NW (330)
  HIGHEST GUST SPEED    15   HIGHEST GUST DIRECTION     N (360)
  AVERAGE WIND SPEED     1.5


SKY COVER
  AVERAGE SKY COVER 0.2



RELATIVE HUMIDITY (PERCENT)
 HIGHEST    96           500 AM
 LOWEST     39           200 PM
 AVERAGE    68




THE POUGHKEEPSIE NY CLIMATE NORMALS FOR TOMORROW
                         NORMAL    RECORD    YEAR
 MAXIMUM TEMPERATURE (F)   82        94      2003
 MINIMUM TEMPERATURE (F)   60        44      1953


SUNRISE AND SUNSET
AUGUST 18 2014........SUNRISE   607 AM EDT   SUNSET   751 PM EDT
AUGUST 19 2014........SUNRISE   608 AM EDT   SUNSET   749 PM EDT


-  INDICATES NEGATIVE NUMBERS.
R  INDICATES RECORD WAS SET OR TIED.
MM INDICATES DATA IS MISSING.
T  INDICATES TRACE AMOUNT.






RECORDS FOR KPOU DATE BACK TO 1949...
HOWEVER...DATA IS MISSING FROM JANUARY 1993 - JULY 2000.
$$
