000
CDUS41 KALY 180625
CLIPOU


CLIMATE REPORT
NATIONAL WEATHER SERVICE ALBANY NY
224 AM EDT TUE APR 18 2017


...................................

...THE POUGHKEEPSIE NY CLIMATE SUMMARY FOR APRIL 17 2017...

CLIMATE NORMAL PERIOD 1981 TO 2010
CLIMATE RECORD PERIOD 1949 TO 2017


WEATHER ITEM   OBSERVED TIME   RECORD YEAR NORMAL DEPARTURE LAST
                VALUE   (LST)  VALUE       VALUE  FROM      YEAR
                                                  NORMAL
..................................................................
TEMPERATURE (F)
 YESTERDAY
  MAXIMUM         71   1127 AM  93    2002  62      9       78
  MINIMUM         46   1159 PM  22    1962  37      9       34
  AVERAGE         59                        49     10       56

PRECIPITATION (IN)
  YESTERDAY        0.00          1.25 1954   0.12  -0.12     0.00
  MONTH TO DATE    1.41                      2.18  -0.77     1.43
  SINCE MAR 1      6.72                      5.75   0.97     2.47
  SINCE JAN 1     11.59                     11.49   0.10     8.15

DEGREE DAYS
 HEATING
  YESTERDAY        6                        16    -10        9
  MONTH TO DATE  241                       320    -79      350
  SINCE MAR 1   1236                      1194     42      933
  SINCE JUL 1   5278                      5765   -487     4465

 COOLING
  YESTERDAY        0                         0      0        0
  MONTH TO DATE    4                         0      4        0
  SINCE MAR 1      4                         0      4        0
  SINCE JAN 1      4                         0      4        0
..................................................................


WIND (MPH)
  HIGHEST WIND SPEED    22   HIGHEST WIND DIRECTION    NW (300)
  HIGHEST GUST SPEED    30   HIGHEST GUST DIRECTION     W (280)
  AVERAGE WIND SPEED     8.2


SKY COVER
  AVERAGE SKY COVER 0.0



RELATIVE HUMIDITY (PERCENT)
 HIGHEST    93           200 AM
 LOWEST     22           400 PM
 AVERAGE    58

..........................................................


THE POUGHKEEPSIE NY CLIMATE NORMALS FOR TODAY
                         NORMAL    RECORD    YEAR
 MAXIMUM TEMPERATURE (F)   62        94      1976
 MINIMUM TEMPERATURE (F)   38        24      1962


SUNRISE AND SUNSET
APRIL 18 2017.........SUNRISE   611 AM EDT   SUNSET   740 PM EDT
APRIL 19 2017.........SUNRISE   609 AM EDT   SUNSET   741 PM EDT


-  INDICATES NEGATIVE NUMBERS.
R  INDICATES RECORD WAS SET OR TIED.
MM INDICATES DATA IS MISSING.
T  INDICATES TRACE AMOUNT.




RECORDS FOR KPOU DATE BACK TO 1949...
HOWEVER...DATA IS MISSING FROM JANUARY 1993 - JULY 2000.
$$
