000
CDUS41 KALY 120624
CLIPOU


CLIMATE REPORT
NATIONAL WEATHER SERVICE ALBANY NY
123 AM EST WED NOV 12 2014


...................................

...THE POUGHKEEPSIE NY CLIMATE SUMMARY FOR NOVEMBER 11 2014...

CLIMATE NORMAL PERIOD 1981 TO 2010
CLIMATE RECORD PERIOD 1949 TO 2014


WEATHER ITEM   OBSERVED TIME   RECORD YEAR NORMAL DEPARTURE LAST
                VALUE   (LST)  VALUE       VALUE  FROM      YEAR
                                                  NORMAL
..................................................................
TEMPERATURE (F)
 YESTERDAY
  MAXIMUM         64    403 PM  71    2002  54     10       52
  MINIMUM         33    454 AM  13    1956  32      1       39
  AVERAGE         49                        43      6       46

PRECIPITATION (IN)
  YESTERDAY        0.00          0.89 1991   0.11  -0.11     0.00
  MONTH TO DATE    0.19                      1.26  -1.07     0.39
  SINCE SEP 1      4.47                     10.01  -5.54     4.32
  SINCE JAN 1     29.14                     40.79 -11.65    34.54

DEGREE DAYS
 HEATING
  YESTERDAY       16                        22     -6       19
  MONTH TO DATE  207                       225    -18      218
  SINCE SEP 1    611                       784   -173      703
  SINCE JUL 1    616                       801   -185      706

 COOLING
  YESTERDAY        0                         0      0        0
  MONTH TO DATE    0                         0      0        0
  SINCE SEP 1     99                        68     31       72
  SINCE JAN 1    696                       672     24      829
..................................................................


WIND (MPH)
  HIGHEST WIND SPEED    10   HIGHEST WIND DIRECTION     S (190)
  HIGHEST GUST SPEED    16   HIGHEST GUST DIRECTION    SW (210)
  AVERAGE WIND SPEED     2.2


SKY COVER
  AVERAGE SKY COVER 0.6



RELATIVE HUMIDITY (PERCENT)
 HIGHEST    92           300 AM
 LOWEST     63           200 PM
 AVERAGE    78

..........................................................


THE POUGHKEEPSIE NY CLIMATE NORMALS FOR TODAY
                         NORMAL    RECORD    YEAR
 MAXIMUM TEMPERATURE (F)   54        69      1964
 MINIMUM TEMPERATURE (F)   32        19      2001


SUNRISE AND SUNSET
NOVEMBER 12 2014......SUNRISE   641 AM EST   SUNSET   438 PM EST
NOVEMBER 13 2014......SUNRISE   642 AM EST   SUNSET   437 PM EST


-  INDICATES NEGATIVE NUMBERS.
R  INDICATES RECORD WAS SET OR TIED.
MM INDICATES DATA IS MISSING.
T  INDICATES TRACE AMOUNT.





RECORDS FOR KPOU DATE BACK TO 1949...
HOWEVER...DATA IS MISSING FROM JANUARY 1993 - JULY 2000.
$$
