000
CDUS41 KALY 100629
CLIPOU


CLIMATE REPORT
NATIONAL WEATHER SERVICE ALBANY NY
229 AM EDT WED SEP 10 2014




THE POUGHKEEPSIE NY CLIMATE SUMMARY FOR SEPTEMBER 9 2014...

CLIMATE NORMAL PERIOD 1981 TO 2010
CLIMATE RECORD PERIOD 1949 TO 2014


WEATHER ITEM   OBSERVED TIME   RECORD YEAR NORMAL DEPARTURE LAST
                VALUE   (LST)  VALUE       VALUE  FROM      YEAR
                                                  NORMAL

TEMPERATURE (F)
 YESTERDAY
  MAXIMUM         74    413 PM  91    1989  78     -4       72
  MINIMUM         50    442 AM  39    1986  54     -4       43
  AVERAGE         62                        66     -4       58

PRECIPITATION (IN)
  YESTERDAY        0.00          1.38 2008   0.14  -0.14     0.00
  MONTH TO DATE    0.15                      1.22  -1.07     1.20
  SINCE SEP 1      0.15                      1.22  -1.07     1.20
  SINCE JAN 1     24.82                     32.00  -7.18    31.42

DEGREE DAYS
 HEATING
  YESTERDAY        3                         2      1        7
  MONTH TO DATE    4                        15    -11       22
  SINCE SEP 1      4                        15    -11       22
  SINCE JUL 1      9                        32    -23       25

 COOLING
  YESTERDAY        0                         3     -3        0
  MONTH TO DATE   68                        32     36       28
  SINCE SEP 1     68                        32     36       28
  SINCE JAN 1    665                       636     29      785



WIND (MPH)
  HIGHEST WIND SPEED    10   HIGHEST WIND DIRECTION    SE (120)
  HIGHEST GUST SPEED    14   HIGHEST GUST DIRECTION    SE (130)
  AVERAGE WIND SPEED     3.6


SKY COVER
  AVERAGE SKY COVER 0.6



RELATIVE HUMIDITY (PERCENT)
 HIGHEST    96           600 AM
 LOWEST     57           400 PM
 AVERAGE    77




THE POUGHKEEPSIE NY CLIMATE NORMALS FOR TODAY
                         NORMAL    RECORD    YEAR
 MAXIMUM TEMPERATURE (F)   77        95      1983
 MINIMUM TEMPERATURE (F)   53        34      1956


SUNRISE AND SUNSET
SEPTEMBER 10 2014.....SUNRISE   631 AM EDT   SUNSET   714 PM EDT
SEPTEMBER 11 2014.....SUNRISE   632 AM EDT   SUNSET   712 PM EDT


-  INDICATES NEGATIVE NUMBERS.
R  INDICATES RECORD WAS SET OR TIED.
MM INDICATES DATA IS MISSING.
T  INDICATES TRACE AMOUNT.





RECORDS FOR KPOU DATE BACK TO 1949...
HOWEVER...DATA IS MISSING FROM JANUARY 1993 - JULY 2000.
$$
