000
CDUS41 KALY 200623
CLIPOU


CLIMATE REPORT
NATIONAL WEATHER SERVICE ALBANY NY
122 AM EST SAT DEC 20 2014


...................................

...THE POUGHKEEPSIE NY CLIMATE SUMMARY FOR DECEMBER 19 2014...

CLIMATE NORMAL PERIOD 1981 TO 2010
CLIMATE RECORD PERIOD 1949 TO 2014


WEATHER ITEM   OBSERVED TIME   RECORD YEAR NORMAL DEPARTURE LAST
                VALUE   (LST)  VALUE       VALUE  FROM      YEAR
                                                  NORMAL
..................................................................
TEMPERATURE (F)
 YESTERDAY
  MAXIMUM         38    159 PM  55    1967  39     -1       45
  MINIMUM         25   1129 PM  -4    1989  21      4       22
  AVERAGE         32                        30      2       34

PRECIPITATION (IN)
  YESTERDAY        0.00          0.69 2008   0.11  -0.11     0.00
  MONTH TO DATE    2.62                      2.22   0.40     1.74
  SINCE DEC 1      2.62                      2.22   0.40     1.74
  SINCE JAN 1     33.76                     45.22 -11.46    38.32

DEGREE DAYS
 HEATING
  YESTERDAY       33                        35     -2       31
  MONTH TO DATE  566                       606    -40      666
  SINCE DEC 1    566                       606    -40      666
  SINCE JUL 1   1717                      1884   -167     1909

 COOLING
  YESTERDAY        0                         0      0        0
  MONTH TO DATE    0                         0      0        0
  SINCE DEC 1      0                         0      0        0
  SINCE JAN 1    696                       672     24      829
..................................................................


WIND (MPH)
  HIGHEST WIND SPEED    15   HIGHEST WIND DIRECTION     N (20)
  HIGHEST GUST SPEED    17   HIGHEST GUST DIRECTION     N (20)
  AVERAGE WIND SPEED     5.7


SKY COVER
  AVERAGE SKY COVER 0.8



RELATIVE HUMIDITY (PERCENT)
 HIGHEST    75          1100 PM
 LOWEST     52          1000 AM
 AVERAGE    64

..........................................................


THE POUGHKEEPSIE NY CLIMATE NORMALS FOR TODAY
                         NORMAL    RECORD    YEAR
 MAXIMUM TEMPERATURE (F)   39        61      1957
 MINIMUM TEMPERATURE (F)   20        -9      1960


SUNRISE AND SUNSET
DECEMBER 20 2014......SUNRISE   718 AM EST   SUNSET   428 PM EST
DECEMBER 21 2014......SUNRISE   719 AM EST   SUNSET   428 PM EST


-  INDICATES NEGATIVE NUMBERS.
R  INDICATES RECORD WAS SET OR TIED.
MM INDICATES DATA IS MISSING.
T  INDICATES TRACE AMOUNT.





RECORDS FOR KPOU DATE BACK TO 1949...
HOWEVER...DATA IS MISSING FROM JANUARY 1993 - JULY 2000.
$$
