000
CDUS41 KALY 290629
CLIPOU


CLIMATE REPORT
NATIONAL WEATHER SERVICE ALBANY NY
128 AM EST THU DEC 29 2016


...................................

...THE POUGHKEEPSIE NY CLIMATE SUMMARY FOR DECEMBER 28 2016...

CLIMATE NORMAL PERIOD 1981 TO 2010
CLIMATE RECORD PERIOD 1949 TO 2016


WEATHER ITEM   OBSERVED TIME   RECORD YEAR NORMAL DEPARTURE LAST
                VALUE   (LST)  VALUE       VALUE  FROM      YEAR
                                                  NORMAL
..................................................................
TEMPERATURE (F)
 YESTERDAY
  MAXIMUM         39   1219 PM  64    1982  37      2       41
  MINIMUM         24   1155 PM -13    1950  18      6       30
  AVERAGE         32                        27      5       36

PRECIPITATION (IN)
  YESTERDAY        0.00          0.86 1959   0.10  -0.10     0.11
  MONTH TO DATE    2.33                      3.23  -0.90     3.07
  SINCE DEC 1      2.33                      3.23  -0.90     3.07
  SINCE JAN 1     32.85                     46.23 -13.38    28.99

DEGREE DAYS
 HEATING
  YESTERDAY       33                        38     -5       29
  MONTH TO DATE  942                       935      7      551
  SINCE DEC 1    942                       935      7      551
  SINCE JUL 1   2088                      2213   -125     1539

 COOLING
  YESTERDAY        0                         0      0        0
  MONTH TO DATE    0                         0      0        0
  SINCE DEC 1      0                         0      0        0
  SINCE JAN 1   1053                       672    381      964
..................................................................


WIND (MPH)
  HIGHEST WIND SPEED    15   HIGHEST WIND DIRECTION    NW (300)
  HIGHEST GUST SPEED    23   HIGHEST GUST DIRECTION     W (290)
  AVERAGE WIND SPEED     4.0


SKY COVER
  AVERAGE SKY COVER 0.9



RELATIVE HUMIDITY (PERCENT)
 HIGHEST    92          1200 AM
 LOWEST     48          1100 AM
 AVERAGE    70

..........................................................


THE POUGHKEEPSIE NY CLIMATE NORMALS FOR TODAY
                         NORMAL    RECORD    YEAR
 MAXIMUM TEMPERATURE (F)   36        72      1984
 MINIMUM TEMPERATURE (F)   18        -1      1970


SUNRISE AND SUNSET
DECEMBER 29 2016......SUNRISE   722 AM EST   SUNSET   434 PM EST
DECEMBER 30 2016......SUNRISE   722 AM EST   SUNSET   435 PM EST


-  INDICATES NEGATIVE NUMBERS.
R  INDICATES RECORD WAS SET OR TIED.
MM INDICATES DATA IS MISSING.
T  INDICATES TRACE AMOUNT.




RECORDS FOR KPOU DATE BACK TO 1949...
HOWEVER...DATA IS MISSING FROM JANUARY 1993 - JULY 2000.
$$
