000
CDUS41 KALY 070622
CLIPOU


CLIMATE REPORT
NATIONAL WEATHER SERVICE ALBANY NY
221 AM EDT SUN AUG 7 2016


...................................

...THE POUGHKEEPSIE NY CLIMATE SUMMARY FOR AUGUST 6 2016...

CLIMATE NORMAL PERIOD 1981 TO 2010
CLIMATE RECORD PERIOD 1949 TO 2016


WEATHER ITEM   OBSERVED TIME   RECORD YEAR NORMAL DEPARTURE LAST
                VALUE   (LST)  VALUE       VALUE  FROM      YEAR
                                                  NORMAL
..................................................................
TEMPERATURE (F)
 YESTERDAY
  MAXIMUM         91    339 PM  95    2001  84      7       82
  MINIMUM         66   1159 PM  43    1951  61      5       53
  AVERAGE         79                        72      7       68

PRECIPITATION (IN)
  YESTERDAY        0.00          2.52 1990   0.15  -0.15     0.00
  MONTH TO DATE    0.58                      0.94  -0.36     0.04
  SINCE JUN 1      8.54                     10.02  -1.48     6.12
  SINCE JAN 1     20.70                     27.52  -6.82    16.79

DEGREE DAYS
 HEATING
  YESTERDAY        0                         0      0        0
  MONTH TO DATE    0                         0      0        0
  SINCE JUN 1      8                        54    -46       46
  SINCE JUL 1      0                         5     -5        0

 COOLING
  YESTERDAY       14                         8      6        3
  MONTH TO DATE   50                        48      2       56
  SINCE JUN 1    585                       415    170      474
  SINCE JAN 1    666                       451    215      587
..................................................................


WIND (MPH)
  HIGHEST WIND SPEED    15   HIGHEST WIND DIRECTION    NW (330)
  HIGHEST GUST SPEED    18   HIGHEST GUST DIRECTION    SW (240)
  AVERAGE WIND SPEED     4.6


SKY COVER
  AVERAGE SKY COVER 0.4



RELATIVE HUMIDITY (PERCENT)
 HIGHEST    84           100 AM
 LOWEST     43           600 PM
 AVERAGE    64

..........................................................


THE POUGHKEEPSIE NY CLIMATE NORMALS FOR TODAY
                         NORMAL    RECORD    YEAR
 MAXIMUM TEMPERATURE (F)   84        97      2001
 MINIMUM TEMPERATURE (F)   61        46      1964


SUNRISE AND SUNSET
AUGUST  7 2016........SUNRISE   556 AM EDT   SUNSET   805 PM EDT
AUGUST  8 2016........SUNRISE   557 AM EDT   SUNSET   804 PM EDT


-  INDICATES NEGATIVE NUMBERS.
R  INDICATES RECORD WAS SET OR TIED.
MM INDICATES DATA IS MISSING.
T  INDICATES TRACE AMOUNT.




RECORDS FOR KPOU DATE BACK TO 1949...
HOWEVER...DATA IS MISSING FROM JANUARY 1993 - JULY 2000.
$$
