000
CDUS41 KALY 172053
CLIPOU


CLIMATE REPORT
NATIONAL WEATHER SERVICE ALBANY NY
452 PM EDT FRI OCT 17 2014


...................................

...THE POUGHKEEPSIE NY CLIMATE SUMMARY FOR OCTOBER 17 2014...
VALID TODAY AS OF 0400 PM LOCAL TIME.

CLIMATE NORMAL PERIOD 1981 TO 2010
CLIMATE RECORD PERIOD 1949 TO 2014


WEATHER ITEM   OBSERVED TIME   RECORD YEAR NORMAL DEPARTURE LAST
                VALUE   (LST)  VALUE       VALUE  FROM      YEAR
                                                  NORMAL
..................................................................
TEMPERATURE (F)
 TODAY
  MAXIMUM         73    345 PM  82    1956  63     10       75
  MINIMUM         52   1242 AM  25    1978  38     14       60
  AVERAGE         63                        50     13       68

PRECIPITATION (IN)
  TODAY            0.00          0.84 1977   0.14  -0.14      T
  MONTH TO DATE    2.37                      2.54  -0.17     1.27
  SINCE SEP 1      2.89                      6.82  -3.93     3.59
  SINCE JAN 1     27.56                     37.60 -10.04    33.81

DEGREE DAYS
 HEATING
  TODAY            2                        15    -13        0
  MONTH TO DATE  115                       201    -86       91
  SINCE SEP 1    204                       324   -120      231
  SINCE JUL 1    209                       341   -132      234

 COOLING
  TODAY            0                         0      0        3
  MONTH TO DATE   13                         0     13        8
  SINCE SEP 1     99                        64     35       72
  SINCE JAN 1    696                       668     28      829
..................................................................


WIND (MPH)
  HIGHEST WIND SPEED    13   HIGHEST WIND DIRECTION     W (250)
  HIGHEST GUST SPEED    18   HIGHEST GUST DIRECTION    SW (210)
  AVERAGE WIND SPEED     5.2


SKY COVER
  AVERAGE SKY COVER 0.4



RELATIVE HUMIDITY (PERCENT)
 HIGHEST    93          1200 AM
 LOWEST     41           300 PM
 AVERAGE    67

..........................................................


THE POUGHKEEPSIE NY CLIMATE NORMALS FOR TOMORROW
                         NORMAL    RECORD    YEAR
 MAXIMUM TEMPERATURE (F)   62        82      1963
 MINIMUM TEMPERATURE (F)   38        21      1978


SUNRISE AND SUNSET
OCTOBER 17 2014.......SUNRISE   710 AM EDT   SUNSET   611 PM EDT
OCTOBER 18 2014.......SUNRISE   711 AM EDT   SUNSET   610 PM EDT


-  INDICATES NEGATIVE NUMBERS.
R  INDICATES RECORD WAS SET OR TIED.
MM INDICATES DATA IS MISSING.
T  INDICATES TRACE AMOUNT.






RECORDS FOR KPOU DATE BACK TO 1949...
HOWEVER...DATA IS MISSING FROM JANUARY 1993 - JULY 2000.
$$
