050
CDUS41 KALY 202150
CLIPOU


CLIMATE REPORT
NATIONAL WEATHER SERVICE ALBANY NY
449 PM EST MON NOV 20 2017


...................................

...THE POUGHKEEPSIE NY CLIMATE SUMMARY FOR NOVEMBER 20 2017...
VALID TODAY AS OF 0400 PM LOCAL TIME.

CLIMATE NORMAL PERIOD 1981 TO 2010
CLIMATE RECORD PERIOD 1949 TO 2017


WEATHER ITEM   OBSERVED TIME   RECORD YEAR NORMAL DEPARTURE LAST
                VALUE   (LST)  VALUE       VALUE  FROM      YEAR
                                                  NORMAL
..................................................................
TEMPERATURE (F)
 TODAY
  MAXIMUM         43    228 PM  72    1985  51     -8       44
  MINIMUM         33    718 AM  11    1986  30      3       31
  AVERAGE         38                        40     -2       38

PRECIPITATION (IN)
  TODAY            0.00          2.88 1988   0.12  -0.12     0.86
  MONTH TO DATE    0.70                      2.28  -1.58     2.71
  SINCE SEP 1      6.32                     11.03  -4.71     6.18
  SINCE JAN 1     35.42                     41.81  -6.39    28.50

DEGREE DAYS
 HEATING
  TODAY           27                        25      2       27
  MONTH TO DATE  479                       435     44      415
  SINCE SEP 1    796                       994   -198      875
  SINCE JUL 1    816                      1011   -195      877

 COOLING
  TODAY            0                         0      0        0
  MONTH TO DATE    0                         0      0        0
  SINCE SEP 1    144                        68     76      111
  SINCE JAN 1    718                       672     46     1053
..................................................................


WIND (MPH)
  HIGHEST WIND SPEED    20   HIGHEST WIND DIRECTION     W (270)
  HIGHEST GUST SPEED    33   HIGHEST GUST DIRECTION    NW (300)
  AVERAGE WIND SPEED    11.8


SKY COVER
  AVERAGE SKY COVER 0.5



RELATIVE HUMIDITY (PERCENT)
 HIGHEST    64          1200 AM
 LOWEST     39           100 PM
 AVERAGE    52

..........................................................


THE POUGHKEEPSIE NY CLIMATE NORMALS FOR TOMORROW
                         NORMAL    RECORD    YEAR
 MAXIMUM TEMPERATURE (F)   50        65      1991
                                             1956
 MINIMUM TEMPERATURE (F)   30        11      1951


SUNRISE AND SUNSET
NOVEMBER 20 2017......SUNRISE   651 AM EST   SUNSET   431 PM EST
NOVEMBER 21 2017......SUNRISE   652 AM EST   SUNSET   431 PM EST


-  INDICATES NEGATIVE NUMBERS.
R  INDICATES RECORD WAS SET OR TIED.
MM INDICATES DATA IS MISSING.
T  INDICATES TRACE AMOUNT.




RECORDS FOR KPOU DATE BACK TO 1949...
HOWEVER...DATA IS MISSING FROM JANUARY 1993 - JULY 2000.
$$
