606
CDUS41 KALY 122151
CLIPOU


CLIMATE REPORT
NATIONAL WEATHER SERVICE ALBANY NY
450 PM EST FRI FEB 12 2016


...................................

...THE POUGHKEEPSIE NY CLIMATE SUMMARY FOR FEBRUARY 12 2016...
VALID TODAY AS OF 0400 PM LOCAL TIME.

CLIMATE NORMAL PERIOD 1981 TO 2010
CLIMATE RECORD PERIOD 1949 TO 2016


WEATHER ITEM   OBSERVED TIME   RECORD YEAR NORMAL DEPARTURE LAST
                VALUE   (LST)  VALUE       VALUE  FROM      YEAR
                                                  NORMAL
..................................................................
TEMPERATURE (F)
 TODAY
  MAXIMUM         28    308 PM  51    1966  39    -11       38
  MINIMUM          9    401 AM -15    1979  17     -8       15
  AVERAGE         19                        28     -9       27

PRECIPITATION (IN)
  TODAY            0.00          1.22 1985   0.10  -0.10     0.03
  MONTH TO DATE    0.68                      1.12  -0.44     1.00
  SINCE DEC 1      5.79                      7.73  -1.94     6.94
  SINCE JAN 1      1.89                      4.20  -2.31     3.94

DEGREE DAYS
 HEATING
  TODAY           46                        37      9       38
  MONTH TO DATE  363                       455    -92      540
  SINCE DEC 1   2027                      2729   -702     2700
  SINCE JUL 1   3015                      4007   -992     3851

 COOLING
  TODAY            0                         0      0        0
  MONTH TO DATE    0                         0      0        0
  SINCE DEC 1      0                         0      0        0
  SINCE JAN 1      0                         0      0        0
..................................................................


WIND (MPH)
  HIGHEST WIND SPEED    13   HIGHEST WIND DIRECTION    SW (220)
  HIGHEST GUST SPEED    16   HIGHEST GUST DIRECTION    SW (230)
  AVERAGE WIND SPEED     5.5


SKY COVER
  AVERAGE SKY COVER 0.1



RELATIVE HUMIDITY (PERCENT)
 HIGHEST    66           300 AM
 LOWEST     32           100 PM
 AVERAGE    49

..........................................................


THE POUGHKEEPSIE NY CLIMATE NORMALS FOR TOMORROW
                         NORMAL    RECORD    YEAR
 MAXIMUM TEMPERATURE (F)   39        60      1951
 MINIMUM TEMPERATURE (F)   17       -19      1967


SUNRISE AND SUNSET
FEBRUARY 12 2016......SUNRISE   655 AM EST   SUNSET   525 PM EST
FEBRUARY 13 2016......SUNRISE   654 AM EST   SUNSET   526 PM EST


-  INDICATES NEGATIVE NUMBERS.
R  INDICATES RECORD WAS SET OR TIED.
MM INDICATES DATA IS MISSING.
T  INDICATES TRACE AMOUNT.




RECORDS FOR KPOU DATE BACK TO 1949...
HOWEVER...DATA IS MISSING FROM JANUARY 1993 - JULY 2000.
$$
