260
CDUS41 KALY 270623
CLIPOU


CLIMATE REPORT
NATIONAL WEATHER SERVICE ALBANY NY
222 AM EDT MON MAR 27 2017


...................................

...THE POUGHKEEPSIE NY CLIMATE SUMMARY FOR MARCH 26 2017...

CLIMATE NORMAL PERIOD 1981 TO 2010
CLIMATE RECORD PERIOD 1949 TO 2017


WEATHER ITEM   OBSERVED TIME   RECORD YEAR NORMAL DEPARTURE LAST
                VALUE   (LST)  VALUE       VALUE  FROM      YEAR
                                                  NORMAL
..................................................................
TEMPERATURE (F)
 YESTERDAY
  MAXIMUM         38    837 PM  73    1963  52    -14       55
  MINIMUM         32    843 AM  14    1960  29      3       35
  AVERAGE         35                        40     -5       45

PRECIPITATION (IN)
  YESTERDAY        0.10          0.92 1973   0.12  -0.02     0.00
  MONTH TO DATE    1.21                      2.98  -1.77     0.75
  SINCE MAR 1      1.21                      2.98  -1.77     0.75
  SINCE JAN 1      6.08                      8.72  -2.64     6.43

DEGREE DAYS
 HEATING
  YESTERDAY       30                        25      5       20
  MONTH TO DATE  870                       757    113      503
  SINCE MAR 1    870                       757    113      503
  SINCE JUL 1   4912                      5328   -416     4035

 COOLING
  YESTERDAY        0                         0      0        0
  MONTH TO DATE    0                         0      0        0
  SINCE MAR 1      0                         0      0        0
  SINCE JAN 1      0                         0      0        0
..................................................................


WIND (MPH)
  HIGHEST WIND SPEED    10   HIGHEST WIND DIRECTION    SE (140)
  HIGHEST GUST SPEED    14   HIGHEST GUST DIRECTION    SE (120)
  AVERAGE WIND SPEED     4.9


SKY COVER
  AVERAGE SKY COVER 1.0



RELATIVE HUMIDITY (PERCENT)
 HIGHEST    92           700 AM
 LOWEST     70          1200 PM
 AVERAGE    81

..........................................................


THE POUGHKEEPSIE NY CLIMATE NORMALS FOR TODAY
                         NORMAL    RECORD    YEAR
 MAXIMUM TEMPERATURE (F)   52        77      1949
 MINIMUM TEMPERATURE (F)   30        12      2001


SUNRISE AND SUNSET
MARCH 27 2017.........SUNRISE   647 AM EDT   SUNSET   716 PM EDT
MARCH 28 2017.........SUNRISE   645 AM EDT   SUNSET   717 PM EDT


-  INDICATES NEGATIVE NUMBERS.
R  INDICATES RECORD WAS SET OR TIED.
MM INDICATES DATA IS MISSING.
T  INDICATES TRACE AMOUNT.




RECORDS FOR KPOU DATE BACK TO 1949...
HOWEVER...DATA IS MISSING FROM JANUARY 1993 - JULY 2000.
$$
