000
CDUS41 KALY 030624
CLIPOU


CLIMATE REPORT
NATIONAL WEATHER SERVICE ALBANY NY
223 AM EDT MON AUG 3 2015


...................................

...THE POUGHKEEPSIE NY CLIMATE SUMMARY FOR AUGUST 2 2015...

CLIMATE NORMAL PERIOD 1981 TO 2010
CLIMATE RECORD PERIOD 1949 TO 2015


WEATHER ITEM   OBSERVED TIME   RECORD YEAR NORMAL DEPARTURE LAST
                VALUE   (LST)  VALUE       VALUE  FROM      YEAR
                                                  NORMAL
..................................................................
TEMPERATURE (F)
 YESTERDAY
  MAXIMUM         89    355 PM  99    2006  84      5       77
  MINIMUM         58    529 AM  48    1985  61     -3       63
  AVERAGE         74                        73      1       70

PRECIPITATION (IN)
  YESTERDAY        0.00          1.33 1986   0.16  -0.16      T
  MONTH TO DATE    0.00                      0.32  -0.32     0.75
  SINCE JUN 1      6.08                      9.40  -3.32     8.01
  SINCE JAN 1     16.75                     26.90 -10.15    22.04

DEGREE DAYS
 HEATING
  YESTERDAY        0                         0      0        0
  MONTH TO DATE    0                         0      0        0
  SINCE JUN 1     46                        54     -8        7
  SINCE JUL 1      0                         5     -5        0

 COOLING
  YESTERDAY        9                         8      1        5
  MONTH TO DATE   20                        16      4       14
  SINCE JUN 1    438                       383     55      417
  SINCE JAN 1    551                       419    132      450
..................................................................


WIND (MPH)
  HIGHEST WIND SPEED    18   HIGHEST WIND DIRECTION    SW (240)
  HIGHEST GUST SPEED    25   HIGHEST GUST DIRECTION    SW (230)
  AVERAGE WIND SPEED     3.8


SKY COVER
  AVERAGE SKY COVER 0.1



RELATIVE HUMIDITY (PERCENT)
 HIGHEST    90           100 AM
 LOWEST     29           100 PM
 AVERAGE    60

..........................................................


THE POUGHKEEPSIE NY CLIMATE NORMALS FOR TODAY
                         NORMAL    RECORD    YEAR
 MAXIMUM TEMPERATURE (F)   84        97      2006
 MINIMUM TEMPERATURE (F)   61        45      1959


SUNRISE AND SUNSET
AUGUST  3 2015........SUNRISE   552 AM EDT   SUNSET   811 PM EDT
AUGUST  4 2015........SUNRISE   553 AM EDT   SUNSET   810 PM EDT


-  INDICATES NEGATIVE NUMBERS.
R  INDICATES RECORD WAS SET OR TIED.
MM INDICATES DATA IS MISSING.
T  INDICATES TRACE AMOUNT.




RECORDS FOR KPOU DATE BACK TO 1949...
HOWEVER...DATA IS MISSING FROM JANUARY 1993 - JULY 2000.
$$
