000
CDUS41 KALY 070624
CLIPOU


CLIMATE REPORT
NATIONAL WEATHER SERVICE ALBANY NY
224 AM EDT TUE JUL 7 2015


...................................

...THE POUGHKEEPSIE NY CLIMATE SUMMARY FOR JULY 6 2015...

CLIMATE NORMAL PERIOD 1981 TO 2010
CLIMATE RECORD PERIOD 1949 TO 2015


WEATHER ITEM   OBSERVED TIME   RECORD YEAR NORMAL DEPARTURE LAST
                VALUE   (LST)  VALUE       VALUE  FROM      YEAR
                                                  NORMAL
..................................................................
TEMPERATURE (F)
 YESTERDAY
  MAXIMUM         85    232 PM 102    2010  84      1       85
  MINIMUM         59    459 AM  44    1979  60     -1       55
  AVERAGE         72                        72      0       70

PRECIPITATION (IN)
  YESTERDAY        0.00          0.92 1984   0.13  -0.13     0.00
  MONTH TO DATE    0.45                      0.79  -0.34     1.53
  SINCE JUN 1      4.58                      5.22  -0.64     3.82
  SINCE JAN 1     15.25                     22.72  -7.47    17.85

DEGREE DAYS
 HEATING
  YESTERDAY        0                         0      0        0
  MONTH TO DATE    0                         0      0        0
  SINCE JUN 1     46                        49     -3        7
  SINCE JUL 1      0                         0      0        0

 COOLING
  YESTERDAY        7                         7      0        5
  MONTH TO DATE   27                        42    -15       57
  SINCE JUN 1    160                       169     -9      195
  SINCE JAN 1    273                       205     68      228
..................................................................


WIND (MPH)
  HIGHEST WIND SPEED    10   HIGHEST WIND DIRECTION    SE (130)
  HIGHEST GUST SPEED    14   HIGHEST GUST DIRECTION    SE (120)
  AVERAGE WIND SPEED     2.0


SKY COVER
  AVERAGE SKY COVER 0.2



RELATIVE HUMIDITY (PERCENT)
 HIGHEST    93          1200 AM
 LOWEST     58          1100 AM
 AVERAGE    76

..........................................................


THE POUGHKEEPSIE NY CLIMATE NORMALS FOR TODAY
                         NORMAL    RECORD    YEAR
 MAXIMUM TEMPERATURE (F)   84       101      2010
 MINIMUM TEMPERATURE (F)   60        44      1979


SUNRISE AND SUNSET
JULY  7 2015..........SUNRISE   528 AM EDT   SUNSET   832 PM EDT
JULY  8 2015..........SUNRISE   529 AM EDT   SUNSET   832 PM EDT


-  INDICATES NEGATIVE NUMBERS.
R  INDICATES RECORD WAS SET OR TIED.
MM INDICATES DATA IS MISSING.
T  INDICATES TRACE AMOUNT.




RECORDS FOR KPOU DATE BACK TO 1949...
HOWEVER...DATA IS MISSING FROM JANUARY 1993 - JULY 2000.
$$
