000
CDUS41 KALY 290636
CLIPOU


CLIMATE REPORT
NATIONAL WEATHER SERVICE ALBANY NY
235 AM EDT MON MAY 29 2017


...................................

...THE POUGHKEEPSIE NY CLIMATE SUMMARY FOR MAY 28 2017...

CLIMATE NORMAL PERIOD 1981 TO 2010
CLIMATE RECORD PERIOD 1949 TO 2017


WEATHER ITEM   OBSERVED TIME   RECORD YEAR NORMAL DEPARTURE LAST
                VALUE   (LST)  VALUE       VALUE  FROM      YEAR
                                                  NORMAL
..................................................................
TEMPERATURE (F)
 YESTERDAY
  MAXIMUM         73   1250 PM  94    2016  75     -2       94
  MINIMUM         56   1159 PM  32    1949  50      6       66
  AVERAGE         65                        62      3       80

PRECIPITATION (IN)
  YESTERDAY        0.00          1.13 1984   0.15  -0.15     0.00
  MONTH TO DATE    3.59                      3.94  -0.35     2.82
  SINCE MAR 1     11.28                     11.29  -0.01     6.09
  SINCE JAN 1     16.15                     17.03  -0.88    11.77

DEGREE DAYS
 HEATING
  YESTERDAY        0                         4     -4        0
  MONTH TO DATE  245                       211     34      184
  SINCE MAR 1   1607                      1579     28     1237
  SINCE JUL 1   5649                      6150   -501     4769

 COOLING
  YESTERDAY        0                         2     -2       15
  MONTH TO DATE   29                        26      3       41
  SINCE MAR 1     46                        31     15       45
  SINCE JAN 1     46                        31     15       45
..................................................................


WIND (MPH)
  HIGHEST WIND SPEED    12   HIGHEST WIND DIRECTION    SE (150)
  HIGHEST GUST SPEED    16   HIGHEST GUST DIRECTION    SE (140)
  AVERAGE WIND SPEED     4.1


SKY COVER
  AVERAGE SKY COVER 0.8



RELATIVE HUMIDITY (PERCENT)
 HIGHEST    90           100 AM
 LOWEST     60           800 PM
 AVERAGE    75

..........................................................


THE POUGHKEEPSIE NY CLIMATE NORMALS FOR TODAY
                         NORMAL    RECORD    YEAR
 MAXIMUM TEMPERATURE (F)   75        96      1969
 MINIMUM TEMPERATURE (F)   51        35      2008
                                             1953


SUNRISE AND SUNSET
MAY 29 2017...........SUNRISE   525 AM EDT   SUNSET   821 PM EDT
MAY 30 2017...........SUNRISE   525 AM EDT   SUNSET   822 PM EDT


-  INDICATES NEGATIVE NUMBERS.
R  INDICATES RECORD WAS SET OR TIED.
MM INDICATES DATA IS MISSING.
T  INDICATES TRACE AMOUNT.




RECORDS FOR KPOU DATE BACK TO 1949...
HOWEVER...DATA IS MISSING FROM JANUARY 1993 - JULY 2000.
$$
