000
CDUS41 KALY 080629
CLIPOU


CLIMATE REPORT
NATIONAL WEATHER SERVICE ALBANY NY
228 AM EDT SUN MAY 8 2016


...................................

...THE POUGHKEEPSIE NY CLIMATE SUMMARY FOR MAY 7 2016...

CLIMATE NORMAL PERIOD 1981 TO 2010
CLIMATE RECORD PERIOD 1949 TO 2016


WEATHER ITEM   OBSERVED TIME   RECORD YEAR NORMAL DEPARTURE LAST
                VALUE   (LST)  VALUE       VALUE  FROM      YEAR
                                                  NORMAL
..................................................................
TEMPERATURE (F)
 YESTERDAY
  MAXIMUM         60    139 PM  87    1959  69     -9       84
  MINIMUM         51   1156 PM  30    1968  44      7       43
  AVERAGE         56                        56      0       64

PRECIPITATION (IN)
  YESTERDAY        0.07          0.85 1967   0.13  -0.06     0.00
  MONTH TO DATE    1.94                      0.88   1.06     0.02
  SINCE MAR 1      5.21                      8.23  -3.02     4.42
  SINCE JAN 1     10.89                     13.97  -3.08     8.72

DEGREE DAYS
 HEATING
  YESTERDAY        9                         9      0        1
  MONTH TO DATE   84                        71     13       25
  SINCE MAR 1   1137                      1439   -302     1491
  SINCE JUL 1   4669                      6010  -1341     6176

 COOLING
  YESTERDAY        0                         1     -1        0
  MONTH TO DATE    0                         1     -1        9
  SINCE MAR 1      4                         6     -2        9
  SINCE JAN 1      4                         6     -2        9
..................................................................


WIND (MPH)
  HIGHEST WIND SPEED    10   HIGHEST WIND DIRECTION     E (100)
  HIGHEST GUST SPEED    12   HIGHEST GUST DIRECTION     E (90)
  AVERAGE WIND SPEED     3.6


SKY COVER
  AVERAGE SKY COVER 0.9



RELATIVE HUMIDITY (PERCENT)
 HIGHEST    89           200 AM
 LOWEST     72           600 PM
 AVERAGE    81

..........................................................


THE POUGHKEEPSIE NY CLIMATE NORMALS FOR TODAY
                         NORMAL    RECORD    YEAR
 MAXIMUM TEMPERATURE (F)   69        89      2015
 MINIMUM TEMPERATURE (F)   44        30      1981


SUNRISE AND SUNSET
MAY  8 2016...........SUNRISE   543 AM EDT   SUNSET   802 PM EDT
MAY  9 2016...........SUNRISE   542 AM EDT   SUNSET   803 PM EDT


-  INDICATES NEGATIVE NUMBERS.
R  INDICATES RECORD WAS SET OR TIED.
MM INDICATES DATA IS MISSING.
T  INDICATES TRACE AMOUNT.




RECORDS FOR KPOU DATE BACK TO 1949...
HOWEVER...DATA IS MISSING FROM JANUARY 1993 - JULY 2000.
$$
