000
CDUS41 KALY 280626
CLIPOU


CLIMATE REPORT
NATIONAL WEATHER SERVICE ALBANY NY
125 AM EST THU DEC 28 2017


...................................

...THE POUGHKEEPSIE NY CLIMATE SUMMARY FOR DECEMBER 27 2017...

CLIMATE NORMAL PERIOD 1981 TO 2010
CLIMATE RECORD PERIOD 1949 TO 2017


WEATHER ITEM   OBSERVED TIME   RECORD YEAR NORMAL DEPARTURE LAST
                VALUE   (LST)  VALUE       VALUE  FROM      YEAR
                                                  NORMAL
..................................................................
TEMPERATURE (F)
 YESTERDAY
  MAXIMUM         22    400 PM  61    1949  37    -15       55
  MINIMUM          4    804 AM -23    1950  18    -14       25
  AVERAGE         13                        28    -15       40

PRECIPITATION (IN)
  YESTERDAY        0.00          0.81 1949   0.10  -0.10     0.00
  MONTH TO DATE    1.55                      3.13  -1.58     2.33
  SINCE DEC 1      1.55                      3.13  -1.58     2.33
  SINCE JAN 1     37.09                     46.13  -9.04    32.85

DEGREE DAYS
 HEATING
  YESTERDAY       52                        37     15       25
  MONTH TO DATE  923                       897     26      909
  SINCE DEC 1    923                       897     26      909
  SINCE JUL 1   2006                      2175   -169     2055

 COOLING
  YESTERDAY        0                         0      0        0
  MONTH TO DATE    0                         0      0        0
  SINCE DEC 1      0                         0      0        0
  SINCE JAN 1    718                       672     46     1053
..................................................................


WIND (MPH)
  HIGHEST WIND SPEED    18   HIGHEST WIND DIRECTION     W (260)
  HIGHEST GUST SPEED    24   HIGHEST GUST DIRECTION     W (270)
  AVERAGE WIND SPEED     5.8


SKY COVER
  AVERAGE SKY COVER 0.1



RELATIVE HUMIDITY (PERCENT)
 HIGHEST    87           800 AM
 LOWEST     36           200 PM
 AVERAGE    62

..........................................................


THE POUGHKEEPSIE NY CLIMATE NORMALS FOR TODAY
                         NORMAL    RECORD    YEAR
 MAXIMUM TEMPERATURE (F)   37        64      1982
 MINIMUM TEMPERATURE (F)   18       -13      1950


SUNRISE AND SUNSET
DECEMBER 28 2017......SUNRISE   722 AM EST   SUNSET   433 PM EST
DECEMBER 29 2017......SUNRISE   722 AM EST   SUNSET   434 PM EST


-  INDICATES NEGATIVE NUMBERS.
R  INDICATES RECORD WAS SET OR TIED.
MM INDICATES DATA IS MISSING.
T  INDICATES TRACE AMOUNT.




RECORDS FOR KPOU DATE BACK TO 1949...
HOWEVER...DATA IS MISSING FROM JANUARY 1993 - JULY 2000.
$$
