000
CDUS41 KALY 040629
CLIPOU


CLIMATE REPORT
NATIONAL WEATHER SERVICE ALBANY NY
127 AM EST SAT FEB 4 2017


...................................

...THE POUGHKEEPSIE NY CLIMATE SUMMARY FOR FEBRUARY 3 2017...

CLIMATE NORMAL PERIOD 1981 TO 2010
CLIMATE RECORD PERIOD 1949 TO 2017


WEATHER ITEM   OBSERVED TIME   RECORD YEAR NORMAL DEPARTURE LAST
                VALUE   (LST)  VALUE       VALUE  FROM      YEAR
                                                  NORMAL
..................................................................
TEMPERATURE (F)
 YESTERDAY
  MAXIMUM         31    337 PM  63    2016  37     -6       63
  MINIMUM         14    618 AM -15    1961  16     -2       29
  AVERAGE         23                        26     -3       46

PRECIPITATION (IN)
  YESTERDAY        0.00          1.83 1982   0.09  -0.09     0.61
  MONTH TO DATE    T                         0.28  -0.28     0.61
  SINCE DEC 1      5.57                      6.89  -1.32     5.72
  SINCE JAN 1      2.97                      3.36  -0.39     1.82

DEGREE DAYS
 HEATING
  YESTERDAY       42                        38      4       19
  MONTH TO DATE  114                       116     -2       66
  SINCE DEC 1   2164                      2390   -226     1730
  SINCE JUL 1   3310                      3668   -358     2718

 COOLING
  YESTERDAY        0                         0      0        0
  MONTH TO DATE    0                         0      0        0
  SINCE DEC 1      0                         0      0        0
  SINCE JAN 1      0                         0      0        0
..................................................................


WIND (MPH)
  HIGHEST WIND SPEED    20   HIGHEST WIND DIRECTION     W (270)
  HIGHEST GUST SPEED    26   HIGHEST GUST DIRECTION     W (290)
  AVERAGE WIND SPEED     8.0


SKY COVER
  AVERAGE SKY COVER 0.2



RELATIVE HUMIDITY (PERCENT)
 HIGHEST    80           700 AM
 LOWEST     39           400 PM
 AVERAGE    60

..........................................................


THE POUGHKEEPSIE NY CLIMATE NORMALS FOR TODAY
                         NORMAL    RECORD    YEAR
 MAXIMUM TEMPERATURE (F)   37        62      1991
 MINIMUM TEMPERATURE (F)   16       -10      1985


SUNRISE AND SUNSET
FEBRUARY  4 2017......SUNRISE   704 AM EST   SUNSET   515 PM EST
FEBRUARY  5 2017......SUNRISE   703 AM EST   SUNSET   517 PM EST


-  INDICATES NEGATIVE NUMBERS.
R  INDICATES RECORD WAS SET OR TIED.
MM INDICATES DATA IS MISSING.
T  INDICATES TRACE AMOUNT.




RECORDS FOR KPOU DATE BACK TO 1949...
HOWEVER...DATA IS MISSING FROM JANUARY 1993 - JULY 2000.
$$
