000
CDUS41 KALY 100625
CLIPOU


CLIMATE REPORT
NATIONAL WEATHER SERVICE ALBANY NY
224 AM EDT WED MAY 10 2017


...................................

...THE POUGHKEEPSIE NY CLIMATE SUMMARY FOR MAY 9 2017...

CLIMATE NORMAL PERIOD 1981 TO 2010
CLIMATE RECORD PERIOD 1949 TO 2017


WEATHER ITEM   OBSERVED TIME   RECORD YEAR NORMAL DEPARTURE LAST
                VALUE   (LST)  VALUE       VALUE  FROM      YEAR
                                                  NORMAL
..................................................................
TEMPERATURE (F)
 YESTERDAY
  MAXIMUM         56    328 PM  92    1979  70    -14       72
  MINIMUM         35    437 AM  27    1956  44     -9       42
                                      1950
  AVERAGE         46                        57    -11       57

PRECIPITATION (IN)
  YESTERDAY        0.00          1.34 1969   0.13  -0.13     0.00
  MONTH TO DATE    0.33                      1.14  -0.81     2.02
  SINCE MAR 1      8.02                      8.49  -0.47     5.29
  SINCE JAN 1     12.89                     14.23  -1.34    10.97

DEGREE DAYS
 HEATING
  YESTERDAY       19                         9     10        8
  MONTH TO DATE  111                        89     22      102
  SINCE MAR 1   1473                      1457     16     1155
  SINCE JUL 1   5515                      6028   -513     4687

 COOLING
  YESTERDAY        0                         1     -1        0
  MONTH TO DATE    0                         3     -3        0
  SINCE MAR 1     17                         8      9        4
  SINCE JAN 1     17                         8      9        4
..................................................................


WIND (MPH)
  HIGHEST WIND SPEED    14   HIGHEST WIND DIRECTION    NE (30)
  HIGHEST GUST SPEED    17   HIGHEST GUST DIRECTION    NE (40)
  AVERAGE WIND SPEED     4.1


SKY COVER
  AVERAGE SKY COVER 0.8



RELATIVE HUMIDITY (PERCENT)
 HIGHEST    92           200 AM
 LOWEST     41           200 PM
 AVERAGE    67

..........................................................


THE POUGHKEEPSIE NY CLIMATE NORMALS FOR TODAY
                         NORMAL    RECORD    YEAR
 MAXIMUM TEMPERATURE (F)   70        93      1979
 MINIMUM TEMPERATURE (F)   44        26      1947


SUNRISE AND SUNSET
MAY 10 2017...........SUNRISE   541 AM EDT   SUNSET   803 PM EDT
MAY 11 2017...........SUNRISE   540 AM EDT   SUNSET   804 PM EDT


-  INDICATES NEGATIVE NUMBERS.
R  INDICATES RECORD WAS SET OR TIED.
MM INDICATES DATA IS MISSING.
T  INDICATES TRACE AMOUNT.




RECORDS FOR KPOU DATE BACK TO 1949...
HOWEVER...DATA IS MISSING FROM JANUARY 1993 - JULY 2000.
$$
