000
CDUS41 KALY 192155
CLIPOU


CLIMATE REPORT
NATIONAL WEATHER SERVICE ALBANY NY
455 PM EST WED NOV 19 2014


...................................

...THE POUGHKEEPSIE NY CLIMATE SUMMARY FOR NOVEMBER 19 2014...
VALID TODAY AS OF 0400 PM LOCAL TIME.

CLIMATE NORMAL PERIOD 1981 TO 2010
CLIMATE RECORD PERIOD 1949 TO 2014


WEATHER ITEM   OBSERVED TIME   RECORD YEAR NORMAL DEPARTURE LAST
                VALUE   (LST)  VALUE       VALUE  FROM      YEAR
                                                  NORMAL
..................................................................
TEMPERATURE (F)
 TODAY
  MAXIMUM         32        MM  67    1991  51    -19       48
  MINIMUM         21        MM  16    1986  30     -9       28
  AVERAGE         27                        41    -14       38

PRECIPITATION (IN)
  TODAY            0.00          1.05 2003   0.12  -0.12     0.00
  MONTH TO DATE    1.07                      2.16  -1.09     0.67
  SINCE SEP 1      5.35                     10.91  -5.56     4.60
  SINCE JAN 1     30.02                     41.69 -11.67    34.82

DEGREE DAYS
 HEATING
  TODAY           38                        24     14       27
  MONTH TO DATE  440                       410     30      400
  SINCE SEP 1    844                       969   -125      885
  SINCE JUL 1    849                       986   -137      888

 COOLING
  TODAY            0                         0      0        0
  MONTH TO DATE    0                         0      0        0
  SINCE SEP 1     99                        68     31       72
  SINCE JAN 1    696                       672     24      829
..................................................................


WIND (MPH)
  HIGHEST WIND SPEED    14   HIGHEST WIND DIRECTION    SW (240)
  HIGHEST GUST SPEED    18   HIGHEST GUST DIRECTION    SW (240)
  AVERAGE WIND SPEED     9.7


SKY COVER
  AVERAGE SKY COVER 0.0



RELATIVE HUMIDITY (PERCENT)
 HIGHEST    52           700 AM
 LOWEST     29           400 PM
 AVERAGE    41

..........................................................


THE POUGHKEEPSIE NY CLIMATE NORMALS FOR TOMORROW
                         NORMAL    RECORD    YEAR
 MAXIMUM TEMPERATURE (F)   51        72      1985
 MINIMUM TEMPERATURE (F)   30        11      1986


SUNRISE AND SUNSET
NOVEMBER 19 2014......SUNRISE   649 AM EST   SUNSET   432 PM EST
NOVEMBER 20 2014......SUNRISE   650 AM EST   SUNSET   432 PM EST


-  INDICATES NEGATIVE NUMBERS.
R  INDICATES RECORD WAS SET OR TIED.
MM INDICATES DATA IS MISSING.
T  INDICATES TRACE AMOUNT.





RECORDS FOR KPOU DATE BACK TO 1949...
HOWEVER...DATA IS MISSING FROM JANUARY 1993 - JULY 2000.
$$
