000
CDUS41 KALY 112048
CLIPOU


CLIMATE REPORT
NATIONAL WEATHER SERVICE ALBANY NY
448 PM EDT MON APR 11 2016


...................................

...THE POUGHKEEPSIE NY CLIMATE SUMMARY FOR APRIL 11 2016...
VALID TODAY AS OF 0400 PM LOCAL TIME.

CLIMATE NORMAL PERIOD 1981 TO 2010
CLIMATE RECORD PERIOD 1949 TO 2016


WEATHER ITEM   OBSERVED TIME   RECORD YEAR NORMAL DEPARTURE LAST
                VALUE   (LST)  VALUE       VALUE  FROM      YEAR
                                                  NORMAL
..................................................................
TEMPERATURE (F)
 TODAY
  MAXIMUM         58    322 PM  83    2011  59     -1       55
  MINIMUM         43    658 AM  21    2007  35      8       32
  AVERAGE         51                        47      4       44

PRECIPITATION (IN)
  TODAY            0.04          1.38 1958   0.13  -0.09     0.00
  MONTH TO DATE    1.02                      1.41  -0.39     1.23
  SINCE MAR 1      2.06                      4.98  -2.92     3.40
  SINCE JAN 1      7.74                     10.72  -2.98     7.70

DEGREE DAYS
 HEATING
  TODAY           14                        18     -4       21
  MONTH TO DATE  254                       220     34      220
  SINCE MAR 1    837                      1094   -257     1221
  SINCE JUL 1   4369                      5665  -1296     5906

 COOLING
  TODAY            0                         0      0        0
  MONTH TO DATE    0                         0      0        0
  SINCE MAR 1      0                         0      0        0
  SINCE JAN 1      0                         0      0        0
..................................................................


WIND (MPH)
  HIGHEST WIND SPEED    13   HIGHEST WIND DIRECTION     S (160)
  HIGHEST GUST SPEED    18   HIGHEST GUST DIRECTION     S (190)
  AVERAGE WIND SPEED     7.0


SKY COVER
  AVERAGE SKY COVER 1.0



RELATIVE HUMIDITY (PERCENT)
 HIGHEST    76           800 AM
 LOWEST     34           100 AM
 AVERAGE    55

..........................................................


THE POUGHKEEPSIE NY CLIMATE NORMALS FOR TOMORROW
                         NORMAL    RECORD    YEAR
 MAXIMUM TEMPERATURE (F)   59        88      1977
 MINIMUM TEMPERATURE (F)   36        21      1952


SUNRISE AND SUNSET
APRIL 11 2016.........SUNRISE   621 AM EDT   SUNSET   732 PM EDT
APRIL 12 2016.........SUNRISE   620 AM EDT   SUNSET   733 PM EDT


-  INDICATES NEGATIVE NUMBERS.
R  INDICATES RECORD WAS SET OR TIED.
MM INDICATES DATA IS MISSING.
T  INDICATES TRACE AMOUNT.




RECORDS FOR KPOU DATE BACK TO 1949...
HOWEVER...DATA IS MISSING FROM JANUARY 1993 - JULY 2000.
$$
