000
CDUS41 KALY 210623
CLIPOU


CLIMATE REPORT
NATIONAL WEATHER SERVICE ALBANY NY
222 AM EDT FRI AUG 21 2015


...................................

...THE POUGHKEEPSIE NY CLIMATE SUMMARY FOR AUGUST 20 2015...

CLIMATE NORMAL PERIOD 1981 TO 2010
CLIMATE RECORD PERIOD 1949 TO 2015


WEATHER ITEM   OBSERVED TIME   RECORD YEAR NORMAL DEPARTURE LAST
                VALUE   (LST)  VALUE       VALUE  FROM      YEAR
                                                  NORMAL
..................................................................
TEMPERATURE (F)
 YESTERDAY
  MAXIMUM         90    100 PM  95    1983  82      8       84
  MINIMUM         68    508 AM  41    1949  59      9       61
  AVERAGE         79                        71      8       73

PRECIPITATION (IN)
  YESTERDAY        T             1.31 1950   0.14  -0.14     0.00
  MONTH TO DATE    1.12                      2.87  -1.75     2.74
  SINCE JUN 1      7.20                     11.95  -4.75    10.00
  SINCE JAN 1     17.87                     29.45 -11.58    24.03

DEGREE DAYS
 HEATING
  YESTERDAY        0                         0      0        0
  MONTH TO DATE    0                         0      0        3
  SINCE JUN 1     46                        54     -8       10
  SINCE JUL 1      0                         5     -5        3

 COOLING
  YESTERDAY       14                         6      8        8
  MONTH TO DATE  197                       144     53      100
  SINCE JUN 1    615                       511    104      503
  SINCE JAN 1    728                       547    181      536
..................................................................


WIND (MPH)
  HIGHEST WIND SPEED    17   HIGHEST WIND DIRECTION     S (180)
  HIGHEST GUST SPEED    26   HIGHEST GUST DIRECTION    SE (130)
  AVERAGE WIND SPEED     8.1


SKY COVER
  AVERAGE SKY COVER 0.4



RELATIVE HUMIDITY (PERCENT)
 HIGHEST    93           300 AM
 LOWEST     46           400 PM
 AVERAGE    70

..........................................................


THE POUGHKEEPSIE NY CLIMATE NORMALS FOR TODAY
                         NORMAL    RECORD    YEAR
 MAXIMUM TEMPERATURE (F)   82        94      2005
 MINIMUM TEMPERATURE (F)   59        43      1977


SUNRISE AND SUNSET
AUGUST 21 2015........SUNRISE   610 AM EDT   SUNSET   747 PM EDT
AUGUST 22 2015........SUNRISE   611 AM EDT   SUNSET   745 PM EDT


-  INDICATES NEGATIVE NUMBERS.
R  INDICATES RECORD WAS SET OR TIED.
MM INDICATES DATA IS MISSING.
T  INDICATES TRACE AMOUNT.




RECORDS FOR KPOU DATE BACK TO 1949...
HOWEVER...DATA IS MISSING FROM JANUARY 1993 - JULY 2000.
$$
