000
CDUS41 KALY 022046
CLIPOU


CLIMATE REPORT
NATIONAL WEATHER SERVICE ALBANY NY
445 PM EDT THU NOV 2 2017


...................................

...THE POUGHKEEPSIE NY CLIMATE SUMMARY FOR NOVEMBER 2 2017...
VALID TODAY AS OF 0400 PM LOCAL TIME.

CLIMATE NORMAL PERIOD 1981 TO 2010
CLIMATE RECORD PERIOD 1949 TO 2017


WEATHER ITEM   OBSERVED TIME   RECORD YEAR NORMAL DEPARTURE LAST
                VALUE   (LST)  VALUE       VALUE  FROM      YEAR
                                                  NORMAL
..................................................................
TEMPERATURE (F)
 TODAY
  MAXIMUM         72    318 PM  80    1982  57     15       71
                                      1950
  MINIMUM         45    634 AM  19    1976  34     11       43
  AVERAGE         59                        46     13       57

PRECIPITATION (IN)
  TODAY            T             1.94 1954   0.12  -0.12     0.00
  MONTH TO DATE    0.01                      0.24  -0.23     0.00
  SINCE SEP 1      5.63                      8.99  -3.36     3.47
  SINCE JAN 1     34.73                     39.77  -5.04    25.79

DEGREE DAYS
 HEATING
  TODAY            6                        19    -13        8
  MONTH TO DATE   33                        38     -5       32
  SINCE SEP 1    350                       597   -247      492
  SINCE JUL 1    370                       614   -244      494

 COOLING
  TODAY            0                         0      0        0
  MONTH TO DATE    0                         0      0        0
  SINCE SEP 1    144                        68     76      111
  SINCE JAN 1    718                       672     46     1053
..................................................................


WIND (MPH)
  HIGHEST WIND SPEED     9   HIGHEST WIND DIRECTION     S (190)
  HIGHEST GUST SPEED    MM   HIGHEST GUST DIRECTION    MM
  AVERAGE WIND SPEED     2.5


SKY COVER
  AVERAGE SKY COVER 0.7



RELATIVE HUMIDITY (PERCENT)
 HIGHEST    93          1200 AM
 LOWEST     61           300 PM
 AVERAGE    77

..........................................................


THE POUGHKEEPSIE NY CLIMATE NORMALS FOR TOMORROW
                         NORMAL    RECORD    YEAR
 MAXIMUM TEMPERATURE (F)   57        78      2015
 MINIMUM TEMPERATURE (F)   34        21      1980


SUNRISE AND SUNSET
NOVEMBER  2 2017......SUNRISE   729 AM EDT   SUNSET   549 PM EDT
NOVEMBER  3 2017......SUNRISE   730 AM EDT   SUNSET   547 PM EDT


-  INDICATES NEGATIVE NUMBERS.
R  INDICATES RECORD WAS SET OR TIED.
MM INDICATES DATA IS MISSING.
T  INDICATES TRACE AMOUNT.




RECORDS FOR KPOU DATE BACK TO 1949...
HOWEVER...DATA IS MISSING FROM JANUARY 1993 - JULY 2000.
$$
