000
CDUS41 KALY 092143
CLIPOU


CLIMATE REPORT
NATIONAL WEATHER SERVICE ALBANY NY
443 PM EST SUN NOV 9 2014


...................................

...THE POUGHKEEPSIE NY CLIMATE SUMMARY FOR NOVEMBER 9 2014...
VALID TODAY AS OF 0400 PM LOCAL TIME.

CLIMATE NORMAL PERIOD 1981 TO 2010
CLIMATE RECORD PERIOD 1949 TO 2014


WEATHER ITEM   OBSERVED TIME   RECORD YEAR NORMAL DEPARTURE LAST
                VALUE   (LST)  VALUE       VALUE  FROM      YEAR
                                                  NORMAL
..................................................................
TEMPERATURE (F)
 TODAY
  MAXIMUM         57    255 PM  75    1975  55      2       49
  MINIMUM         43    736 AM  14    1992  32     11       38
  AVERAGE         50                        44      6       44

PRECIPITATION (IN)
  TODAY            0.00          0.60 2005   0.11  -0.11     0.00
  MONTH TO DATE    0.19                      1.04  -0.85     0.38
  SINCE SEP 1      4.47                      9.79  -5.32     4.31
  SINCE JAN 1     29.14                     40.57 -11.43    34.53

DEGREE DAYS
 HEATING
  TODAY           15                        21     -6       21
  MONTH TO DATE  166                       181    -15      183
  SINCE SEP 1    570                       740   -170      668
  SINCE JUL 1    575                       757   -182      671

 COOLING
  TODAY            0                         0      0        0
  MONTH TO DATE    0                         0      0        0
  SINCE SEP 1     99                        68     31       72
  SINCE JAN 1    696                       672     24      829
..................................................................


WIND (MPH)
  HIGHEST WIND SPEED    15   HIGHEST WIND DIRECTION     W (270)
  HIGHEST GUST SPEED    17   HIGHEST GUST DIRECTION     W (270)
  AVERAGE WIND SPEED     3.7


SKY COVER
  AVERAGE SKY COVER 0.7



RELATIVE HUMIDITY (PERCENT)
 HIGHEST    76           600 AM
 LOWEST     36           300 PM
 AVERAGE    56

..........................................................


THE POUGHKEEPSIE NY CLIMATE NORMALS FOR TOMORROW
                         NORMAL    RECORD    YEAR
 MAXIMUM TEMPERATURE (F)   55        69      1964
 MINIMUM TEMPERATURE (F)   32        16      1965


SUNRISE AND SUNSET
NOVEMBER  9 2014......SUNRISE   637 AM EST   SUNSET   441 PM EST
NOVEMBER 10 2014......SUNRISE   638 AM EST   SUNSET   440 PM EST


-  INDICATES NEGATIVE NUMBERS.
R  INDICATES RECORD WAS SET OR TIED.
MM INDICATES DATA IS MISSING.
T  INDICATES TRACE AMOUNT.






RECORDS FOR KPOU DATE BACK TO 1949...
HOWEVER...DATA IS MISSING FROM JANUARY 1993 - JULY 2000.
$$
