000
CDUS41 KALY 090623
CLIPOU


CLIMATE REPORT
NATIONAL WEATHER SERVICE ALBANY NY
221 AM EDT TUE SEP 9 2014




THE POUGHKEEPSIE NY CLIMATE SUMMARY FOR SEPTEMBER 8 2014...

CLIMATE NORMAL PERIOD 1981 TO 2010
CLIMATE RECORD PERIOD 1949 TO 2014


WEATHER ITEM   OBSERVED TIME   RECORD YEAR NORMAL DEPARTURE LAST
                VALUE   (LST)  VALUE       VALUE  FROM      YEAR
                                                  NORMAL

TEMPERATURE (F)
 YESTERDAY
  MAXIMUM         77    128 PM  92    2007  78     -1       79
  MINIMUM         50    606 AM  38    1962  54     -4       50
  AVERAGE         64                        66     -2       65

PRECIPITATION (IN)
  YESTERDAY        0.00          2.01 2004   0.14  -0.14     0.01
  MONTH TO DATE    0.15                      1.08  -0.93     1.20
  SINCE SEP 1      0.15                      1.08  -0.93     1.20
  SINCE JAN 1     24.82                     31.86  -7.04    31.42

DEGREE DAYS
 HEATING
  YESTERDAY        1                         2     -1        0
  MONTH TO DATE    1                        13    -12       15
  SINCE SEP 1      1                        13    -12       15
  SINCE JUL 1      6                        30    -24       18

 COOLING
  YESTERDAY        0                         3     -3        0
  MONTH TO DATE   68                        29     39       28
  SINCE SEP 1     68                        29     39       28
  SINCE JAN 1    665                       633     32      785



WIND (MPH)
  HIGHEST WIND SPEED    13   HIGHEST WIND DIRECTION    SE (120)
  HIGHEST GUST SPEED    16   HIGHEST GUST DIRECTION    SE (120)
  AVERAGE WIND SPEED     3.5


SKY COVER
  AVERAGE SKY COVER 0.1



RELATIVE HUMIDITY (PERCENT)
 HIGHEST    96           300 AM
 LOWEST     40           100 PM
 AVERAGE    68




THE POUGHKEEPSIE NY CLIMATE NORMALS FOR TODAY
                         NORMAL    RECORD    YEAR
 MAXIMUM TEMPERATURE (F)   78        91      1989
 MINIMUM TEMPERATURE (F)   54        39      1986


SUNRISE AND SUNSET
SEPTEMBER  9 2014.....SUNRISE   630 AM EDT   SUNSET   715 PM EDT
SEPTEMBER 10 2014.....SUNRISE   631 AM EDT   SUNSET   714 PM EDT


-  INDICATES NEGATIVE NUMBERS.
R  INDICATES RECORD WAS SET OR TIED.
MM INDICATES DATA IS MISSING.
T  INDICATES TRACE AMOUNT.





RECORDS FOR KPOU DATE BACK TO 1949...
HOWEVER...DATA IS MISSING FROM JANUARY 1993 - JULY 2000.
$$
