000
CDUS41 KALY 290628
CLIPOU


CLIMATE REPORT
NATIONAL WEATHER SERVICE ALBANY NY
226 AM EDT SAT JUL 29 2017


...................................

...THE POUGHKEEPSIE NY CLIMATE SUMMARY FOR JULY 28 2017...

CLIMATE NORMAL PERIOD 1981 TO 2010
CLIMATE RECORD PERIOD 1949 TO 2017


WEATHER ITEM   OBSERVED TIME   RECORD YEAR NORMAL DEPARTURE LAST
                VALUE   (LST)  VALUE       VALUE  FROM      YEAR
                                                  NORMAL
..................................................................
TEMPERATURE (F)
 YESTERDAY
  MAXIMUM         83    229 PM  96    1949  85     -2       95
  MINIMUM         63    240 AM  47    1977  61      2       64
  AVERAGE         73                        73      0       80

PRECIPITATION (IN)
  YESTERDAY        0.00          2.01 1986   0.16  -0.16     0.02
  MONTH TO DATE    3.60                      4.14  -0.54     3.21
  SINCE JUN 1      6.98                      8.57  -1.59     5.24
  SINCE JAN 1     23.54                     26.07  -2.53    17.40

DEGREE DAYS
 HEATING
  YESTERDAY        0                         0      0        0
  MONTH TO DATE    3                         0      3        0
  SINCE JUN 1     53                        49      4        8
  SINCE JUL 1      3                         0      3        0

 COOLING
  YESTERDAY        8                         8      0       15
  MONTH TO DATE  225                       216      9      327
  SINCE JUN 1    364                       343     21      498
  SINCE JAN 1    412                       379     33      579
..................................................................


WIND (MPH)
  HIGHEST WIND SPEED    13   HIGHEST WIND DIRECTION    NE (30)
  HIGHEST GUST SPEED    16   HIGHEST GUST DIRECTION    NE (30)
  AVERAGE WIND SPEED     2.3


SKY COVER
  AVERAGE SKY COVER 0.4



RELATIVE HUMIDITY (PERCENT)
 HIGHEST   100           100 AM
 LOWEST     51           400 PM
 AVERAGE    76

..........................................................


THE POUGHKEEPSIE NY CLIMATE NORMALS FOR TODAY
                         NORMAL    RECORD    YEAR
 MAXIMUM TEMPERATURE (F)   85        96      2015
 MINIMUM TEMPERATURE (F)   61        49      1987


SUNRISE AND SUNSET
JULY 29 2017..........SUNRISE   547 AM EDT   SUNSET   816 PM EDT
JULY 30 2017..........SUNRISE   548 AM EDT   SUNSET   815 PM EDT


-  INDICATES NEGATIVE NUMBERS.
R  INDICATES RECORD WAS SET OR TIED.
MM INDICATES DATA IS MISSING.
T  INDICATES TRACE AMOUNT.




RECORDS FOR KPOU DATE BACK TO 1949...
HOWEVER...DATA IS MISSING FROM JANUARY 1993 - JULY 2000.
$$
