000
CDUS41 KALY 072042
CLIPOU


CLIMATE REPORT
NATIONAL WEATHER SERVICE ALBANY NY
442 PM EDT SUN AUG 7 2016


...................................

...THE POUGHKEEPSIE NY CLIMATE SUMMARY FOR AUGUST 7 2016...
VALID TODAY AS OF 0400 PM LOCAL TIME.

CLIMATE NORMAL PERIOD 1981 TO 2010
CLIMATE RECORD PERIOD 1949 TO 2016


WEATHER ITEM   OBSERVED TIME   RECORD YEAR NORMAL DEPARTURE LAST
                VALUE   (LST)  VALUE       VALUE  FROM      YEAR
                                                  NORMAL
..................................................................
TEMPERATURE (F)
 TODAY
  MAXIMUM         88    309 PM  97    2001  84      4       85
  MINIMUM         62    541 AM  46    1964  61      1       55
  AVERAGE         75                        72      3       70

PRECIPITATION (IN)
  TODAY            0.00          2.22 1985   0.16  -0.16     0.00
  MONTH TO DATE    0.58                      1.10  -0.52     0.04
  SINCE JUN 1      8.54                     10.18  -1.64     6.12
  SINCE JAN 1     20.70                     27.68  -6.98    16.79

DEGREE DAYS
 HEATING
  TODAY            0                         0      0        0
  MONTH TO DATE    0                         0      0        0
  SINCE JUN 1      8                        54    -46       46
  SINCE JUL 1      0                         5     -5        0

 COOLING
  TODAY           10                         8      2        5
  MONTH TO DATE   60                        56      4       61
  SINCE JUN 1    595                       423    172      479
  SINCE JAN 1    676                       459    217      592
..................................................................


WIND (MPH)
  HIGHEST WIND SPEED     6   HIGHEST WIND DIRECTION    SW (220)
  HIGHEST GUST SPEED    MM   HIGHEST GUST DIRECTION    MM
  AVERAGE WIND SPEED     1.0


SKY COVER
  AVERAGE SKY COVER 0.0



RELATIVE HUMIDITY (PERCENT)
 HIGHEST    90           300 AM
 LOWEST     56           900 AM
 AVERAGE    73

..........................................................


THE POUGHKEEPSIE NY CLIMATE NORMALS FOR TOMORROW
                         NORMAL    RECORD    YEAR
 MAXIMUM TEMPERATURE (F)   84        96      2001
 MINIMUM TEMPERATURE (F)   61        48      1957


SUNRISE AND SUNSET
AUGUST  7 2016........SUNRISE   556 AM EDT   SUNSET   805 PM EDT
AUGUST  8 2016........SUNRISE   557 AM EDT   SUNSET   804 PM EDT


-  INDICATES NEGATIVE NUMBERS.
R  INDICATES RECORD WAS SET OR TIED.
MM INDICATES DATA IS MISSING.
T  INDICATES TRACE AMOUNT.




RECORDS FOR KPOU DATE BACK TO 1949...
HOWEVER...DATA IS MISSING FROM JANUARY 1993 - JULY 2000.
$$
