000
CDUS41 KALY 112145
CLIPOU


CLIMATE REPORT
NATIONAL WEATHER SERVICE ALBANY NY
444 PM EST FRI NOV 11 2016


...................................

...THE POUGHKEEPSIE NY CLIMATE SUMMARY FOR NOVEMBER 11 2016...
VALID TODAY AS OF 0400 PM LOCAL TIME.

CLIMATE NORMAL PERIOD 1981 TO 2010
CLIMATE RECORD PERIOD 1949 TO 2016


WEATHER ITEM   OBSERVED TIME   RECORD YEAR NORMAL DEPARTURE LAST
                VALUE   (LST)  VALUE       VALUE  FROM      YEAR
                                                  NORMAL
..................................................................
TEMPERATURE (F)
 TODAY
  MAXIMUM         59   1034 AM  71    2002  54      5       54
  MINIMUM         46    437 PM  13    1956  32     14       46
  AVERAGE         53                        43     10       50

PRECIPITATION (IN)
  TODAY            0.00          0.89 1991   0.11  -0.11     0.78
  MONTH TO DATE    0.03                      1.26  -1.23     1.06
  SINCE SEP 1      3.50                     10.01  -6.51     6.20
  SINCE JAN 1     25.82                     40.79 -14.97    25.16

DEGREE DAYS
 HEATING
  TODAY           12                        22    -10       15
  MONTH TO DATE  212                       225    -13      131
  SINCE SEP 1    672                       784   -112      565
  SINCE JUL 1    674                       801   -127      565

 COOLING
  TODAY            0                         0      0        0
  MONTH TO DATE    0                         0      0        2
  SINCE SEP 1    111                        68     43      159
  SINCE JAN 1   1053                       672    381      964
..................................................................


WIND (MPH)
  HIGHEST WIND SPEED    21   HIGHEST WIND DIRECTION    NW (330)
  HIGHEST GUST SPEED    32   HIGHEST GUST DIRECTION     N (340)
  AVERAGE WIND SPEED    13.5


SKY COVER
  AVERAGE SKY COVER 0.3



RELATIVE HUMIDITY (PERCENT)
 HIGHEST    60           300 AM
 LOWEST     34           400 PM
 AVERAGE    47

..........................................................


THE POUGHKEEPSIE NY CLIMATE NORMALS FOR TOMORROW
                         NORMAL    RECORD    YEAR
 MAXIMUM TEMPERATURE (F)   54        69      1964
 MINIMUM TEMPERATURE (F)   32        19      2001


SUNRISE AND SUNSET
NOVEMBER 11 2016......SUNRISE   640 AM EST   SUNSET   439 PM EST
NOVEMBER 12 2016......SUNRISE   641 AM EST   SUNSET   438 PM EST


-  INDICATES NEGATIVE NUMBERS.
R  INDICATES RECORD WAS SET OR TIED.
MM INDICATES DATA IS MISSING.
T  INDICATES TRACE AMOUNT.




RECORDS FOR KPOU DATE BACK TO 1949...
HOWEVER...DATA IS MISSING FROM JANUARY 1993 - JULY 2000.
$$
