620
CDUS41 KALY 120635
CLIPOU


CLIMATE REPORT
NATIONAL WEATHER SERVICE ALBANY NY
134 AM EST SUN FEB 12 2017


...................................

...THE POUGHKEEPSIE NY CLIMATE SUMMARY FOR FEBRUARY 11 2017...

CLIMATE NORMAL PERIOD 1981 TO 2010
CLIMATE RECORD PERIOD 1949 TO 2017


WEATHER ITEM   OBSERVED TIME   RECORD YEAR NORMAL DEPARTURE LAST
                VALUE   (LST)  VALUE       VALUE  FROM      YEAR
                                                  NORMAL
..................................................................
TEMPERATURE (F)
 YESTERDAY
  MAXIMUM         42    316 PM  63    1981  39      3       32
  MINIMUM         24    140 AM -15    1979  17      7       16
  AVERAGE         33                        28      5       24

PRECIPITATION (IN)
  YESTERDAY        T             0.93 1981   0.09  -0.09     0.00
  MONTH TO DATE    0.17                      1.02  -0.85     0.68
  SINCE DEC 1      5.74                      7.63  -1.89     5.79
  SINCE JAN 1      3.14                      4.10  -0.96     1.89

DEGREE DAYS
 HEATING
  YESTERDAY       32                        37     -5       41
  MONTH TO DATE  397                       418    -21      317
  SINCE DEC 1   2447                      2692   -245     1981
  SINCE JUL 1   3593                      3970   -377     2969

 COOLING
  YESTERDAY        0                         0      0        0
  MONTH TO DATE    0                         0      0        0
  SINCE DEC 1      0                         0      0        0
  SINCE JAN 1      0                         0      0        0
..................................................................


WIND (MPH)
  HIGHEST WIND SPEED     9   HIGHEST WIND DIRECTION    SE (140)
  HIGHEST GUST SPEED    14   HIGHEST GUST DIRECTION    SE (140)
  AVERAGE WIND SPEED     2.0


SKY COVER
  AVERAGE SKY COVER 0.8



RELATIVE HUMIDITY (PERCENT)
 HIGHEST    81          1200 AM
 LOWEST     45           400 PM
 AVERAGE    63

..........................................................


THE POUGHKEEPSIE NY CLIMATE NORMALS FOR TODAY
                         NORMAL    RECORD    YEAR
 MAXIMUM TEMPERATURE (F)   39        51      1966
 MINIMUM TEMPERATURE (F)   17       -15      1979


SUNRISE AND SUNSET
FEBRUARY 12 2017......SUNRISE   654 AM EST   SUNSET   526 PM EST
FEBRUARY 13 2017......SUNRISE   653 AM EST   SUNSET   527 PM EST


-  INDICATES NEGATIVE NUMBERS.
R  INDICATES RECORD WAS SET OR TIED.
MM INDICATES DATA IS MISSING.
T  INDICATES TRACE AMOUNT.




RECORDS FOR KPOU DATE BACK TO 1949...
HOWEVER...DATA IS MISSING FROM JANUARY 1993 - JULY 2000.
$$
