000
CDUS41 KALY 180644
CLIPOU


CLIMATE REPORT
NATIONAL WEATHER SERVICE ALBANY NY
140 AM EST SUN JAN 18 2015


...................................

...THE POUGHKEEPSIE NY CLIMATE SUMMARY FOR JANUARY 17 2015...

CLIMATE NORMAL PERIOD 1981 TO 2010
CLIMATE RECORD PERIOD 1949 TO 2015


WEATHER ITEM   OBSERVED TIME   RECORD YEAR NORMAL DEPARTURE LAST
                VALUE   (LST)  VALUE       VALUE  FROM      YEAR
                                                  NORMAL
..................................................................
TEMPERATURE (F)
 YESTERDAY
  MAXIMUM         26   1159 PM  61    1990  35     -9       43
  MINIMUM          6    637 AM -16    1954  15     -9       21
  AVERAGE         16                        25     -9       32

PRECIPITATION (IN)
  YESTERDAY        0.00          0.52 1978   0.10  -0.10     0.00
  MONTH TO DATE    1.33                      1.73  -0.40     1.43
  SINCE DEC 1      4.33                      5.26  -0.93     4.76
  SINCE JAN 1      1.33                      1.73  -0.40     1.43

DEGREE DAYS
 HEATING
  YESTERDAY       49                        40      9       33
  MONTH TO DATE  689                       672     17      641
  SINCE DEC 1   1589                      1723   -134     1676
  SINCE JUL 1   2740                      3001   -261     2919

 COOLING
  YESTERDAY        0                         0      0        0
  MONTH TO DATE    0                         0      0        0
  SINCE DEC 1      0                         0      0        0
  SINCE JAN 1      0                         0      0        0
..................................................................


WIND (MPH)
  HIGHEST WIND SPEED     8   HIGHEST WIND DIRECTION    NE (30)
  HIGHEST GUST SPEED    12   HIGHEST GUST DIRECTION    SE (120)
  AVERAGE WIND SPEED     2.1


SKY COVER
  AVERAGE SKY COVER 0.0



RELATIVE HUMIDITY (PERCENT)
 HIGHEST    73           500 AM
 LOWEST     32           300 PM
 AVERAGE    53

..........................................................


THE POUGHKEEPSIE NY CLIMATE NORMALS FOR TODAY
                         NORMAL    RECORD    YEAR
 MAXIMUM TEMPERATURE (F)   35        62      2006
 MINIMUM TEMPERATURE (F)   15       -22      1954


SUNRISE AND SUNSET
JANUARY 18 2015.......SUNRISE   719 AM EST   SUNSET   454 PM EST
JANUARY 19 2015.......SUNRISE   718 AM EST   SUNSET   455 PM EST


-  INDICATES NEGATIVE NUMBERS.
R  INDICATES RECORD WAS SET OR TIED.
MM INDICATES DATA IS MISSING.
T  INDICATES TRACE AMOUNT.





RECORDS FOR KPOU DATE BACK TO 1949...
HOWEVER...DATA IS MISSING FROM JANUARY 1993 - JULY 2000.
$$
