360
CDUS41 KALY 130622
CLIPOU


CLIMATE REPORT
NATIONAL WEATHER SERVICE ALBANY NY
221 AM EDT MON MAR 13 2017


...................................

...THE POUGHKEEPSIE NY CLIMATE SUMMARY FOR MARCH 12 2017...

CLIMATE NORMAL PERIOD 1981 TO 2010
CLIMATE RECORD PERIOD 1949 TO 2017


WEATHER ITEM   OBSERVED TIME   RECORD YEAR NORMAL DEPARTURE LAST
                VALUE   (LST)  VALUE       VALUE  FROM      YEAR
                                                  NORMAL
..................................................................
TEMPERATURE (F)
 YESTERDAY
  MAXIMUM         26    353 PM  72    2012  46    -20       66
  MINIMUM          7    703 AM  -2    1960  24    -17       29
  AVERAGE         17                        35    -18       48

PRECIPITATION (IN)
  YESTERDAY        T             1.12 1985   0.10  -0.10     0.00
  MONTH TO DATE    0.42                      1.31  -0.89     0.27
  SINCE MAR 1      0.42                      1.31  -0.89     0.27
  SINCE JAN 1      5.29                      7.05  -1.76     5.95

DEGREE DAYS
 HEATING
  YESTERDAY       48                        30     18       17
  MONTH TO DATE  382                       378      4      254
  SINCE MAR 1    382                       378      4      254
  SINCE JUL 1   4424                      4949   -525     3786

 COOLING
  YESTERDAY        0                         0      0        0
  MONTH TO DATE    0                         0      0        0
  SINCE MAR 1      0                         0      0        0
  SINCE JAN 1      0                         0      0        0
..................................................................


WIND (MPH)
  HIGHEST WIND SPEED    21   HIGHEST WIND DIRECTION     W (280)
  HIGHEST GUST SPEED    28   HIGHEST GUST DIRECTION    NW (330)
  AVERAGE WIND SPEED     8.0


SKY COVER
  AVERAGE SKY COVER 0.1



RELATIVE HUMIDITY (PERCENT)
 HIGHEST    88           700 AM
 LOWEST     36           500 PM
 AVERAGE    62

..........................................................


THE POUGHKEEPSIE NY CLIMATE NORMALS FOR TODAY
                         NORMAL    RECORD    YEAR
 MAXIMUM TEMPERATURE (F)   47        82      1990
 MINIMUM TEMPERATURE (F)   24        13      1989


SUNRISE AND SUNSET
MARCH 13 2017.........SUNRISE   710 AM EDT   SUNSET   700 PM EDT
MARCH 14 2017.........SUNRISE   709 AM EDT   SUNSET   701 PM EDT


-  INDICATES NEGATIVE NUMBERS.
R  INDICATES RECORD WAS SET OR TIED.
MM INDICATES DATA IS MISSING.
T  INDICATES TRACE AMOUNT.




RECORDS FOR KPOU DATE BACK TO 1949...
HOWEVER...DATA IS MISSING FROM JANUARY 1993 - JULY 2000.
$$
