000
CDUS41 KALY 050622
CLIPOU


CLIMATE REPORT
NATIONAL WEATHER SERVICE ALBANY NY
222 AM EDT FRI SEP 5 2014




THE POUGHKEEPSIE NY CLIMATE SUMMARY FOR SEPTEMBER 4 2014...

CLIMATE NORMAL PERIOD 1981 TO 2010
CLIMATE RECORD PERIOD 1949 TO 2014


WEATHER ITEM   OBSERVED TIME   RECORD YEAR NORMAL DEPARTURE LAST
                VALUE   (LST)  VALUE       VALUE  FROM      YEAR
                                                  NORMAL

TEMPERATURE (F)
 YESTERDAY
  MAXIMUM         87    252 PM  96    1973  79      8       81
  MINIMUM         56    548 AM  38    1987  56      0       54
  AVERAGE         72                        67      5       68

PRECIPITATION (IN)
  YESTERDAY        0.00          1.57 1988   0.14  -0.14     0.00
  MONTH TO DATE    T                         0.53  -0.53     1.19
  SINCE SEP 1      T                         0.53  -0.53     1.19
  SINCE JAN 1     24.67                     31.31  -6.64    31.41

DEGREE DAYS
 HEATING
  YESTERDAY        0                         2     -2        0
  MONTH TO DATE    0                         5     -5        0
  SINCE SEP 1      0                         5     -5        0
  SINCE JUL 1      5                        22    -17        3

 COOLING
  YESTERDAY        7                         4      3        3
  MONTH TO DATE   43                        16     27       28
  SINCE SEP 1     43                        16     27       28
  SINCE JAN 1    640                       620     20      785



WIND (MPH)
  HIGHEST WIND SPEED    10   HIGHEST WIND DIRECTION    SE (140)
  HIGHEST GUST SPEED    15   HIGHEST GUST DIRECTION     W (250)
  AVERAGE WIND SPEED     1.9


SKY COVER
  AVERAGE SKY COVER 0.0



RELATIVE HUMIDITY (PERCENT)
 HIGHEST    93           300 AM
 LOWEST     37           200 PM
 AVERAGE    65




THE POUGHKEEPSIE NY CLIMATE NORMALS FOR TODAY
                         NORMAL    RECORD    YEAR
 MAXIMUM TEMPERATURE (F)   79        93      1985
 MINIMUM TEMPERATURE (F)   55        43      1989


SUNRISE AND SUNSET
SEPTEMBER  5 2014.....SUNRISE   626 AM EDT   SUNSET   722 PM EDT
SEPTEMBER  6 2014.....SUNRISE   627 AM EDT   SUNSET   720 PM EDT


-  INDICATES NEGATIVE NUMBERS.
R  INDICATES RECORD WAS SET OR TIED.
MM INDICATES DATA IS MISSING.
T  INDICATES TRACE AMOUNT.






RECORDS FOR KPOU DATE BACK TO 1949...
HOWEVER...DATA IS MISSING FROM JANUARY 1993 - JULY 2000.
$$
