000
CDUS41 KALY 060652
CLIPOU


CLIMATE REPORT
NATIONAL WEATHER SERVICE ALBANY NY
250 AM EDT SAT MAY 6 2017


...................................

...THE POUGHKEEPSIE NY CLIMATE SUMMARY FOR MAY 5 2017...

CLIMATE NORMAL PERIOD 1981 TO 2010
CLIMATE RECORD PERIOD 1949 TO 2017


WEATHER ITEM   OBSERVED TIME   RECORD YEAR NORMAL DEPARTURE LAST
                VALUE   (LST)  VALUE       VALUE  FROM      YEAR
                                                  NORMAL
..................................................................
TEMPERATURE (F)
 YESTERDAY
  MAXIMUM         58   1159 PM  89    1949  68    -10       60
  MINIMUM         46    344 AM  29    1974  43      3       48
  AVERAGE         52                        56     -4       54

PRECIPITATION (IN)
  YESTERDAY        0.25          0.95 1978   0.13   0.12     0.00
  MONTH TO DATE    0.28                      0.62  -0.34     1.20
  SINCE MAR 1      7.97                      7.97   0.00     4.47
  SINCE JAN 1     12.84                     13.71  -0.87    10.15

DEGREE DAYS
 HEATING
  YESTERDAY       13                        10      3       11
  MONTH TO DATE   50                        52     -2       65
  SINCE MAR 1   1412                      1420     -8     1118
  SINCE JUL 1   5454                      5991   -537     4650

 COOLING
  YESTERDAY        0                         0      0        0
  MONTH TO DATE    0                         0      0        0
  SINCE MAR 1     17                         5     12        4
  SINCE JAN 1     17                         5     12        4
..................................................................


WIND (MPH)
  HIGHEST WIND SPEED    25   HIGHEST WIND DIRECTION     E (80)
  HIGHEST GUST SPEED    35   HIGHEST GUST DIRECTION     E (100)
  AVERAGE WIND SPEED     5.0


SKY COVER
  AVERAGE SKY COVER 1.0



RELATIVE HUMIDITY (PERCENT)
 HIGHEST    93           500 AM
 LOWEST     56          1200 AM
 AVERAGE    75

..........................................................


THE POUGHKEEPSIE NY CLIMATE NORMALS FOR TODAY
                         NORMAL    RECORD    YEAR
 MAXIMUM TEMPERATURE (F)   69        87      1949
 MINIMUM TEMPERATURE (F)   43        30      1961


SUNRISE AND SUNSET
MAY  6 2017...........SUNRISE   546 AM EDT   SUNSET   759 PM EDT
MAY  7 2017...........SUNRISE   545 AM EDT   SUNSET   800 PM EDT


-  INDICATES NEGATIVE NUMBERS.
R  INDICATES RECORD WAS SET OR TIED.
MM INDICATES DATA IS MISSING.
T  INDICATES TRACE AMOUNT.




RECORDS FOR KPOU DATE BACK TO 1949...
HOWEVER...DATA IS MISSING FROM JANUARY 1993 - JULY 2000.
$$
