000
CDUS41 KALY 080626
CLIPOU


CLIMATE REPORT
NATIONAL WEATHER SERVICE ALBANY NY
125 AM EST WED NOV 8 2017


...................................

...THE POUGHKEEPSIE NY CLIMATE SUMMARY FOR NOVEMBER 7 2017...

CLIMATE NORMAL PERIOD 1981 TO 2010
CLIMATE RECORD PERIOD 1949 TO 2017


WEATHER ITEM   OBSERVED TIME   RECORD YEAR NORMAL DEPARTURE LAST
                VALUE   (LST)  VALUE       VALUE  FROM      YEAR
                                                  NORMAL
..................................................................
TEMPERATURE (F)
 YESTERDAY
  MAXIMUM         46    948 AM  73    1975  56    -10       53
  MINIMUM         34    339 AM  15    1962  33      1       24
  AVERAGE         40                        44     -4       39

PRECIPITATION (IN)
  YESTERDAY        0.08          1.42 1963   0.11  -0.03     0.00
  MONTH TO DATE    0.19                      0.82  -0.63      T
  SINCE SEP 1      5.81                      9.57  -3.76     3.47
  SINCE JAN 1     34.91                     40.35  -5.44    25.79

DEGREE DAYS
 HEATING
  YESTERDAY       25                        21      4       26
  MONTH TO DATE  110                       139    -29      131
  SINCE SEP 1    427                       698   -271      591
  SINCE JUL 1    447                       715   -268      593

 COOLING
  YESTERDAY        0                         0      0        0
  MONTH TO DATE    0                         0      0        0
  SINCE SEP 1    144                        68     76      111
  SINCE JAN 1    718                       672     46     1053
..................................................................


WIND (MPH)
  HIGHEST WIND SPEED    20   HIGHEST WIND DIRECTION     N (10)
  HIGHEST GUST SPEED    25   HIGHEST GUST DIRECTION    NE (40)
  AVERAGE WIND SPEED     7.5


SKY COVER
  AVERAGE SKY COVER 0.5



RELATIVE HUMIDITY (PERCENT)
 HIGHEST    92           300 AM
 LOWEST     58           900 AM
 AVERAGE    75

..........................................................


THE POUGHKEEPSIE NY CLIMATE NORMALS FOR TODAY
                         NORMAL    RECORD    YEAR
 MAXIMUM TEMPERATURE (F)   55        73      1975
 MINIMUM TEMPERATURE (F)   33        16      1960


SUNRISE AND SUNSET
NOVEMBER  8 2017......SUNRISE   636 AM EST   SUNSET   442 PM EST
NOVEMBER  9 2017......SUNRISE   637 AM EST   SUNSET   441 PM EST


-  INDICATES NEGATIVE NUMBERS.
R  INDICATES RECORD WAS SET OR TIED.
MM INDICATES DATA IS MISSING.
T  INDICATES TRACE AMOUNT.




RECORDS FOR KPOU DATE BACK TO 1949...
HOWEVER...DATA IS MISSING FROM JANUARY 1993 - JULY 2000.
$$
