711
CDUS41 KALY 190622
CLIPOU


CLIMATE REPORT
NATIONAL WEATHER SERVICE ALBANY NY
222 AM EDT THU MAY 19 2016


...................................

...THE POUGHKEEPSIE NY CLIMATE SUMMARY FOR MAY 18 2016...

CLIMATE NORMAL PERIOD 1981 TO 2010
CLIMATE RECORD PERIOD 1949 TO 2016


WEATHER ITEM   OBSERVED TIME   RECORD YEAR NORMAL DEPARTURE LAST
                VALUE   (LST)  VALUE       VALUE  FROM      YEAR
                                                  NORMAL
..................................................................
TEMPERATURE (F)
 YESTERDAY
  MAXIMUM         72    412 PM  96    1962  72      0       70
  MINIMUM         43    240 AM  30    1983  47     -4       60
  AVERAGE         58                        59     -1       65

PRECIPITATION (IN)
  YESTERDAY        0.00          1.16 1988   0.14  -0.14     0.00
  MONTH TO DATE    2.53                      2.37   0.16     0.86
  SINCE MAR 1      5.80                      9.72  -3.92     5.26
  SINCE JAN 1     11.48                     15.46  -3.98     9.56

DEGREE DAYS
 HEATING
  YESTERDAY        7                         7      0        0
  MONTH TO DATE  171                       158     13       53
  SINCE MAR 1   1224                      1526   -302     1519
  SINCE JUL 1   4756                      6097  -1341     6204

 COOLING
  YESTERDAY        0                         1     -1        0
  MONTH TO DATE    0                        12    -12       58
  SINCE MAR 1      4                        17    -13       58
  SINCE JAN 1      4                        17    -13       58
..................................................................


WIND (MPH)
  HIGHEST WIND SPEED    10   HIGHEST WIND DIRECTION     W (290)
  HIGHEST GUST SPEED    15   HIGHEST GUST DIRECTION     S (200)
  AVERAGE WIND SPEED     2.7


SKY COVER
  AVERAGE SKY COVER 0.4



RELATIVE HUMIDITY (PERCENT)
 HIGHEST    86          1200 AM
 LOWEST     25           400 PM
 AVERAGE    56

..........................................................


THE POUGHKEEPSIE NY CLIMATE NORMALS FOR TODAY
                         NORMAL    RECORD    YEAR
 MAXIMUM TEMPERATURE (F)   72        96      1962
 MINIMUM TEMPERATURE (F)   47        31      2009


SUNRISE AND SUNSET
MAY 19 2016...........SUNRISE   532 AM EDT   SUNSET   813 PM EDT
MAY 20 2016...........SUNRISE   531 AM EDT   SUNSET   814 PM EDT


-  INDICATES NEGATIVE NUMBERS.
R  INDICATES RECORD WAS SET OR TIED.
MM INDICATES DATA IS MISSING.
T  INDICATES TRACE AMOUNT.




RECORDS FOR KPOU DATE BACK TO 1949...
HOWEVER...DATA IS MISSING FROM JANUARY 1993 - JULY 2000.
$$
