000
CDUS41 KALY 070621
CLIPOU


CLIMATE REPORT
NATIONAL WEATHER SERVICE ALBANY NY
221 AM EDT SUN SEP 7 2014




THE POUGHKEEPSIE NY CLIMATE SUMMARY FOR SEPTEMBER 6 2014...

CLIMATE NORMAL PERIOD 1981 TO 2010
CLIMATE RECORD PERIOD 1949 TO 2014


WEATHER ITEM   OBSERVED TIME   RECORD YEAR NORMAL DEPARTURE LAST
                VALUE   (LST)  VALUE       VALUE  FROM      YEAR
                                                  NORMAL

TEMPERATURE (F)
 YESTERDAY
  MAXIMUM         92    112 PM  94    1983  79     13       69
  MINIMUM         62   1154 PM  39    1984  55      7       44
  AVERAGE         77                        67     10       57

PRECIPITATION (IN)
  YESTERDAY        0.15          2.20 2008   0.13   0.02     0.00
  MONTH TO DATE    0.15                      0.80  -0.65     1.19
  SINCE SEP 1      0.15                      0.80  -0.65     1.19
  SINCE JAN 1     24.82                     31.58  -6.76    31.41

DEGREE DAYS
 HEATING
  YESTERDAY        0                         2     -2        8
  MONTH TO DATE    0                         9     -9       12
  SINCE SEP 1      0                         9     -9       12
  SINCE JUL 1      5                        26    -21       15

 COOLING
  YESTERDAY       12                         3      9        0
  MONTH TO DATE   66                        23     43       28
  SINCE SEP 1     66                        23     43       28
  SINCE JAN 1    663                       627     36      785



WIND (MPH)
  HIGHEST WIND SPEED    22   HIGHEST WIND DIRECTION    NE (30)
  HIGHEST GUST SPEED    28   HIGHEST GUST DIRECTION    SW (240)
  AVERAGE WIND SPEED     4.8


SKY COVER
  AVERAGE SKY COVER 0.6



RELATIVE HUMIDITY (PERCENT)
 HIGHEST    97           300 AM
 LOWEST     49           100 PM
 AVERAGE    73




THE POUGHKEEPSIE NY CLIMATE NORMALS FOR TODAY
                         NORMAL    RECORD    YEAR
 MAXIMUM TEMPERATURE (F)   78        90      2001
 MINIMUM TEMPERATURE (F)   55        34      1984


SUNRISE AND SUNSET
SEPTEMBER  7 2014.....SUNRISE   628 AM EDT   SUNSET   719 PM EDT
SEPTEMBER  8 2014.....SUNRISE   629 AM EDT   SUNSET   717 PM EDT


-  INDICATES NEGATIVE NUMBERS.
R  INDICATES RECORD WAS SET OR TIED.
MM INDICATES DATA IS MISSING.
T  INDICATES TRACE AMOUNT.





RECORDS FOR KPOU DATE BACK TO 1949...
HOWEVER...DATA IS MISSING FROM JANUARY 1993 - JULY 2000.
$$
