000
CDUS41 KALY 010625
CLIPOU


CLIMATE REPORT
NATIONAL WEATHER SERVICE ALBANY NY
121 AM EST THU FEB 1 2018


...................................

...THE POUGHKEEPSIE NY CLIMATE SUMMARY FOR JANUARY 31 2018...

CLIMATE NORMAL PERIOD 1981 TO 2010
CLIMATE RECORD PERIOD 1949 TO 2018


WEATHER ITEM   OBSERVED TIME   RECORD YEAR NORMAL DEPARTURE LAST
                VALUE   (LST)  VALUE       VALUE  FROM      YEAR
                                                  NORMAL
..................................................................
TEMPERATURE (F)
 YESTERDAY
  MAXIMUM         31   1144 PM  62    2016  37     -6       27
                                      2013
  MINIMUM         12    733 AM -15    1965  16     -4       16
  AVERAGE         22                        26     -4       22

PRECIPITATION (IN)
  YESTERDAY        0.00          0.94 2013   0.10  -0.10     0.05
  MONTH TO DATE    2.88                      3.08  -0.20     2.97
  SINCE DEC 1      4.44                      6.61  -2.17     5.57
  SINCE JAN 1      2.88                      3.08  -0.20     2.97

DEGREE DAYS
 HEATING
  YESTERDAY       43                        39      4       43
  MONTH TO DATE 1234                      1225      9     1010
  SINCE DEC 1   2380                      2274    106     2050
  SINCE JUL 1   3463                      3552    -89     3196

 COOLING
  YESTERDAY        0                         0      0        0
  MONTH TO DATE    0                         0      0        0
  SINCE DEC 1      0                         0      0        0
  SINCE JAN 1      0                         0      0        0
..................................................................


WIND (MPH)
  HIGHEST WIND SPEED    15   HIGHEST WIND DIRECTION     S (190)
  HIGHEST GUST SPEED    23   HIGHEST GUST DIRECTION     S (170)
  AVERAGE WIND SPEED     5.1


SKY COVER
  AVERAGE SKY COVER 0.2



RELATIVE HUMIDITY (PERCENT)
 HIGHEST    84           600 AM
 LOWEST     32           400 PM
 AVERAGE    58

..........................................................


THE POUGHKEEPSIE NY CLIMATE NORMALS FOR TODAY
                         NORMAL    RECORD    YEAR
 MAXIMUM TEMPERATURE (F)   37        66      1989
 MINIMUM TEMPERATURE (F)   16        -8      1961


SUNRISE AND SUNSET
FEBRUARY  1 2018......SUNRISE   707 AM EST   SUNSET   511 PM EST
FEBRUARY  2 2018......SUNRISE   706 AM EST   SUNSET   513 PM EST


-  INDICATES NEGATIVE NUMBERS.
R  INDICATES RECORD WAS SET OR TIED.
MM INDICATES DATA IS MISSING.
T  INDICATES TRACE AMOUNT.




RECORDS FOR KPOU DATE BACK TO 1949...
HOWEVER...DATA IS MISSING FROM JANUARY 1993 - JULY 2000.
$$
