000
CDUS41 KALY 210622
CLIPOU


CLIMATE REPORT
NATIONAL WEATHER SERVICE ALBANY NY
221 AM EDT MON JUL 21 2014




THE POUGHKEEPSIE NY CLIMATE SUMMARY FOR JULY 20 2014...

CLIMATE NORMAL PERIOD 1981 TO 2010
CLIMATE RECORD PERIOD 1949 TO 2014


WEATHER ITEM   OBSERVED TIME   RECORD YEAR NORMAL DEPARTURE LAST
                VALUE   (LST)  VALUE       VALUE  FROM      YEAR
                                                  NORMAL

TEMPERATURE (F)
 YESTERDAY
  MAXIMUM         81    250 PM 102    1991  85     -4       93
  MINIMUM         62    621 AM  46    1965  61      1       73
  AVERAGE         72                        73     -1       83

PRECIPITATION (IN)
  YESTERDAY        0.03          2.04 1959   0.14  -0.11      T
  MONTH TO DATE    4.15                      2.87   1.28     1.35
  SINCE JUN 1      6.44                      7.30  -0.86    11.17
  SINCE JAN 1     20.47                     24.80  -4.33    21.82

DEGREE DAYS
 HEATING
  YESTERDAY        0                         0      0        0
  MONTH TO DATE    0                         0      0        0
  SINCE JUN 1      7                        49    -42       31
  SINCE JUL 1      0                         0      0        0

 COOLING
  YESTERDAY        7                         8     -1       18
  MONTH TO DATE  187                       152     35      304
  SINCE JUN 1    325                       279     46      458
  SINCE JAN 1    358                       315     43      511



WIND (MPH)
  HIGHEST WIND SPEED     9   HIGHEST WIND DIRECTION     E (100)
  HIGHEST GUST SPEED    12   HIGHEST GUST DIRECTION     E (110)
  AVERAGE WIND SPEED     3.1


SKY COVER
  AVERAGE SKY COVER 0.3



RELATIVE HUMIDITY (PERCENT)
 HIGHEST    93          1000 PM
 LOWEST     48           100 PM
 AVERAGE    71




THE POUGHKEEPSIE NY CLIMATE NORMALS FOR TODAY
                         NORMAL    RECORD    YEAR
 MAXIMUM TEMPERATURE (F)   85       100      1977
 MINIMUM TEMPERATURE (F)   61        45      1965


SUNRISE AND SUNSET
JULY 21 2014..........SUNRISE   539 AM EDT   SUNSET   824 PM EDT
JULY 22 2014..........SUNRISE   540 AM EDT   SUNSET   823 PM EDT


-  INDICATES NEGATIVE NUMBERS.
R  INDICATES RECORD WAS SET OR TIED.
MM INDICATES DATA IS MISSING.
T  INDICATES TRACE AMOUNT.






RECORDS FOR KPOU DATE BACK TO 1949...
HOWEVER...DATA IS MISSING FROM JANUARY 1993 - JULY 2000.
$$
