000
CDUS41 KALY 180626
CLIPOU


CLIMATE REPORT
NATIONAL WEATHER SERVICE ALBANY NY
225 AM EDT MON APR 18 2016


...................................

...THE POUGHKEEPSIE NY CLIMATE SUMMARY FOR APRIL 17 2016...

CLIMATE NORMAL PERIOD 1981 TO 2010
CLIMATE RECORD PERIOD 1949 TO 2016


WEATHER ITEM   OBSERVED TIME   RECORD YEAR NORMAL DEPARTURE LAST
                VALUE   (LST)  VALUE       VALUE  FROM      YEAR
                                                  NORMAL
..................................................................
TEMPERATURE (F)
 YESTERDAY
  MAXIMUM         78    523 PM  93    2002  62     16       70
  MINIMUM         34    542 AM  22    1962  37     -3       47
  AVERAGE         56                        49      7       59

PRECIPITATION (IN)
  YESTERDAY        0.00          1.25 1954   0.12  -0.12     0.13
  MONTH TO DATE    1.43                      2.18  -0.75     1.44
  SINCE MAR 1      2.47                      5.75  -3.28     3.61
  SINCE JAN 1      8.15                     11.49  -3.34     7.91

DEGREE DAYS
 HEATING
  YESTERDAY        9                        16     -7        6
  MONTH TO DATE  350                       320     30      292
  SINCE MAR 1    933                      1194   -261     1293
  SINCE JUL 1   4465                      5765  -1300     5978

 COOLING
  YESTERDAY        0                         0      0        0
  MONTH TO DATE    0                         0      0        0
  SINCE MAR 1      0                         0      0        0
  SINCE JAN 1      0                         0      0        0
..................................................................


WIND (MPH)
  HIGHEST WIND SPEED     9   HIGHEST WIND DIRECTION     N (10)
  HIGHEST GUST SPEED    12   HIGHEST GUST DIRECTION     N (10)
  AVERAGE WIND SPEED     0.7


SKY COVER
  AVERAGE SKY COVER 0.0



RELATIVE HUMIDITY (PERCENT)
 HIGHEST    75           400 AM
 LOWEST     19           500 PM
 AVERAGE    47

..........................................................


THE POUGHKEEPSIE NY CLIMATE NORMALS FOR TODAY
                         NORMAL    RECORD    YEAR
 MAXIMUM TEMPERATURE (F)   62        94      1976
 MINIMUM TEMPERATURE (F)   38        24      1962


SUNRISE AND SUNSET
APRIL 18 2016.........SUNRISE   610 AM EDT   SUNSET   740 PM EDT
APRIL 19 2016.........SUNRISE   609 AM EDT   SUNSET   741 PM EDT


-  INDICATES NEGATIVE NUMBERS.
R  INDICATES RECORD WAS SET OR TIED.
MM INDICATES DATA IS MISSING.
T  INDICATES TRACE AMOUNT.




RECORDS FOR KPOU DATE BACK TO 1949...
HOWEVER...DATA IS MISSING FROM JANUARY 1993 - JULY 2000.
$$
