000
CDUS41 KALY 012145
CLIPOU


CLIMATE REPORT
NATIONAL WEATHER SERVICE ALBANY NY
445 PM EST SUN JAN 1 2017


...................................

...THE POUGHKEEPSIE NY CLIMATE SUMMARY FOR JANUARY 1 2017...
VALID TODAY AS OF 0400 PM LOCAL TIME.

CLIMATE NORMAL PERIOD 1981 TO 2010
CLIMATE RECORD PERIOD 1949 TO 2016


WEATHER ITEM   OBSERVED TIME   RECORD YEAR NORMAL DEPARTURE LAST
                VALUE   (LST)  VALUE       VALUE  FROM      YEAR
                                                  NORMAL
..................................................................
TEMPERATURE (F)
 TODAY
  MAXIMUM         44    317 PM  60    1973  36      8       41
  MINIMUM         36    801 AM  -9    1968  17     19       33
  AVERAGE         40                        26     14       37

PRECIPITATION (IN)
  TODAY            0.00          1.15 2003   0.10  -0.10     0.00
  MONTH TO DATE    0.00                      0.10  -0.10     0.00
  SINCE DEC 1      2.60                      3.63  -1.03     3.90
  SINCE JAN 1      0.00                      0.10  -0.10     0.00

DEGREE DAYS
 HEATING
  TODAY           25                        39    -14       28
  MONTH TO DATE   25                        39    -14       28
  SINCE DEC 1   1065                      1090    -25      662
  SINCE JUL 1   2211                      2368   -157     1650

 COOLING
  TODAY            0                         0      0        0
  MONTH TO DATE    0                         0      0        0
  SINCE DEC 1      0                         0      0        0
  SINCE JAN 1      0                         0      0        0
..................................................................


WIND (MPH)
  HIGHEST WIND SPEED    17   HIGHEST WIND DIRECTION     W (290)
  HIGHEST GUST SPEED    23   HIGHEST GUST DIRECTION    NW (300)
  AVERAGE WIND SPEED     7.5


SKY COVER
  AVERAGE SKY COVER 0.4



RELATIVE HUMIDITY (PERCENT)
 HIGHEST    70           700 AM
 LOWEST     31           200 PM
 AVERAGE    51

..........................................................


THE POUGHKEEPSIE NY CLIMATE NORMALS FOR TOMORROW
                         NORMAL    RECORD    YEAR
 MAXIMUM TEMPERATURE (F)   36        56      1979
 MINIMUM TEMPERATURE (F)   17       -15      1968


SUNRISE AND SUNSET
JANUARY  1 2017.......SUNRISE   722 AM EST   SUNSET   436 PM EST
JANUARY  2 2017.......SUNRISE   722 AM EST   SUNSET   437 PM EST


-  INDICATES NEGATIVE NUMBERS.
R  INDICATES RECORD WAS SET OR TIED.
MM INDICATES DATA IS MISSING.
T  INDICATES TRACE AMOUNT.




RECORDS FOR KPOU DATE BACK TO 1949...
HOWEVER...DATA IS MISSING FROM JANUARY 1993 - JULY 2000.
$$
