000
CDUS41 KALY 180622
CLIPOU


CLIMATE REPORT
NATIONAL WEATHER SERVICE ALBANY NY
222 AM EDT TUE AUG 18 2015


...................................

...THE POUGHKEEPSIE NY CLIMATE SUMMARY FOR AUGUST 17 2015...

CLIMATE NORMAL PERIOD 1981 TO 2010
CLIMATE RECORD PERIOD 1949 TO 2015


WEATHER ITEM   OBSERVED TIME   RECORD YEAR NORMAL DEPARTURE LAST
                VALUE   (LST)  VALUE       VALUE  FROM      YEAR
                                                  NORMAL
..................................................................
TEMPERATURE (F)
 YESTERDAY
  MAXIMUM         95R       MM  94    1959  83     12       82
  MINIMUM         66        MM  42    1979  60      6       57
  AVERAGE         81                        71     10       70

PRECIPITATION (IN)
  YESTERDAY        0.00          0.82 1963   0.14  -0.14     0.00
  MONTH TO DATE    1.12                      2.46  -1.34     2.74
  SINCE JUN 1      7.20                     11.54  -4.34    10.00
  SINCE JAN 1     17.87                     29.04 -11.17    24.03

DEGREE DAYS
 HEATING
  YESTERDAY        0                         0      0        0
  MONTH TO DATE    0                         0      0        3
  SINCE JUN 1     46                        54     -8       10
  SINCE JUL 1      0                         5     -5        3

 COOLING
  YESTERDAY       16                         7      9        5
  MONTH TO DATE  152                       126     26       90
  SINCE JUN 1    570                       493     77      493
  SINCE JAN 1    683                       529    154      526
..................................................................


WIND (MPH)
  HIGHEST WIND SPEED     7   HIGHEST WIND DIRECTION     W (260)
  HIGHEST GUST SPEED    MM   HIGHEST GUST DIRECTION    MM
  AVERAGE WIND SPEED     1.7


SKY COVER
  AVERAGE SKY COVER 0.1



RELATIVE HUMIDITY (PERCENT)
 HIGHEST    93           500 AM
 LOWEST     33           400 PM
 AVERAGE    63

..........................................................


THE POUGHKEEPSIE NY CLIMATE NORMALS FOR TODAY
                         NORMAL    RECORD    YEAR
 MAXIMUM TEMPERATURE (F)   83        94      2002
 MINIMUM TEMPERATURE (F)   60        43      1954


SUNRISE AND SUNSET
AUGUST 18 2015........SUNRISE   607 AM EDT   SUNSET   751 PM EDT
AUGUST 19 2015........SUNRISE   608 AM EDT   SUNSET   750 PM EDT


-  INDICATES NEGATIVE NUMBERS.
R  INDICATES RECORD WAS SET OR TIED.
MM INDICATES DATA IS MISSING.
T  INDICATES TRACE AMOUNT.




RECORDS FOR KPOU DATE BACK TO 1949...
HOWEVER...DATA IS MISSING FROM JANUARY 1993 - JULY 2000.
$$
