000
CDUS41 KALY 020622
CLIPOU


CLIMATE REPORT
NATIONAL WEATHER SERVICE ALBANY NY
221 AM EDT SUN JUL 2 2017


...................................

...THE POUGHKEEPSIE NY CLIMATE SUMMARY FOR JULY 1 2017...

CLIMATE NORMAL PERIOD 1981 TO 2010
CLIMATE RECORD PERIOD 1949 TO 2017


WEATHER ITEM   OBSERVED TIME   RECORD YEAR NORMAL DEPARTURE LAST
                VALUE   (LST)  VALUE       VALUE  FROM      YEAR
                                                  NORMAL
..................................................................
TEMPERATURE (F)
 YESTERDAY
  MAXIMUM         85   1226 PM  97    1968  83      2       84
  MINIMUM         68    512 AM  45    1986  59      9       62
  AVERAGE         77                        71      6       73

PRECIPITATION (IN)
  YESTERDAY        T             1.74 2016   0.14  -0.14     1.74
  MONTH TO DATE    T                         0.14  -0.14     1.74
  SINCE JUN 1      3.38                      4.57  -1.19     3.77
  SINCE JAN 1     19.94                     22.07  -2.13    15.93

DEGREE DAYS
 HEATING
  YESTERDAY        0                         0      0        0
  MONTH TO DATE    0                         0      0        0
  SINCE JUN 1     50                        49      1        8
  SINCE JUL 1      0                         0      0        0

 COOLING
  YESTERDAY       12                         7      5        8
  MONTH TO DATE   12                         7      5        8
  SINCE JUN 1    151                       134     17      179
  SINCE JAN 1    199                       170     29      260
..................................................................


WIND (MPH)
  HIGHEST WIND SPEED    15   HIGHEST WIND DIRECTION    SE (140)
  HIGHEST GUST SPEED    20   HIGHEST GUST DIRECTION    SE (140)
  AVERAGE WIND SPEED     5.1


SKY COVER
  AVERAGE SKY COVER 0.3



RELATIVE HUMIDITY (PERCENT)
 HIGHEST    97           200 AM
 LOWEST     65          1100 AM
 AVERAGE    81

..........................................................


THE POUGHKEEPSIE NY CLIMATE NORMALS FOR TODAY
                         NORMAL    RECORD    YEAR
 MAXIMUM TEMPERATURE (F)   83        97      1966
 MINIMUM TEMPERATURE (F)   60        44      2007


SUNRISE AND SUNSET
JULY  2 2017..........SUNRISE   526 AM EDT   SUNSET   833 PM EDT
JULY  3 2017..........SUNRISE   526 AM EDT   SUNSET   833 PM EDT


-  INDICATES NEGATIVE NUMBERS.
R  INDICATES RECORD WAS SET OR TIED.
MM INDICATES DATA IS MISSING.
T  INDICATES TRACE AMOUNT.




RECORDS FOR KPOU DATE BACK TO 1949...
HOWEVER...DATA IS MISSING FROM JANUARY 1993 - JULY 2000.
$$
