000
CDUS41 KALY 130622
CLIPOU


CLIMATE REPORT
NATIONAL WEATHER SERVICE ALBANY NY
121 AM EST THU NOV 13 2014


...................................

...THE POUGHKEEPSIE NY CLIMATE SUMMARY FOR NOVEMBER 12 2014...

CLIMATE NORMAL PERIOD 1981 TO 2010
CLIMATE RECORD PERIOD 1949 TO 2014


WEATHER ITEM   OBSERVED TIME   RECORD YEAR NORMAL DEPARTURE LAST
                VALUE   (LST)  VALUE       VALUE  FROM      YEAR
                                                  NORMAL
..................................................................
TEMPERATURE (F)
 YESTERDAY
  MAXIMUM         63    106 PM  69    1964  54      9       50
  MINIMUM         34   1159 PM  19    2001  32      2       21
  AVERAGE         49                        43      6       36

PRECIPITATION (IN)
  YESTERDAY        0.00          1.23 1975   0.10  -0.10     0.07
  MONTH TO DATE    0.19                      1.36  -1.17     0.46
  SINCE SEP 1      4.47                     10.11  -5.64     4.39
  SINCE JAN 1     29.14                     40.89 -11.75    34.61

DEGREE DAYS
 HEATING
  YESTERDAY       16                        22     -6       29
  MONTH TO DATE  223                       247    -24      247
  SINCE SEP 1    627                       806   -179      732
  SINCE JUL 1    632                       823   -191      735

 COOLING
  YESTERDAY        0                         0      0        0
  MONTH TO DATE    0                         0      0        0
  SINCE SEP 1     99                        68     31       72
  SINCE JAN 1    696                       672     24      829
..................................................................


WIND (MPH)
  HIGHEST WIND SPEED    17   HIGHEST WIND DIRECTION     N (20)
  HIGHEST GUST SPEED    23   HIGHEST GUST DIRECTION     N (20)
  AVERAGE WIND SPEED     3.4


SKY COVER
  AVERAGE SKY COVER 0.7



RELATIVE HUMIDITY (PERCENT)
 HIGHEST    96           400 AM
 LOWEST     64           400 PM
 AVERAGE    80

..........................................................


THE POUGHKEEPSIE NY CLIMATE NORMALS FOR TODAY
                         NORMAL    RECORD    YEAR
 MAXIMUM TEMPERATURE (F)   53        73      1964
 MINIMUM TEMPERATURE (F)   32        16      2013


SUNRISE AND SUNSET
NOVEMBER 13 2014......SUNRISE   642 AM EST   SUNSET   437 PM EST
NOVEMBER 14 2014......SUNRISE   643 AM EST   SUNSET   436 PM EST


-  INDICATES NEGATIVE NUMBERS.
R  INDICATES RECORD WAS SET OR TIED.
MM INDICATES DATA IS MISSING.
T  INDICATES TRACE AMOUNT.





RECORDS FOR KPOU DATE BACK TO 1949...
HOWEVER...DATA IS MISSING FROM JANUARY 1993 - JULY 2000.
$$
