000
CDUS41 KALY 051808
CLIPOU


CLIMATE REPORT
NATIONAL WEATHER SERVICE ALBANY NY
208 PM EDT MON JUN 5 2017


...................................

...THE POUGHKEEPSIE NY CLIMATE SUMMARY FOR JUNE 4 2017...

CLIMATE NORMAL PERIOD 1981 TO 2010
CLIMATE RECORD PERIOD 1949 TO 2017


WEATHER ITEM   OBSERVED TIME   RECORD YEAR NORMAL DEPARTURE LAST
                VALUE   (LST)  VALUE       VALUE  FROM      YEAR
                                                  NORMAL
..................................................................
TEMPERATURE (F)
 YESTERDAY
  MAXIMUM         70   1126 AM  95    1943  76     -6       85
  MINIMUM         44    454 AM  38    1965  52     -8       62
  AVERAGE         57                        64     -7       74

PRECIPITATION (IN)
  YESTERDAY        0.37          0.88 1941   0.17   0.20      T
  MONTH TO DATE    0.37                      0.64  -0.27     0.52
  SINCE JUN 1      0.37                      0.64  -0.27     0.52
  SINCE JAN 1     16.93                     18.14  -1.21    12.68

DEGREE DAYS
 HEATING
  YESTERDAY        8                         3      5        0
  MONTH TO DATE   21                        13      8        0
  SINCE JUN 1     21                        13      8        0
  SINCE JUL 1   5685                      6175   -490     4769

 COOLING
  YESTERDAY        0                         3     -3        9
  MONTH TO DATE    0                         9     -9       23
  SINCE JUN 1      0                         9     -9       23
  SINCE JAN 1     48                        45      3      104
..................................................................


WIND (MPH)
  HIGHEST WIND SPEED    16   HIGHEST WIND DIRECTION    SW (230)
  HIGHEST GUST SPEED    20   HIGHEST GUST DIRECTION    SW (230)
  AVERAGE WIND SPEED     2.4


SKY COVER
  AVERAGE SKY COVER 0.5



RELATIVE HUMIDITY (PERCENT)
 HIGHEST    93           200 PM
 LOWEST     47          1200 PM
 AVERAGE    70

..........................................................


THE POUGHKEEPSIE NY CLIMATE NORMALS FOR TODAY
                         NORMAL    RECORD    YEAR
 MAXIMUM TEMPERATURE (F)   77        90      1966
                                             1934
 MINIMUM TEMPERATURE (F)   53        37      1964


SUNRISE AND SUNSET
JUNE  5 2017..........SUNRISE   522 AM EDT   SUNSET   826 PM EDT
JUNE  6 2017..........SUNRISE   522 AM EDT   SUNSET   827 PM EDT


-  INDICATES NEGATIVE NUMBERS.
R  INDICATES RECORD WAS SET OR TIED.
MM INDICATES DATA IS MISSING.
T  INDICATES TRACE AMOUNT.




RECORDS FOR KPOU DATE BACK TO 1949...
HOWEVER...DATA IS MISSING FROM JANUARY 1993 - JULY 2000.
$$
