000
CDUS41 KALY 012046
CLIPOU


CLIMATE REPORT
NATIONAL WEATHER SERVICE ALBANY NY
445 PM EDT MON MAY 1 2017


...................................

...THE POUGHKEEPSIE NY CLIMATE SUMMARY FOR MAY 1 2017...
VALID TODAY AS OF 0400 PM LOCAL TIME.

CLIMATE NORMAL PERIOD 1981 TO 2010
CLIMATE RECORD PERIOD 1949 TO 2017


WEATHER ITEM   OBSERVED TIME   RECORD YEAR NORMAL DEPARTURE LAST
                VALUE   (LST)  VALUE       VALUE  FROM      YEAR
                                                  NORMAL
..................................................................
TEMPERATURE (F)
 TODAY
  MAXIMUM         71    340 PM  88    2010  67      4       52
  MINIMUM         47    609 AM  26    2008  42      5       44
  AVERAGE         59                        54      5       48

PRECIPITATION (IN)
  TODAY            0.00          0.87 1953   0.12  -0.12     0.19
  MONTH TO DATE    0.00                      0.12  -0.12     0.19
  SINCE MAR 1      7.69                      7.47   0.22     3.46
  SINCE JAN 1     12.56                     13.21  -0.65     9.14

DEGREE DAYS
 HEATING
  TODAY            6                        11     -5       17
  MONTH TO DATE    6                        11     -5       17
  SINCE MAR 1   1368                      1379    -11     1070
  SINCE JUL 1   5410                      5950   -540     4602

 COOLING
  TODAY            0                         0      0        0
  MONTH TO DATE    0                         0      0        0
  SINCE MAR 1     17                         5     12        4
  SINCE JAN 1     17                         5     12        4
..................................................................


WIND (MPH)
  HIGHEST WIND SPEED     7   HIGHEST WIND DIRECTION    SE (130)
  HIGHEST GUST SPEED    MM   HIGHEST GUST DIRECTION    MM
  AVERAGE WIND SPEED     2.8


SKY COVER
  AVERAGE SKY COVER 1.0



RELATIVE HUMIDITY (PERCENT)
 HIGHEST    93           400 AM
 LOWEST     61          1200 AM
 AVERAGE    77

..........................................................


THE POUGHKEEPSIE NY CLIMATE NORMALS FOR TOMORROW
                         NORMAL    RECORD    YEAR
 MAXIMUM TEMPERATURE (F)   67        90      2010
 MINIMUM TEMPERATURE (F)   42        30      1960


SUNRISE AND SUNSET
MAY  1 2017...........SUNRISE   552 AM EDT   SUNSET   754 PM EDT
MAY  2 2017...........SUNRISE   551 AM EDT   SUNSET   755 PM EDT


-  INDICATES NEGATIVE NUMBERS.
R  INDICATES RECORD WAS SET OR TIED.
MM INDICATES DATA IS MISSING.
T  INDICATES TRACE AMOUNT.




RECORDS FOR KPOU DATE BACK TO 1949...
HOWEVER...DATA IS MISSING FROM JANUARY 1993 - JULY 2000.
$$
