000
CDUS41 KALY 110623
CLIPOU


CLIMATE REPORT
NATIONAL WEATHER SERVICE ALBANY NY
223 AM EDT MON MAY 11 2015


...................................

...THE POUGHKEEPSIE NY CLIMATE SUMMARY FOR MAY 10 2015...

CLIMATE NORMAL PERIOD 1981 TO 2010
CLIMATE RECORD PERIOD 1949 TO 2015


WEATHER ITEM   OBSERVED TIME   RECORD YEAR NORMAL DEPARTURE LAST
                VALUE   (LST)  VALUE       VALUE  FROM      YEAR
                                                  NORMAL
..................................................................
TEMPERATURE (F)
 YESTERDAY
  MAXIMUM         89    354 PM  93    1979  70     19       83
  MINIMUM         65    234 AM  29    1966  44     21       62
  AVERAGE         77                        57     20       73

PRECIPITATION (IN)
  YESTERDAY        0.00          1.92 1989   0.13  -0.13     0.22
  MONTH TO DATE    0.02                      1.27  -1.25     0.73
  SINCE MAR 1      4.42                      8.62  -4.20     7.91
  SINCE JAN 1      8.72                     14.36  -5.64    12.19

DEGREE DAYS
 HEATING
  YESTERDAY        0                         9     -9        0
  MONTH TO DATE   25                        98    -73       77
  SINCE MAR 1   1491                      1466     25     1578
  SINCE JUL 1   6176                      6037    139     6281

 COOLING
  YESTERDAY       12                         1     11        8
  MONTH TO DATE   30                         4     26        8
  SINCE MAR 1     30                         9     21       14
  SINCE JAN 1     30                         9     21       14
..................................................................


WIND (MPH)
  HIGHEST WIND SPEED    18   HIGHEST WIND DIRECTION    SW (240)
  HIGHEST GUST SPEED    27   HIGHEST GUST DIRECTION    SW (220)
  AVERAGE WIND SPEED     6.7


SKY COVER
  AVERAGE SKY COVER 0.3



RELATIVE HUMIDITY (PERCENT)
 HIGHEST    87          1200 AM
 LOWEST     38           400 PM
 AVERAGE    63

..........................................................


THE POUGHKEEPSIE NY CLIMATE NORMALS FOR TODAY
                         NORMAL    RECORD    YEAR
 MAXIMUM TEMPERATURE (F)   70        91      1953
 MINIMUM TEMPERATURE (F)   45        28      2010


SUNRISE AND SUNSET
MAY 11 2015...........SUNRISE   541 AM EDT   SUNSET   804 PM EDT
MAY 12 2015...........SUNRISE   539 AM EDT   SUNSET   805 PM EDT


-  INDICATES NEGATIVE NUMBERS.
R  INDICATES RECORD WAS SET OR TIED.
MM INDICATES DATA IS MISSING.
T  INDICATES TRACE AMOUNT.




RECORDS FOR KPOU DATE BACK TO 1949...
HOWEVER...DATA IS MISSING FROM JANUARY 1993 - JULY 2000.
$$
