311
CDUS41 KALY 062155
CLIPOU


CLIMATE REPORT
NATIONAL WEATHER SERVICE ALBANY NY
455 PM EST TUE FEB 6 2018


...................................

...THE POUGHKEEPSIE NY CLIMATE SUMMARY FOR FEBRUARY 6 2018...
VALID TODAY AS OF 0400 PM LOCAL TIME.

CLIMATE NORMAL PERIOD 1981 TO 2010
CLIMATE RECORD PERIOD 1949 TO 2018


WEATHER ITEM   OBSERVED TIME   RECORD YEAR NORMAL DEPARTURE LAST
                VALUE   (LST)  VALUE       VALUE  FROM      YEAR
                                                  NORMAL
..................................................................
TEMPERATURE (F)
 TODAY
  MAXIMUM         33    400 PM  54    2012  38     -5       41
  MINIMUM         16        MM -10    2015  16      0       25
  AVERAGE         25                        27     -2       33

PRECIPITATION (IN)
  TODAY            0.01          1.35 1978   0.10  -0.09     0.00
  MONTH TO DATE    0.91                      0.56   0.35      T
  SINCE DEC 1      5.35                      7.17  -1.82     5.57
  SINCE JAN 1      3.79                      3.64   0.15     2.97

DEGREE DAYS
 HEATING
  TODAY           40                        38      2       32
  MONTH TO DATE  232                       230      2      221
  SINCE DEC 1   2612                      2504    108     2271
  SINCE JUL 1   3695                      3782    -87     3417

 COOLING
  TODAY            0                         0      0        0
  MONTH TO DATE    0                         0      0        0
  SINCE DEC 1      0                         0      0        0
  SINCE JAN 1      0                         0      0        0
..................................................................


WIND (MPH)
  HIGHEST WIND SPEED     7   HIGHEST WIND DIRECTION    SW (240)
  HIGHEST GUST SPEED    MM   HIGHEST GUST DIRECTION    MM
  AVERAGE WIND SPEED     1.3


SKY COVER
  AVERAGE SKY COVER 0.6



RELATIVE HUMIDITY (PERCENT)
 HIGHEST    84           900 AM
 LOWEST     51           400 PM
 AVERAGE    68

..........................................................


THE POUGHKEEPSIE NY CLIMATE NORMALS FOR TOMORROW
                         NORMAL    RECORD    YEAR
 MAXIMUM TEMPERATURE (F)   38        53      2005
 MINIMUM TEMPERATURE (F)   17       -10      1966


SUNRISE AND SUNSET
FEBRUARY  6 2018......SUNRISE   702 AM EST   SUNSET   518 PM EST
FEBRUARY  7 2018......SUNRISE   701 AM EST   SUNSET   519 PM EST


-  INDICATES NEGATIVE NUMBERS.
R  INDICATES RECORD WAS SET OR TIED.
MM INDICATES DATA IS MISSING.
T  INDICATES TRACE AMOUNT.




RECORDS FOR KPOU DATE BACK TO 1949...
HOWEVER...DATA IS MISSING FROM JANUARY 1993 - JULY 2000.
$$
