000
CDUS41 KALY 220629
CLIPOU


CLIMATE REPORT
NATIONAL WEATHER SERVICE ALBANY NY
228 AM EDT MON JUN 22 2015


...................................

...THE POUGHKEEPSIE NY CLIMATE SUMMARY FOR JUNE 21 2015...

CLIMATE NORMAL PERIOD 1981 TO 2010
CLIMATE RECORD PERIOD 1949 TO 2015


WEATHER ITEM   OBSERVED TIME   RECORD YEAR NORMAL DEPARTURE LAST
                VALUE   (LST)  VALUE       VALUE  FROM      YEAR
                                                  NORMAL
..................................................................
TEMPERATURE (F)
 YESTERDAY
  MAXIMUM         88    349 PM  97    1949  81      7       78
  MINIMUM         67    204 AM  43    1986  57     10       50
  AVERAGE         78                        69      9       64

PRECIPITATION (IN)
  YESTERDAY        0.81          1.03 2003   0.13   0.68     0.00
  MONTH TO DATE    3.15                      3.25  -0.10     1.83
  SINCE JUN 1      3.15                      3.25  -0.10     1.83
  SINCE JAN 1     13.82                     20.75  -6.93    15.86

DEGREE DAYS
 HEATING
  YESTERDAY        0                         1     -1        1
  MONTH TO DATE   40                        43     -3        7
  SINCE JUN 1     40                        43     -3        7
  SINCE JUL 1   6285                      6205     80     6351

 COOLING
  YESTERDAY       13                         5      8        0
  MONTH TO DATE   92                        74     18       66
  SINCE JUN 1     92                        74     18       66
  SINCE JAN 1    205                       110     95       99
..................................................................


WIND (MPH)
  HIGHEST WIND SPEED    20   HIGHEST WIND DIRECTION     W (250)
  HIGHEST GUST SPEED    28   HIGHEST GUST DIRECTION     W (260)
  AVERAGE WIND SPEED     4.5


SKY COVER
  AVERAGE SKY COVER 0.6



RELATIVE HUMIDITY (PERCENT)
 HIGHEST    93           100 AM
 LOWEST     50           400 PM
 AVERAGE    72

..........................................................


THE POUGHKEEPSIE NY CLIMATE NORMALS FOR TODAY
                         NORMAL    RECORD    YEAR
 MAXIMUM TEMPERATURE (F)   81        92      1988
 MINIMUM TEMPERATURE (F)   58        41      1992


SUNRISE AND SUNSET
JUNE 22 2015..........SUNRISE   522 AM EDT   SUNSET   833 PM EDT
JUNE 23 2015..........SUNRISE   522 AM EDT   SUNSET   834 PM EDT


-  INDICATES NEGATIVE NUMBERS.
R  INDICATES RECORD WAS SET OR TIED.
MM INDICATES DATA IS MISSING.
T  INDICATES TRACE AMOUNT.




RECORDS FOR KPOU DATE BACK TO 1949...
HOWEVER...DATA IS MISSING FROM JANUARY 1993 - JULY 2000.
$$
