000
CDUS41 KALY 200624
CLIPOU


CLIMATE REPORT
NATIONAL WEATHER SERVICE ALBANY NY
122 AM EST TUE JAN 20 2015


...................................

...THE POUGHKEEPSIE NY CLIMATE SUMMARY FOR JANUARY 19 2015...

CLIMATE NORMAL PERIOD 1981 TO 2010
CLIMATE RECORD PERIOD 1949 TO 2015


WEATHER ITEM   OBSERVED TIME   RECORD YEAR NORMAL DEPARTURE LAST
                VALUE   (LST)  VALUE       VALUE  FROM      YEAR
                                                  NORMAL
..................................................................
TEMPERATURE (F)
 YESTERDAY
  MAXIMUM         42   1137 AM  61    1949  35      7       35
  MINIMUM         32    155 AM -18    1971  15     17       23
  AVERAGE         37                        25     12       29

PRECIPITATION (IN)
  YESTERDAY        0.00          0.53 1987   0.10  -0.10      T
  MONTH TO DATE    2.41                      1.92   0.49     1.45
  SINCE DEC 1      5.41                      5.45  -0.04     4.78
  SINCE JAN 1      2.41                      1.92   0.49     1.45

DEGREE DAYS
 HEATING
  YESTERDAY       28                        40    -12       36
  MONTH TO DATE  755                       752      3      712
  SINCE DEC 1   1655                      1803   -148     1747
  SINCE JUL 1   2806                      3081   -275     2990

 COOLING
  YESTERDAY        0                         0      0        0
  MONTH TO DATE    0                         0      0        0
  SINCE DEC 1      0                         0      0        0
  SINCE JAN 1      0                         0      0        0
..................................................................


WIND (MPH)
  HIGHEST WIND SPEED    20   HIGHEST WIND DIRECTION     W (280)
  HIGHEST GUST SPEED    27   HIGHEST GUST DIRECTION     W (280)
  AVERAGE WIND SPEED     9.8


SKY COVER
  AVERAGE SKY COVER 0.8



RELATIVE HUMIDITY (PERCENT)
 HIGHEST    92          1200 AM
 LOWEST     48           200 PM
 AVERAGE    70

..........................................................


THE POUGHKEEPSIE NY CLIMATE NORMALS FOR TODAY
                         NORMAL    RECORD    YEAR
 MAXIMUM TEMPERATURE (F)   35        56      2006
 MINIMUM TEMPERATURE (F)   15       -13      1971


SUNRISE AND SUNSET
JANUARY 20 2015.......SUNRISE   717 AM EST   SUNSET   456 PM EST
JANUARY 21 2015.......SUNRISE   717 AM EST   SUNSET   457 PM EST


-  INDICATES NEGATIVE NUMBERS.
R  INDICATES RECORD WAS SET OR TIED.
MM INDICATES DATA IS MISSING.
T  INDICATES TRACE AMOUNT.





RECORDS FOR KPOU DATE BACK TO 1949...
HOWEVER...DATA IS MISSING FROM JANUARY 1993 - JULY 2000.
$$
