929
CDUS41 KALY 160632
CLIPOU


CLIMATE REPORT
NATIONAL WEATHER SERVICE ALBANY NY
231 AM EDT SAT APR 16 2016


...................................

...THE POUGHKEEPSIE NY CLIMATE SUMMARY FOR APRIL 15 2016...

CLIMATE NORMAL PERIOD 1981 TO 2010
CLIMATE RECORD PERIOD 1949 TO 2016


WEATHER ITEM   OBSERVED TIME   RECORD YEAR NORMAL DEPARTURE LAST
                VALUE   (LST)  VALUE       VALUE  FROM      YEAR
                                                  NORMAL
..................................................................
TEMPERATURE (F)
 YESTERDAY
  MAXIMUM         66    417 PM  84    2003  61      5       70
  MINIMUM         30    540 AM  22    1957  37     -7       34
  AVERAGE         48                        49     -1       52

PRECIPITATION (IN)
  YESTERDAY        0.00          3.65 2007   0.12  -0.12     0.00
  MONTH TO DATE    1.43                      1.93  -0.50     1.31
  SINCE MAR 1      2.47                      5.50  -3.03     3.48
  SINCE JAN 1      8.15                     11.24  -3.09     7.78

DEGREE DAYS
 HEATING
  YESTERDAY       17                        16      1       13
  MONTH TO DATE  327                       288     39      270
  SINCE MAR 1    910                      1162   -252     1271
  SINCE JUL 1   4442                      5733  -1291     5956

 COOLING
  YESTERDAY        0                         0      0        0
  MONTH TO DATE    0                         0      0        0
  SINCE MAR 1      0                         0      0        0
  SINCE JAN 1      0                         0      0        0
..................................................................


WIND (MPH)
  HIGHEST WIND SPEED    13   HIGHEST WIND DIRECTION     N (20)
  HIGHEST GUST SPEED    16   HIGHEST GUST DIRECTION    SW (230)
  AVERAGE WIND SPEED     3.6


SKY COVER
  AVERAGE SKY COVER 0.0



RELATIVE HUMIDITY (PERCENT)
 HIGHEST    85           500 AM
 LOWEST     17           600 PM
 AVERAGE    51

..........................................................


THE POUGHKEEPSIE NY CLIMATE NORMALS FOR TODAY
                         NORMAL    RECORD    YEAR
 MAXIMUM TEMPERATURE (F)   61        91      2012
 MINIMUM TEMPERATURE (F)   37        22      1957


SUNRISE AND SUNSET
APRIL 16 2016.........SUNRISE   613 AM EDT   SUNSET   738 PM EDT
APRIL 17 2016.........SUNRISE   612 AM EDT   SUNSET   739 PM EDT


-  INDICATES NEGATIVE NUMBERS.
R  INDICATES RECORD WAS SET OR TIED.
MM INDICATES DATA IS MISSING.
T  INDICATES TRACE AMOUNT.




RECORDS FOR KPOU DATE BACK TO 1949...
HOWEVER...DATA IS MISSING FROM JANUARY 1993 - JULY 2000.
$$
