000
CDUS41 KALY 190627
CLIPOU


CLIMATE REPORT
NATIONAL WEATHER SERVICE ALBANY NY
226 AM EDT SUN JUL 19 2015


...................................

...THE POUGHKEEPSIE NY CLIMATE SUMMARY FOR JULY 18 2015...

CLIMATE NORMAL PERIOD 1981 TO 2010
CLIMATE RECORD PERIOD 1949 TO 2015


WEATHER ITEM   OBSERVED TIME   RECORD YEAR NORMAL DEPARTURE LAST
                VALUE   (LST)  VALUE       VALUE  FROM      YEAR
                                                  NORMAL
..................................................................
TEMPERATURE (F)
 YESTERDAY
  MAXIMUM         89    405 PM 100    1991  85      4       81
  MINIMUM         71    741 AM  50    1976  61     10       54
  AVERAGE         80                        73      7       68

PRECIPITATION (IN)
  YESTERDAY        0.42          0.88 1984   0.15   0.27     0.00
  MONTH TO DATE    0.99                      2.57  -1.58     4.12
  SINCE JUN 1      5.12                      7.00  -1.88     6.41
  SINCE JAN 1     15.79                     24.50  -8.71    20.44

DEGREE DAYS
 HEATING
  YESTERDAY        0                         0      0        0
  MONTH TO DATE    0                         0      0        0
  SINCE JUN 1     46                        49     -3        7
  SINCE JUL 1      0                         0      0        0

 COOLING
  YESTERDAY       15                         8      7        3
  MONTH TO DATE  130                       136     -6      176
  SINCE JUN 1    263                       263      0      314
  SINCE JAN 1    376                       299     77      347
..................................................................


WIND (MPH)
  HIGHEST WIND SPEED    14   HIGHEST WIND DIRECTION     W (250)
  HIGHEST GUST SPEED    18   HIGHEST GUST DIRECTION    NE (30)
  AVERAGE WIND SPEED     5.0


SKY COVER
  AVERAGE SKY COVER 0.8



RELATIVE HUMIDITY (PERCENT)
 HIGHEST    93          1100 PM
 LOWEST     53           200 PM
 AVERAGE    73

..........................................................


THE POUGHKEEPSIE NY CLIMATE NORMALS FOR TODAY
                         NORMAL    RECORD    YEAR
 MAXIMUM TEMPERATURE (F)   85       102      1991
 MINIMUM TEMPERATURE (F)   61        51      1956


SUNRISE AND SUNSET
JULY 19 2015..........SUNRISE   538 AM EDT   SUNSET   826 PM EDT
JULY 20 2015..........SUNRISE   538 AM EDT   SUNSET   825 PM EDT


-  INDICATES NEGATIVE NUMBERS.
R  INDICATES RECORD WAS SET OR TIED.
MM INDICATES DATA IS MISSING.
T  INDICATES TRACE AMOUNT.




RECORDS FOR KPOU DATE BACK TO 1949...
HOWEVER...DATA IS MISSING FROM JANUARY 1993 - JULY 2000.
$$
