000
CDUS41 KALY 032058
CLIPOU


CLIMATE REPORT
NATIONAL WEATHER SERVICE ALBANY NY
458 PM EDT MON JUL 3 2017


...................................

...THE POUGHKEEPSIE NY CLIMATE SUMMARY FOR JULY 3 2017...
VALID TODAY AS OF 0400 PM LOCAL TIME.

CLIMATE NORMAL PERIOD 1981 TO 2010
CLIMATE RECORD PERIOD 1949 TO 2017


WEATHER ITEM   OBSERVED TIME   RECORD YEAR NORMAL DEPARTURE LAST
                VALUE   (LST)  VALUE       VALUE  FROM      YEAR
                                                  NORMAL
..................................................................
TEMPERATURE (F)
 TODAY
  MAXIMUM         86    230 PM 103    1966  84      2       83
  MINIMUM         62    439 AM  43    1957  60      2       54
  AVERAGE         74                        72      2       69

PRECIPITATION (IN)
  TODAY            0.00          1.71 1965   0.13  -0.13     0.00
  MONTH TO DATE    0.06                      0.41  -0.35     1.74
  SINCE JUN 1      3.44                      4.84  -1.40     3.77
  SINCE JAN 1     20.00                     22.34  -2.34    15.93

DEGREE DAYS
 HEATING
  TODAY            0                         0      0        0
  MONTH TO DATE    0                         0      0        0
  SINCE JUN 1     50                        49      1        8
  SINCE JUL 1      0                         0      0        0

 COOLING
  TODAY            9                         7      2        4
  MONTH TO DATE   34                        21     13       16
  SINCE JUN 1    173                       148     25      187
  SINCE JAN 1    221                       184     37      268
..................................................................


WIND (MPH)
  HIGHEST WIND SPEED    16   HIGHEST WIND DIRECTION     W (270)
  HIGHEST GUST SPEED    23   HIGHEST GUST DIRECTION     W (280)
  AVERAGE WIND SPEED     4.2


SKY COVER
  AVERAGE SKY COVER 0.0



RELATIVE HUMIDITY (PERCENT)
 HIGHEST   100           200 AM
 LOWEST     37           300 PM
 AVERAGE    69

..........................................................


THE POUGHKEEPSIE NY CLIMATE NORMALS FOR TOMORROW
                         NORMAL    RECORD    YEAR
 MAXIMUM TEMPERATURE (F)   84        99      1949
 MINIMUM TEMPERATURE (F)   60        43      1986


SUNRISE AND SUNSET
JULY  3 2017..........SUNRISE   526 AM EDT   SUNSET   833 PM EDT
JULY  4 2017..........SUNRISE   527 AM EDT   SUNSET   833 PM EDT


-  INDICATES NEGATIVE NUMBERS.
R  INDICATES RECORD WAS SET OR TIED.
MM INDICATES DATA IS MISSING.
T  INDICATES TRACE AMOUNT.




RECORDS FOR KPOU DATE BACK TO 1949...
HOWEVER...DATA IS MISSING FROM JANUARY 1993 - JULY 2000.
$$
