000
CDUS41 KALY 240624
CLIPOU


CLIMATE REPORT
NATIONAL WEATHER SERVICE ALBANY NY
224 AM EDT MON MAR 24 2014




THE POUGHKEEPSIE NY CLIMATE SUMMARY FOR MARCH 23 2014...

CLIMATE NORMAL PERIOD 1981 TO 2010
CLIMATE RECORD PERIOD 1949 TO 2014


WEATHER ITEM   OBSERVED TIME   RECORD YEAR NORMAL DEPARTURE LAST
                VALUE   (LST)  VALUE       VALUE  FROM      YEAR
                                                  NORMAL

TEMPERATURE (F)
 YESTERDAY
  MAXIMUM         40    229 PM  75    2012  51    -11       46
  MINIMUM         22   1159 PM  15    1988  28     -6       31
  AVERAGE         31                        39     -8       39

PRECIPITATION (IN)
  YESTERDAY        0.00          0.57 1968   0.12  -0.12     0.00
  MONTH TO DATE    0.86                      2.62  -1.76     1.31
  SINCE MAR 1      0.86                      2.62  -1.76     1.31
  SINCE JAN 1      5.14                      8.36  -3.22     4.97

DEGREE DAYS
 HEATING
  YESTERDAY       34                        26      8       26
  MONTH TO DATE  789                       682    107      664
  SINCE MAR 1    789                       682    107      664
  SINCE JUL 1   5492                      5253    239     4785

 COOLING
  YESTERDAY        0                         0      0        0
  MONTH TO DATE    0                         0      0        0
  SINCE MAR 1      0                         0      0        0
  SINCE JAN 1      0                         0      0        0



WIND (MPH)
  HIGHEST WIND SPEED    20   HIGHEST WIND DIRECTION    NW (330)
  HIGHEST GUST SPEED    26   HIGHEST GUST DIRECTION    NW (320)
  AVERAGE WIND SPEED     6.7


SKY COVER
  AVERAGE SKY COVER 0.2



RELATIVE HUMIDITY (PERCENT)
 HIGHEST    85           400 AM
 LOWEST     29           400 PM
 AVERAGE    57




THE POUGHKEEPSIE NY CLIMATE NORMALS FOR TODAY
                         NORMAL    RECORD    YEAR
 MAXIMUM TEMPERATURE (F)   51        73      1988
 MINIMUM TEMPERATURE (F)   28        10      1992


SUNRISE AND SUNSET
MARCH 24 2014.........SUNRISE   652 AM EDT   SUNSET   712 PM EDT
MARCH 25 2014.........SUNRISE   650 AM EDT   SUNSET   713 PM EDT


-  INDICATES NEGATIVE NUMBERS.
R  INDICATES RECORD WAS SET OR TIED.
MM INDICATES DATA IS MISSING.
T  INDICATES TRACE AMOUNT.





RECORDS FOR KPOU DATE BACK TO 1949...
HOWEVER...DATA IS MISSING FROM JANUARY 1993 - JULY 2000.
$$
