000
CDUS41 KALY 020622
CLIPOU


CLIMATE REPORT
NATIONAL WEATHER SERVICE ALBANY NY
121 AM EST THU MAR 2 2017


...................................

...THE POUGHKEEPSIE NY CLIMATE SUMMARY FOR MARCH 1 2017...

CLIMATE NORMAL PERIOD 1981 TO 2010
CLIMATE RECORD PERIOD 1949 TO 2017


WEATHER ITEM   OBSERVED TIME   RECORD YEAR NORMAL DEPARTURE LAST
                VALUE   (LST)  VALUE       VALUE  FROM      YEAR
                                                  NORMAL
..................................................................
TEMPERATURE (F)
 YESTERDAY
  MAXIMUM         65R   440 PM  65    1972  43     22       50
  MINIMUM         51   1219 AM   0    2015  21     30       29
                                      2014
  AVERAGE         58                        32     26       40

PRECIPITATION (IN)
  YESTERDAY        0.09          0.90 1987   0.11  -0.02     0.00
  MONTH TO DATE    0.09                      0.11  -0.02     0.00
  SINCE MAR 1      0.09                      0.11  -0.02     0.00
  SINCE JAN 1      4.26                      5.85  -1.59     5.68

DEGREE DAYS
 HEATING
  YESTERDAY        7                        33    -26       25
  MONTH TO DATE    7                        33    -26       25
  SINCE MAR 1      7                        33    -26       25
  SINCE JUL 1   4049                      4604   -555     3557

 COOLING
  YESTERDAY        0                         0      0        0
  MONTH TO DATE    0                         0      0        0
  SINCE MAR 1      0                         0      0        0
  SINCE JAN 1      0                         0      0        0
..................................................................


WIND (MPH)
  HIGHEST WIND SPEED    18   HIGHEST WIND DIRECTION    SW (220)
  HIGHEST GUST SPEED    26   HIGHEST GUST DIRECTION    SW (220)
  AVERAGE WIND SPEED     7.8


SKY COVER
  AVERAGE SKY COVER 0.8



RELATIVE HUMIDITY (PERCENT)
 HIGHEST    96           700 AM
 LOWEST     64          1000 PM
 AVERAGE    80

..........................................................


THE POUGHKEEPSIE NY CLIMATE NORMALS FOR TODAY
                         NORMAL    RECORD    YEAR
 MAXIMUM TEMPERATURE (F)   43        69      1991
 MINIMUM TEMPERATURE (F)   21         2      1952


SUNRISE AND SUNSET
MARCH  2 2017.........SUNRISE   628 AM EST   SUNSET   547 PM EST
MARCH  3 2017.........SUNRISE   627 AM EST   SUNSET   549 PM EST


-  INDICATES NEGATIVE NUMBERS.
R  INDICATES RECORD WAS SET OR TIED.
MM INDICATES DATA IS MISSING.
T  INDICATES TRACE AMOUNT.




RECORDS FOR KPOU DATE BACK TO 1949...
HOWEVER...DATA IS MISSING FROM JANUARY 1993 - JULY 2000.
$$
