000
CDUS41 KALY 022058
CLIPOU


CLIMATE REPORT
NATIONAL WEATHER SERVICE ALBANY NY
458 PM EDT SUN APR 2 2017


...................................

...THE POUGHKEEPSIE NY CLIMATE SUMMARY FOR APRIL 2 2017...
VALID TODAY AS OF 0400 PM LOCAL TIME.

CLIMATE NORMAL PERIOD 1981 TO 2010
CLIMATE RECORD PERIOD 1949 TO 2017


WEATHER ITEM   OBSERVED TIME   RECORD YEAR NORMAL DEPARTURE LAST
                VALUE   (LST)  VALUE       VALUE  FROM      YEAR
                                                  NORMAL
..................................................................
TEMPERATURE (F)
 TODAY
  MAXIMUM         60    329 PM  79    1963  55      5       58
  MINIMUM         29    617 AM  14    1964  32     -3       40
  AVERAGE         45                        43      2       49

PRECIPITATION (IN)
  TODAY            0.00          2.51 1970   0.14  -0.14     0.18
  MONTH TO DATE    0.01                      0.26  -0.25     0.19
  SINCE MAR 1      5.32                      3.83   1.49     1.23
  SINCE JAN 1     10.19                      9.57   0.62     6.91

DEGREE DAYS
 HEATING
  TODAY           20                        22     -2       16
  MONTH TO DATE   46                        44      2       16
  SINCE MAR 1   1041                       918    123      599
  SINCE JUL 1   5083                      5489   -406     4131

 COOLING
  TODAY            0                         0      0        0
  MONTH TO DATE    0                         0      0        0
  SINCE MAR 1      0                         0      0        0
  SINCE JAN 1      0                         0      0        0
..................................................................


WIND (MPH)
  HIGHEST WIND SPEED    21   HIGHEST WIND DIRECTION     N (350)
  HIGHEST GUST SPEED    31   HIGHEST GUST DIRECTION    NW (300)
  AVERAGE WIND SPEED     3.5


SKY COVER
  AVERAGE SKY COVER 0.3



RELATIVE HUMIDITY (PERCENT)
 HIGHEST   100           500 AM
 LOWEST     28           300 PM
 AVERAGE    64

..........................................................


THE POUGHKEEPSIE NY CLIMATE NORMALS FOR TOMORROW
                         NORMAL    RECORD    YEAR
 MAXIMUM TEMPERATURE (F)   55        78      1981
 MINIMUM TEMPERATURE (F)   32        13      1954


SUNRISE AND SUNSET
APRIL  2 2017.........SUNRISE   636 AM EDT   SUNSET   722 PM EDT
APRIL  3 2017.........SUNRISE   635 AM EDT   SUNSET   723 PM EDT


-  INDICATES NEGATIVE NUMBERS.
R  INDICATES RECORD WAS SET OR TIED.
MM INDICATES DATA IS MISSING.
T  INDICATES TRACE AMOUNT.




RECORDS FOR KPOU DATE BACK TO 1949...
HOWEVER...DATA IS MISSING FROM JANUARY 1993 - JULY 2000.
$$
