000
CDUS41 KALY 280622
CLIPOU


CLIMATE REPORT
NATIONAL WEATHER SERVICE ALBANY NY
221 AM EDT SAT JUN 28 2014




THE POUGHKEEPSIE NY CLIMATE SUMMARY FOR JUNE 27 2014...

CLIMATE NORMAL PERIOD 1981 TO 2010
CLIMATE RECORD PERIOD 1949 TO 2014


WEATHER ITEM   OBSERVED TIME   RECORD YEAR NORMAL DEPARTURE LAST
                VALUE   (LST)  VALUE       VALUE  FROM      YEAR
                                                  NORMAL

TEMPERATURE (F)
 YESTERDAY
  MAXIMUM         85    229 PM  95    1983  82      3       85
  MINIMUM         65   1159 PM  47    2004  59      6       67
  AVERAGE         75                        70      5       76

PRECIPITATION (IN)
  YESTERDAY        0.00          0.89 2013   0.13  -0.13     0.89
  MONTH TO DATE    2.29                      4.04  -1.75     8.33
  SINCE JUN 1      2.29                      4.04  -1.75     8.33
  SINCE JAN 1     16.32                     21.54  -5.22    18.98

DEGREE DAYS
 HEATING
  YESTERDAY        0                         0      0        0
  MONTH TO DATE    7                        48    -41       31
  SINCE JUN 1      7                        48    -41       31
  SINCE JUL 1   6351                      6210    141     5714

 COOLING
  YESTERDAY       10                         6      4       11
  MONTH TO DATE  113                       108      5      122
  SINCE JUN 1    113                       108      5      122
  SINCE JAN 1    146                       144      2      175



WIND (MPH)
  HIGHEST WIND SPEED    14   HIGHEST WIND DIRECTION     N (10)
  HIGHEST GUST SPEED    21   HIGHEST GUST DIRECTION     N (20)
  AVERAGE WIND SPEED     4.5


SKY COVER
  AVERAGE SKY COVER 0.3



RELATIVE HUMIDITY (PERCENT)
 HIGHEST    87           300 AM
 LOWEST     27           300 PM
 AVERAGE    57




THE POUGHKEEPSIE NY CLIMATE NORMALS FOR TODAY
                         NORMAL    RECORD    YEAR
 MAXIMUM TEMPERATURE (F)   83        95      1963
 MINIMUM TEMPERATURE (F)   59        42      1988


SUNRISE AND SUNSET
JUNE 28 2014..........SUNRISE   524 AM EDT   SUNSET   834 PM EDT
JUNE 29 2014..........SUNRISE   524 AM EDT   SUNSET   834 PM EDT


-  INDICATES NEGATIVE NUMBERS.
R  INDICATES RECORD WAS SET OR TIED.
MM INDICATES DATA IS MISSING.
T  INDICATES TRACE AMOUNT.






RECORDS FOR KPOU DATE BACK TO 1949...
HOWEVER...DATA IS MISSING FROM JANUARY 1993 - JULY 2000.
$$
