000
CDUS41 KALY 170629
CLIPOU


CLIMATE REPORT
NATIONAL WEATHER SERVICE ALBANY NY
228 AM EDT MON AUG 17 2015


...................................

...THE POUGHKEEPSIE NY CLIMATE SUMMARY FOR AUGUST 16 2015...

CLIMATE NORMAL PERIOD 1981 TO 2010
CLIMATE RECORD PERIOD 1949 TO 2015


WEATHER ITEM   OBSERVED TIME   RECORD YEAR NORMAL DEPARTURE LAST
                VALUE   (LST)  VALUE       VALUE  FROM      YEAR
                                                  NORMAL
..................................................................
TEMPERATURE (F)
 YESTERDAY
  MAXIMUM         91    416 PM  94    1970  83      8       76
  MINIMUM         65    537 AM  46    1968  60      5       51
  AVERAGE         78                        71      7       64

PRECIPITATION (IN)
  YESTERDAY        0.00          1.59 1951   0.14  -0.14     0.00
  MONTH TO DATE    1.12                      2.32  -1.20     2.74
  SINCE JUN 1      7.20                     11.40  -4.20    10.00
  SINCE JAN 1     17.87                     28.90 -11.03    24.03

DEGREE DAYS
 HEATING
  YESTERDAY        0                         0      0        1
  MONTH TO DATE    0                         0      0        3
  SINCE JUN 1     46                        54     -8       10
  SINCE JUL 1      0                         5     -5        3

 COOLING
  YESTERDAY       13                         7      6        0
  MONTH TO DATE  136                       119     17       85
  SINCE JUN 1    554                       486     68      488
  SINCE JAN 1    667                       522    145      521
..................................................................


WIND (MPH)
  HIGHEST WIND SPEED     8   HIGHEST WIND DIRECTION    NW (300)
  HIGHEST GUST SPEED    11   HIGHEST GUST DIRECTION    SW (230)
  AVERAGE WIND SPEED     1.7


SKY COVER
  AVERAGE SKY COVER 0.2



RELATIVE HUMIDITY (PERCENT)
 HIGHEST    93           300 AM
 LOWEST     44           300 PM
 AVERAGE    69

..........................................................


THE POUGHKEEPSIE NY CLIMATE NORMALS FOR TODAY
                         NORMAL    RECORD    YEAR
 MAXIMUM TEMPERATURE (F)   83        94      1959
 MINIMUM TEMPERATURE (F)   60        42      1979


SUNRISE AND SUNSET
AUGUST 17 2015........SUNRISE   606 AM EDT   SUNSET   753 PM EDT
AUGUST 18 2015........SUNRISE   607 AM EDT   SUNSET   751 PM EDT


-  INDICATES NEGATIVE NUMBERS.
R  INDICATES RECORD WAS SET OR TIED.
MM INDICATES DATA IS MISSING.
T  INDICATES TRACE AMOUNT.




RECORDS FOR KPOU DATE BACK TO 1949...
HOWEVER...DATA IS MISSING FROM JANUARY 1993 - JULY 2000.
$$
