000
CDUS41 KALY 142048
CLIPOU


CLIMATE REPORT
NATIONAL WEATHER SERVICE ALBANY NY
447 PM EDT SUN SEP 14 2014




THE POUGHKEEPSIE NY CLIMATE SUMMARY FOR SEPTEMBER 14 2014...
VALID TODAY AS OF 0400 PM LOCAL TIME.

CLIMATE NORMAL PERIOD 1981 TO 2010
CLIMATE RECORD PERIOD 1949 TO 2014


WEATHER ITEM   OBSERVED TIME   RECORD YEAR NORMAL DEPARTURE LAST
                VALUE   (LST)  VALUE       VALUE  FROM      YEAR
                                                  NORMAL

TEMPERATURE (F)
 TODAY
  MAXIMUM         69    329 PM  89    2005  76     -7       67
  MINIMUM         42    550 AM  33    1963  52    -10       46
  AVERAGE         56                        64     -8       57

PRECIPITATION (IN)
  TODAY            0.00          1.59 1989   0.14  -0.14     0.00
  MONTH TO DATE    0.33                      1.93  -1.60     1.62
  SINCE SEP 1      0.33                      1.93  -1.60     1.62
  SINCE JAN 1     25.00                     32.71  -7.71    31.84

DEGREE DAYS
 HEATING
  TODAY            9                         3      6        8
  MONTH TO DATE   23                        30     -7       30
  SINCE SEP 1     23                        30     -7       30
  SINCE JUL 1     28                        47    -19       33

 COOLING
  TODAY            0                         2     -2        0
  MONTH TO DATE   73                        45     28       64
  SINCE SEP 1     73                        45     28       64
  SINCE JAN 1    670                       649     21      821



WIND (MPH)
  HIGHEST WIND SPEED     9   HIGHEST WIND DIRECTION     N (340)
  HIGHEST GUST SPEED    MM   HIGHEST GUST DIRECTION    MM
  AVERAGE WIND SPEED     3.3


SKY COVER
  AVERAGE SKY COVER 0.2



RELATIVE HUMIDITY (PERCENT)
 HIGHEST   100           300 AM
 LOWEST     42           200 PM
 AVERAGE    71




THE POUGHKEEPSIE NY CLIMATE NORMALS FOR TOMORROW
                         NORMAL    RECORD    YEAR
 MAXIMUM TEMPERATURE (F)   75        86      2005
 MINIMUM TEMPERATURE (F)   52        32      1963


SUNRISE AND SUNSET
SEPTEMBER 14 2014.....SUNRISE   635 AM EDT   SUNSET   707 PM EDT
SEPTEMBER 15 2014.....SUNRISE   636 AM EDT   SUNSET   705 PM EDT


-  INDICATES NEGATIVE NUMBERS.
R  INDICATES RECORD WAS SET OR TIED.
MM INDICATES DATA IS MISSING.
T  INDICATES TRACE AMOUNT.






RECORDS FOR KPOU DATE BACK TO 1949...
HOWEVER...DATA IS MISSING FROM JANUARY 1993 - JULY 2000.
$$
