000
CDUS41 KALY 222048
CLIPOU


CLIMATE REPORT
NATIONAL WEATHER SERVICE ALBANY NY
448 PM EDT TUE APR 22 2014




THE POUGHKEEPSIE NY CLIMATE SUMMARY FOR APRIL 22 2014...
VALID TODAY AS OF 0400 PM LOCAL TIME.

CLIMATE NORMAL PERIOD 1981 TO 2010
CLIMATE RECORD PERIOD 1949 TO 2014


WEATHER ITEM   OBSERVED TIME   RECORD YEAR NORMAL DEPARTURE LAST
                VALUE   (LST)  VALUE       VALUE  FROM      YEAR
                                                  NORMAL

TEMPERATURE (F)
 TODAY
  MAXIMUM         73        MM  87    1985  64      9       59
  MINIMUM         44        MM  24    1981  39      5       32
  AVERAGE         59                        51      8       46

PRECIPITATION (IN)
  TODAY            T             1.30 2012   0.12  -0.12     0.00
  MONTH TO DATE    1.72                      2.77  -1.05     1.32
  SINCE MAR 1      4.47                      6.34  -1.87     2.80
  SINCE JAN 1      8.75                     12.08  -3.33     6.46

DEGREE DAYS
 HEATING
  TODAY            6                        14     -8       19
  MONTH TO DATE  349                       393    -44      372
  SINCE MAR 1   1376                      1267    109     1240
  SINCE JUL 1   6079                      5838    241     5361

 COOLING
  TODAY            0                         0      0        0
  MONTH TO DATE    6                         0      6        0
  SINCE MAR 1      6                         0      6        0
  SINCE JAN 1      6                         0      6        0



WIND (MPH)
  HIGHEST WIND SPEED    10   HIGHEST WIND DIRECTION     S (180)
  HIGHEST GUST SPEED    18   HIGHEST GUST DIRECTION     S (160)
  AVERAGE WIND SPEED     4.8


SKY COVER
  AVERAGE SKY COVER 0.1



RELATIVE HUMIDITY (PERCENT)
 HIGHEST    83           400 AM
 LOWEST     33           100 PM
 AVERAGE    58




THE POUGHKEEPSIE NY CLIMATE NORMALS FOR TOMORROW
                         NORMAL    RECORD    YEAR
 MAXIMUM TEMPERATURE (F)   64        86      2007
 MINIMUM TEMPERATURE (F)   39        21      1989


SUNRISE AND SUNSET
APRIL 22 2014.........SUNRISE   605 AM EDT   SUNSET   744 PM EDT
APRIL 23 2014.........SUNRISE   604 AM EDT   SUNSET   745 PM EDT


-  INDICATES NEGATIVE NUMBERS.
R  INDICATES RECORD WAS SET OR TIED.
MM INDICATES DATA IS MISSING.
T  INDICATES TRACE AMOUNT.





RECORDS FOR KPOU DATE BACK TO 1949...
HOWEVER...DATA IS MISSING FROM JANUARY 1993 - JULY 2000.
$$
