000
CDUS41 KALY 160622
CLIPOU


CLIMATE REPORT
NATIONAL WEATHER SERVICE ALBANY NY
121 AM EST TUE DEC 16 2014


...................................

...THE POUGHKEEPSIE NY CLIMATE SUMMARY FOR DECEMBER 15 2014...

CLIMATE NORMAL PERIOD 1981 TO 2010
CLIMATE RECORD PERIOD 1949 TO 2014


WEATHER ITEM   OBSERVED TIME   RECORD YEAR NORMAL DEPARTURE LAST
                VALUE   (LST)  VALUE       VALUE  FROM      YEAR
                                                  NORMAL
..................................................................
TEMPERATURE (F)
 YESTERDAY
  MAXIMUM         46    256 PM  63    2008  40      6       38
  MINIMUM         24    736 AM  -4    2005  22      2       18
  AVERAGE         35                        31      4       28

PRECIPITATION (IN)
  YESTERDAY        0.00          0.61 1972   0.11  -0.11     0.26
  MONTH TO DATE    2.39                      1.78   0.61     1.50
  SINCE DEC 1      2.39                      1.78   0.61     1.50
  SINCE JAN 1     33.53                     44.78 -11.25    38.08

DEGREE DAYS
 HEATING
  YESTERDAY       30                        34     -4       37
  MONTH TO DATE  458                       468    -10      493
  SINCE DEC 1    458                       468    -10      493
  SINCE JUL 1   1609                      1746   -137     1736

 COOLING
  YESTERDAY        0                         0      0        0
  MONTH TO DATE    0                         0      0        0
  SINCE DEC 1      0                         0      0        0
  SINCE JAN 1    696                       672     24      829
..................................................................


WIND (MPH)
  HIGHEST WIND SPEED    10   HIGHEST WIND DIRECTION     N (10)
  HIGHEST GUST SPEED    15   HIGHEST GUST DIRECTION     N (340)
  AVERAGE WIND SPEED     2.3


SKY COVER
  AVERAGE SKY COVER 0.1



RELATIVE HUMIDITY (PERCENT)
 HIGHEST    88           300 AM
 LOWEST     53           300 PM
 AVERAGE    71

..........................................................


THE POUGHKEEPSIE NY CLIMATE NORMALS FOR TODAY
                         NORMAL    RECORD    YEAR
 MAXIMUM TEMPERATURE (F)   40        59      1971
 MINIMUM TEMPERATURE (F)   22         3      1962


SUNRISE AND SUNSET
DECEMBER 16 2014......SUNRISE   716 AM EST   SUNSET   426 PM EST
DECEMBER 17 2014......SUNRISE   717 AM EST   SUNSET   427 PM EST


-  INDICATES NEGATIVE NUMBERS.
R  INDICATES RECORD WAS SET OR TIED.
MM INDICATES DATA IS MISSING.
T  INDICATES TRACE AMOUNT.





RECORDS FOR KPOU DATE BACK TO 1949...
HOWEVER...DATA IS MISSING FROM JANUARY 1993 - JULY 2000.
$$
