000
CDUS41 KALY 152159
CLIPOU


CLIMATE REPORT
NATIONAL WEATHER SERVICE ALBANY NY
458 PM EST WED NOV 15 2017


...................................

...THE POUGHKEEPSIE NY CLIMATE SUMMARY FOR NOVEMBER 15 2017...
VALID TODAY AS OF 0400 PM LOCAL TIME.

CLIMATE NORMAL PERIOD 1981 TO 2010
CLIMATE RECORD PERIOD 1949 TO 2017


WEATHER ITEM   OBSERVED TIME   RECORD YEAR NORMAL DEPARTURE LAST
                VALUE   (LST)  VALUE       VALUE  FROM      YEAR
                                                  NORMAL
..................................................................
TEMPERATURE (F)
 TODAY
  MAXIMUM         48    316 PM  72    1973  53     -5       46
  MINIMUM         24    655 AM  18    1965  31     -7       31
                                      1950
  AVERAGE         36                        42     -6       39

PRECIPITATION (IN)
  TODAY            0.00          1.78 2016   0.11  -0.11     1.78
  MONTH TO DATE    0.23                      1.69  -1.46     1.81
  SINCE SEP 1      5.85                     10.44  -4.59     5.28
  SINCE JAN 1     34.95                     41.22  -6.27    27.60

DEGREE DAYS
 HEATING
  TODAY           29                        23      6       26
  MONTH TO DATE  357                       315     42      309
  SINCE SEP 1    674                       874   -200      769
  SINCE JUL 1    694                       891   -197      771

 COOLING
  TODAY            0                         0      0        0
  MONTH TO DATE    0                         0      0        0
  SINCE SEP 1    144                        68     76      111
  SINCE JAN 1    718                       672     46     1053
..................................................................


WIND (MPH)
  HIGHEST WIND SPEED    10   HIGHEST WIND DIRECTION    SE (140)
  HIGHEST GUST SPEED    15   HIGHEST GUST DIRECTION    SE (150)
  AVERAGE WIND SPEED     1.2


SKY COVER
  AVERAGE SKY COVER 0.3



RELATIVE HUMIDITY (PERCENT)
 HIGHEST    92          1200 AM
 LOWEST     42           200 PM
 AVERAGE    67

..........................................................


THE POUGHKEEPSIE NY CLIMATE NORMALS FOR TOMORROW
                         NORMAL    RECORD    YEAR
 MAXIMUM TEMPERATURE (F)   52        72      2005
 MINIMUM TEMPERATURE (F)   31        14      1972


SUNRISE AND SUNSET
NOVEMBER 15 2017......SUNRISE   645 AM EST   SUNSET   435 PM EST
NOVEMBER 16 2017......SUNRISE   646 AM EST   SUNSET   434 PM EST


-  INDICATES NEGATIVE NUMBERS.
R  INDICATES RECORD WAS SET OR TIED.
MM INDICATES DATA IS MISSING.
T  INDICATES TRACE AMOUNT.




RECORDS FOR KPOU DATE BACK TO 1949...
HOWEVER...DATA IS MISSING FROM JANUARY 1993 - JULY 2000.
$$
