000
CDUS41 KALY 280629
CLIPOU


CLIMATE REPORT
NATIONAL WEATHER SERVICE ALBANY NY
227 AM EDT SAT MAR 28 2015


...................................

...THE POUGHKEEPSIE NY CLIMATE SUMMARY FOR MARCH 27 2015...

CLIMATE NORMAL PERIOD 1981 TO 2010
CLIMATE RECORD PERIOD 1949 TO 2015


WEATHER ITEM   OBSERVED TIME   RECORD YEAR NORMAL DEPARTURE LAST
                VALUE   (LST)  VALUE       VALUE  FROM      YEAR
                                                  NORMAL
..................................................................
TEMPERATURE (F)
 YESTERDAY
  MAXIMUM         46    331 PM  77    1949  52     -6       44
  MINIMUM         36   1159 PM  12    2001  30      6       17
  AVERAGE         41                        41      0       31

PRECIPITATION (IN)
  YESTERDAY        0.11          0.92 1983   0.12  -0.01     0.00
  MONTH TO DATE    2.06                      3.10  -1.04     0.86
  SINCE MAR 1      2.06                      3.10  -1.04     0.86
  SINCE JAN 1      6.36                      8.84  -2.48     5.14

DEGREE DAYS
 HEATING
  YESTERDAY       24                        24      0       34
  MONTH TO DATE  884                       781    103      937
  SINCE MAR 1    884                       781    103      937
  SINCE JUL 1   5569                      5352    217     5640

 COOLING
  YESTERDAY        0                         0      0        0
  MONTH TO DATE    0                         0      0        0
  SINCE MAR 1      0                         0      0        0
  SINCE JAN 1      0                         0      0        0
..................................................................


WIND (MPH)
  HIGHEST WIND SPEED    14   HIGHEST WIND DIRECTION     N (360)
  HIGHEST GUST SPEED    18   HIGHEST GUST DIRECTION     N (10)
  AVERAGE WIND SPEED     4.6


SKY COVER
  AVERAGE SKY COVER 1.0



RELATIVE HUMIDITY (PERCENT)
 HIGHEST    85          1200 AM
 LOWEST     49           500 PM
 AVERAGE    67

..........................................................


THE POUGHKEEPSIE NY CLIMATE NORMALS FOR TODAY
                         NORMAL    RECORD    YEAR
 MAXIMUM TEMPERATURE (F)   53        83      1989
 MINIMUM TEMPERATURE (F)   30        13      1956


SUNRISE AND SUNSET
MARCH 28 2015.........SUNRISE   646 AM EDT   SUNSET   716 PM EDT
MARCH 29 2015.........SUNRISE   644 AM EDT   SUNSET   717 PM EDT


-  INDICATES NEGATIVE NUMBERS.
R  INDICATES RECORD WAS SET OR TIED.
MM INDICATES DATA IS MISSING.
T  INDICATES TRACE AMOUNT.




RECORDS FOR KPOU DATE BACK TO 1949...
HOWEVER...DATA IS MISSING FROM JANUARY 1993 - JULY 2000.
$$
