000
CDUS41 KALY 290627
CLIPOU


CLIMATE REPORT
NATIONAL WEATHER SERVICE ALBANY NY
227 AM EDT FRI JUL 29 2016


...................................

...THE POUGHKEEPSIE NY CLIMATE SUMMARY FOR JULY 28 2016...

CLIMATE NORMAL PERIOD 1981 TO 2010
CLIMATE RECORD PERIOD 1949 TO 2016


WEATHER ITEM   OBSERVED TIME   RECORD YEAR NORMAL DEPARTURE LAST
                VALUE   (LST)  VALUE       VALUE  FROM      YEAR
                                                  NORMAL
..................................................................
TEMPERATURE (F)
 YESTERDAY
  MAXIMUM         95    405 PM  96    1949  85     10       93
  MINIMUM         64    526 AM  47    1977  61      3       66
  AVERAGE         80                        73      7       80

PRECIPITATION (IN)
  YESTERDAY        0.02          2.01 1986   0.16  -0.14     0.00
  MONTH TO DATE    3.21                      4.14  -0.93     1.74
  SINCE JUN 1      5.24                      8.57  -3.33     5.87
  SINCE JAN 1     17.40                     26.07  -8.67    16.54

DEGREE DAYS
 HEATING
  YESTERDAY        0                         0      0        0
  MONTH TO DATE    0                         0      0        0
  SINCE JUN 1      8                        49    -41       46
  SINCE JUL 1      0                         0      0        0

 COOLING
  YESTERDAY       15                         8      7       15
  MONTH TO DATE  327                       216    111      243
  SINCE JUN 1    498                       343    155      376
  SINCE JAN 1    579                       379    200      489
..................................................................


WIND (MPH)
  HIGHEST WIND SPEED    15   HIGHEST WIND DIRECTION    SW (240)
  HIGHEST GUST SPEED    21   HIGHEST GUST DIRECTION    SW (210)
  AVERAGE WIND SPEED     2.0


SKY COVER
  AVERAGE SKY COVER 0.2



RELATIVE HUMIDITY (PERCENT)
 HIGHEST    93           300 AM
 LOWEST     28           400 PM
 AVERAGE    61

..........................................................


THE POUGHKEEPSIE NY CLIMATE NORMALS FOR TODAY
                         NORMAL    RECORD    YEAR
 MAXIMUM TEMPERATURE (F)   85        96      2015
 MINIMUM TEMPERATURE (F)   61        49      1987


SUNRISE AND SUNSET
JULY 29 2016..........SUNRISE   547 AM EDT   SUNSET   816 PM EDT
JULY 30 2016..........SUNRISE   548 AM EDT   SUNSET   815 PM EDT


-  INDICATES NEGATIVE NUMBERS.
R  INDICATES RECORD WAS SET OR TIED.
MM INDICATES DATA IS MISSING.
T  INDICATES TRACE AMOUNT.




RECORDS FOR KPOU DATE BACK TO 1949...
HOWEVER...DATA IS MISSING FROM JANUARY 1993 - JULY 2000.
$$
