000
CDUS41 KALY 270629
CLIPOU


CLIMATE REPORT
NATIONAL WEATHER SERVICE ALBANY NY
129 AM EST SAT DEC 27 2014


...................................

...THE POUGHKEEPSIE NY CLIMATE SUMMARY FOR DECEMBER 26 2014...

CLIMATE NORMAL PERIOD 1981 TO 2010
CLIMATE RECORD PERIOD 1949 TO 2014


WEATHER ITEM   OBSERVED TIME   RECORD YEAR NORMAL DEPARTURE LAST
                VALUE   (LST)  VALUE       VALUE  FROM      YEAR
                                                  NORMAL
..................................................................
TEMPERATURE (F)
 YESTERDAY
  MAXIMUM         50    406 PM  60    1964  37     13       33
  MINIMUM         26    721 AM -13    1980  19      7       21
  AVERAGE         38                        28     10       27

PRECIPITATION (IN)
  YESTERDAY        0.00          1.41 1957   0.12  -0.12      T
  MONTH TO DATE    2.95                      3.03  -0.08     2.49
  SINCE DEC 1      2.95                      3.03  -0.08     2.49
  SINCE JAN 1     34.09                     46.03 -11.94    39.07

DEGREE DAYS
 HEATING
  YESTERDAY       27                        37    -10       38
  MONTH TO DATE  748                       860   -112      863
  SINCE DEC 1    748                       860   -112      863
  SINCE JUL 1   1899                      2138   -239     2106

 COOLING
  YESTERDAY        0                         0      0        0
  MONTH TO DATE    0                         0      0        0
  SINCE DEC 1      0                         0      0        0
  SINCE JAN 1    696                       672     24      829
..................................................................


WIND (MPH)
  HIGHEST WIND SPEED     9   HIGHEST WIND DIRECTION    NW (320)
  HIGHEST GUST SPEED    11   HIGHEST GUST DIRECTION    NW (320)
  AVERAGE WIND SPEED     1.3


SKY COVER
  AVERAGE SKY COVER 0.0



RELATIVE HUMIDITY (PERCENT)
 HIGHEST    92           800 AM
 LOWEST     39           400 PM
 AVERAGE    66

..........................................................


THE POUGHKEEPSIE NY CLIMATE NORMALS FOR TODAY
                         NORMAL    RECORD    YEAR
 MAXIMUM TEMPERATURE (F)   37        61      1949
 MINIMUM TEMPERATURE (F)   18       -23      1950


SUNRISE AND SUNSET
DECEMBER 27 2014......SUNRISE   721 AM EST   SUNSET   432 PM EST
DECEMBER 28 2014......SUNRISE   722 AM EST   SUNSET   433 PM EST


-  INDICATES NEGATIVE NUMBERS.
R  INDICATES RECORD WAS SET OR TIED.
MM INDICATES DATA IS MISSING.
T  INDICATES TRACE AMOUNT.





RECORDS FOR KPOU DATE BACK TO 1949...
HOWEVER...DATA IS MISSING FROM JANUARY 1993 - JULY 2000.
$$
