307
CDUS41 KALY 250625
CLIPOU


CLIMATE REPORT
NATIONAL WEATHER SERVICE ALBANY NY
224 AM EDT TUE JUL 25 2017


...................................

...THE POUGHKEEPSIE NY CLIMATE SUMMARY FOR JULY 24 2017...

CLIMATE NORMAL PERIOD 1981 TO 2010
CLIMATE RECORD PERIOD 1949 TO 2017


WEATHER ITEM   OBSERVED TIME   RECORD YEAR NORMAL DEPARTURE LAST
                VALUE   (LST)  VALUE       VALUE  FROM      YEAR
                                                  NORMAL
..................................................................
TEMPERATURE (F)
 YESTERDAY
  MAXIMUM         70   1243 AM  96    2001  85    -15       94
  MINIMUM         60   1159 PM  48    1985  61     -1       62
  AVERAGE         65                        73     -8       78

PRECIPITATION (IN)
  YESTERDAY        1.21          1.30 1988   0.16   1.05     0.00
  MONTH TO DATE    3.60                      3.49   0.11     2.84
  SINCE JUN 1      6.98                      7.92  -0.94     4.87
  SINCE JAN 1     23.54                     25.42  -1.88    17.03

DEGREE DAYS
 HEATING
  YESTERDAY        0                         0      0        0
  MONTH TO DATE    0                         0      0        0
  SINCE JUN 1     50                        49      1        8
  SINCE JUL 1      0                         0      0        0

 COOLING
  YESTERDAY        0                         8     -8       13
  MONTH TO DATE  212                       184     28      267
  SINCE JUN 1    351                       311     40      438
  SINCE JAN 1    399                       347     52      519
..................................................................


WIND (MPH)
  HIGHEST WIND SPEED    15   HIGHEST WIND DIRECTION    NE (40)
  HIGHEST GUST SPEED    19   HIGHEST GUST DIRECTION    NE (40)
  AVERAGE WIND SPEED     5.9


SKY COVER
  AVERAGE SKY COVER 1.0



RELATIVE HUMIDITY (PERCENT)
 HIGHEST    97           800 AM
 LOWEST     68           300 PM
 AVERAGE    83

..........................................................


THE POUGHKEEPSIE NY CLIMATE NORMALS FOR TODAY
                         NORMAL    RECORD    YEAR
 MAXIMUM TEMPERATURE (F)   85        97      2001
 MINIMUM TEMPERATURE (F)   61        48      1953


SUNRISE AND SUNSET
JULY 25 2017..........SUNRISE   543 AM EDT   SUNSET   820 PM EDT
JULY 26 2017..........SUNRISE   544 AM EDT   SUNSET   819 PM EDT


-  INDICATES NEGATIVE NUMBERS.
R  INDICATES RECORD WAS SET OR TIED.
MM INDICATES DATA IS MISSING.
T  INDICATES TRACE AMOUNT.




RECORDS FOR KPOU DATE BACK TO 1949...
HOWEVER...DATA IS MISSING FROM JANUARY 1993 - JULY 2000.
$$
