000
CDUS41 KALY 280625
CLIPOU


CLIMATE REPORT
NATIONAL WEATHER SERVICE ALBANY NY
225 AM EDT TUE OCT 28 2014


...................................

...THE POUGHKEEPSIE NY CLIMATE SUMMARY FOR OCTOBER 27 2014...

CLIMATE NORMAL PERIOD 1981 TO 2010
CLIMATE RECORD PERIOD 1949 TO 2014


WEATHER ITEM   OBSERVED TIME   RECORD YEAR NORMAL DEPARTURE LAST
                VALUE   (LST)  VALUE       VALUE  FROM      YEAR
                                                  NORMAL
..................................................................
TEMPERATURE (F)
 YESTERDAY
  MAXIMUM         64    303 PM  83    1963  59      5       58
  MINIMUM         38   1151 PM  19    1950  35      3       34
  AVERAGE         51                        47      4       46

PRECIPITATION (IN)
  YESTERDAY        0.00          1.56 2007   0.13  -0.13     0.00
  MONTH TO DATE    3.70                      3.94  -0.24     1.37
  SINCE SEP 1      4.22                      8.22  -4.00     3.69
  SINCE JAN 1     28.89                     39.00 -10.11    33.91

DEGREE DAYS
 HEATING
  YESTERDAY       14                        18     -4       19
  MONTH TO DATE  258                       364   -106      264
  SINCE SEP 1    347                       487   -140      404
  SINCE JUL 1    352                       504   -152      407

 COOLING
  YESTERDAY        0                         0      0        0
  MONTH TO DATE   13                         0     13        8
  SINCE SEP 1     99                        64     35       72
  SINCE JAN 1    696                       668     28      829
..................................................................


WIND (MPH)
  HIGHEST WIND SPEED    14   HIGHEST WIND DIRECTION    NW (300)
  HIGHEST GUST SPEED    18   HIGHEST GUST DIRECTION     W (260)
  AVERAGE WIND SPEED     4.4


SKY COVER
  AVERAGE SKY COVER 0.2



RELATIVE HUMIDITY (PERCENT)
 HIGHEST    92          1100 PM
 LOWEST     36           300 PM
 AVERAGE    64

..........................................................


THE POUGHKEEPSIE NY CLIMATE NORMALS FOR TODAY
                         NORMAL    RECORD    YEAR
 MAXIMUM TEMPERATURE (F)   59        78      1971
 MINIMUM TEMPERATURE (F)   35        19      1976


SUNRISE AND SUNSET
OCTOBER 28 2014.......SUNRISE   723 AM EDT   SUNSET   555 PM EDT
OCTOBER 29 2014.......SUNRISE   724 AM EDT   SUNSET   554 PM EDT


-  INDICATES NEGATIVE NUMBERS.
R  INDICATES RECORD WAS SET OR TIED.
MM INDICATES DATA IS MISSING.
T  INDICATES TRACE AMOUNT.





RECORDS FOR KPOU DATE BACK TO 1949...
HOWEVER...DATA IS MISSING FROM JANUARY 1993 - JULY 2000.
$$
