000
CDUS41 KALY 040626
CLIPOU


CLIMATE REPORT
NATIONAL WEATHER SERVICE ALBANY NY
125 AM EST WED MAR 4 2015


...................................

...THE POUGHKEEPSIE NY CLIMATE SUMMARY FOR MARCH 3 2015...

CLIMATE NORMAL PERIOD 1981 TO 2010
CLIMATE RECORD PERIOD 1949 TO 2015


WEATHER ITEM   OBSERVED TIME   RECORD YEAR NORMAL DEPARTURE LAST
                VALUE   (LST)  VALUE       VALUE  FROM      YEAR
                                                  NORMAL
..................................................................
TEMPERATURE (F)
 YESTERDAY
  MAXIMUM         35   1159 PM  63    1991  44     -9       24
  MINIMUM          2    645 AM  -2    1962  21    -19        4
  AVERAGE         19                        32    -13       14

PRECIPITATION (IN)
  YESTERDAY        0.52          1.15 1991   0.10   0.42     0.00
  MONTH TO DATE    0.81                      0.32   0.49     0.00
  SINCE MAR 1      0.81                      0.32   0.49     0.00
  SINCE JAN 1      5.11                      6.06  -0.95     4.28

DEGREE DAYS
 HEATING
  YESTERDAY       46                        33     13       51
  MONTH TO DATE  134                        99     35      133
  SINCE MAR 1    134                        99     35      133
  SINCE JUL 1   4819                      4670    149     4836

 COOLING
  YESTERDAY        0                         0      0        0
  MONTH TO DATE    0                         0      0        0
  SINCE MAR 1      0                         0      0        0
  SINCE JAN 1      0                         0      0        0
..................................................................


WIND (MPH)
  HIGHEST WIND SPEED    13   HIGHEST WIND DIRECTION     S (170)
  HIGHEST GUST SPEED    20   HIGHEST GUST DIRECTION     S (190)
  AVERAGE WIND SPEED     3.4


SKY COVER
  AVERAGE SKY COVER 0.4



RELATIVE HUMIDITY (PERCENT)
 HIGHEST    89          1100 PM
 LOWEST     39           200 PM
 AVERAGE    64

..........................................................


THE POUGHKEEPSIE NY CLIMATE NORMALS FOR TODAY
                         NORMAL    RECORD    YEAR
 MAXIMUM TEMPERATURE (F)   44        67      1974
 MINIMUM TEMPERATURE (F)   22        -7      1950


SUNRISE AND SUNSET
MARCH  4 2015.........SUNRISE   626 AM EST   SUNSET   549 PM EST
MARCH  5 2015.........SUNRISE   624 AM EST   SUNSET   550 PM EST


-  INDICATES NEGATIVE NUMBERS.
R  INDICATES RECORD WAS SET OR TIED.
MM INDICATES DATA IS MISSING.
T  INDICATES TRACE AMOUNT.




RECORDS FOR KPOU DATE BACK TO 1949...
HOWEVER...DATA IS MISSING FROM JANUARY 1993 - JULY 2000.
$$
