000
CDUS41 KALY 290628
CLIPOU


CLIMATE REPORT
NATIONAL WEATHER SERVICE ALBANY NY
127 AM EST TUE NOV 29 2016


...................................

...THE POUGHKEEPSIE NY CLIMATE SUMMARY FOR NOVEMBER 28 2016...

CLIMATE NORMAL PERIOD 1981 TO 2010
CLIMATE RECORD PERIOD 1949 TO 2016


WEATHER ITEM   OBSERVED TIME   RECORD YEAR NORMAL DEPARTURE LAST
                VALUE   (LST)  VALUE       VALUE  FROM      YEAR
                                                  NORMAL
..................................................................
TEMPERATURE (F)
 YESTERDAY
  MAXIMUM         49    316 PM  66    1990  47      2       58
  MINIMUM         20    529 AM  11    1951  28     -8       36
  AVERAGE         35                        38     -3       47

PRECIPITATION (IN)
  YESTERDAY        0.00          1.96 1958   0.12  -0.12     0.04
  MONTH TO DATE    2.83                      3.23  -0.40     1.82
  SINCE SEP 1      6.30                     11.98  -5.68     6.96
  SINCE JAN 1     28.62                     42.76 -14.14    25.92

DEGREE DAYS
 HEATING
  YESTERDAY       30                        27      3       18
  MONTH TO DATE  647                       644      3      491
  SINCE SEP 1   1107                      1203    -96      925
  SINCE JUL 1   1109                      1220   -111      925

 COOLING
  YESTERDAY        0                         0      0        0
  MONTH TO DATE    0                         0      0        2
  SINCE SEP 1    111                        68     43      159
  SINCE JAN 1   1053                       672    381      964
..................................................................


WIND (MPH)
  HIGHEST WIND SPEED    10   HIGHEST WIND DIRECTION    SW (240)
  HIGHEST GUST SPEED    13   HIGHEST GUST DIRECTION    SW (240)
  AVERAGE WIND SPEED     0.7


SKY COVER
  AVERAGE SKY COVER 0.0



RELATIVE HUMIDITY (PERCENT)
 HIGHEST    92          1200 AM
 LOWEST     46           200 PM
 AVERAGE    69

..........................................................


THE POUGHKEEPSIE NY CLIMATE NORMALS FOR TODAY
                         NORMAL    RECORD    YEAR
 MAXIMUM TEMPERATURE (F)   47        66      2011
 MINIMUM TEMPERATURE (F)   28        10      2014


SUNRISE AND SUNSET
NOVEMBER 29 2016......SUNRISE   701 AM EST   SUNSET   427 PM EST
NOVEMBER 30 2016......SUNRISE   702 AM EST   SUNSET   426 PM EST


-  INDICATES NEGATIVE NUMBERS.
R  INDICATES RECORD WAS SET OR TIED.
MM INDICATES DATA IS MISSING.
T  INDICATES TRACE AMOUNT.




RECORDS FOR KPOU DATE BACK TO 1949...
HOWEVER...DATA IS MISSING FROM JANUARY 1993 - JULY 2000.
$$
