000
CDUS41 KALY 230629
CLIPOU


CLIMATE REPORT
NATIONAL WEATHER SERVICE ALBANY NY
127 AM EST TUE DEC 23 2014


...................................

...THE POUGHKEEPSIE NY CLIMATE SUMMARY FOR DECEMBER 22 2014...

CLIMATE NORMAL PERIOD 1981 TO 2010
CLIMATE RECORD PERIOD 1949 TO 2014


WEATHER ITEM   OBSERVED TIME   RECORD YEAR NORMAL DEPARTURE LAST
                VALUE   (LST)  VALUE       VALUE  FROM      YEAR
                                                  NORMAL
..................................................................
TEMPERATURE (F)
 YESTERDAY
  MAXIMUM         40    313 PM  68    2013  38      2       68
  MINIMUM         32    739 AM  -5    1989  20     12       37
  AVERAGE         36                        29      7       53

PRECIPITATION (IN)
  YESTERDAY        0.01          0.65 1983   0.12  -0.11     0.07
  MONTH TO DATE    2.63                      2.57   0.06     1.82
  SINCE DEC 1      2.63                      2.57   0.06     1.82
  SINCE JAN 1     33.77                     45.57 -11.80    38.40

DEGREE DAYS
 HEATING
  YESTERDAY       29                        36     -7       12
  MONTH TO DATE  664                       713    -49      724
  SINCE DEC 1    664                       713    -49      724
  SINCE JUL 1   1815                      1991   -176     1967

 COOLING
  YESTERDAY        0                         0      0        0
  MONTH TO DATE    0                         0      0        0
  SINCE DEC 1      0                         0      0        0
  SINCE JAN 1    696                       672     24      829
..................................................................


WIND (MPH)
  HIGHEST WIND SPEED     7   HIGHEST WIND DIRECTION     N (10)
  HIGHEST GUST SPEED     9   HIGHEST GUST DIRECTION     N (10)
  AVERAGE WIND SPEED     3.5


SKY COVER
  AVERAGE SKY COVER 1.0



RELATIVE HUMIDITY (PERCENT)
 HIGHEST    85           700 AM
 LOWEST     75           200 AM
 AVERAGE    80

..........................................................


THE POUGHKEEPSIE NY CLIMATE NORMALS FOR TODAY
                         NORMAL    RECORD    YEAR
 MAXIMUM TEMPERATURE (F)   38        66      1990
 MINIMUM TEMPERATURE (F)   20       -12      1989


SUNRISE AND SUNSET
DECEMBER 23 2014......SUNRISE   720 AM EST   SUNSET   429 PM EST
DECEMBER 24 2014......SUNRISE   720 AM EST   SUNSET   430 PM EST


-  INDICATES NEGATIVE NUMBERS.
R  INDICATES RECORD WAS SET OR TIED.
MM INDICATES DATA IS MISSING.
T  INDICATES TRACE AMOUNT.





RECORDS FOR KPOU DATE BACK TO 1949...
HOWEVER...DATA IS MISSING FROM JANUARY 1993 - JULY 2000.
$$
