000
CDUS41 KALY 230623
CLIPOU


CLIMATE REPORT
NATIONAL WEATHER SERVICE ALBANY NY
222 AM EDT THU MAR 23 2017


...................................

...THE POUGHKEEPSIE NY CLIMATE SUMMARY FOR MARCH 22 2017...

CLIMATE NORMAL PERIOD 1981 TO 2010
CLIMATE RECORD PERIOD 1949 TO 2017


WEATHER ITEM   OBSERVED TIME   RECORD YEAR NORMAL DEPARTURE LAST
                VALUE   (LST)  VALUE       VALUE  FROM      YEAR
                                                  NORMAL
..................................................................
TEMPERATURE (F)
 YESTERDAY
  MAXIMUM         39    141 AM  79    2012  50    -11       56
  MINIMUM         18   1159 PM   5    1956  28    -10       32
  AVERAGE         29                        39    -10       44

PRECIPITATION (IN)
  YESTERDAY        0.00          2.22 1977   0.13  -0.13     0.00
  MONTH TO DATE    1.06                      2.50  -1.44     0.71
  SINCE MAR 1      1.06                      2.50  -1.44     0.71
  SINCE JAN 1      5.93                      8.24  -2.31     6.39

DEGREE DAYS
 HEATING
  YESTERDAY       36                        26     10       21
  MONTH TO DATE  744                       656     88      445
  SINCE MAR 1    744                       656     88      445
  SINCE JUL 1   4786                      5227   -441     3977

 COOLING
  YESTERDAY        0                         0      0        0
  MONTH TO DATE    0                         0      0        0
  SINCE MAR 1      0                         0      0        0
  SINCE JAN 1      0                         0      0        0
..................................................................


WIND (MPH)
  HIGHEST WIND SPEED    28   HIGHEST WIND DIRECTION    NW (320)
  HIGHEST GUST SPEED    46   HIGHEST GUST DIRECTION     W (290)
  AVERAGE WIND SPEED    13.8


SKY COVER
  AVERAGE SKY COVER 0.1



RELATIVE HUMIDITY (PERCENT)
 HIGHEST    78           100 AM
 LOWEST     23           100 PM
 AVERAGE    51

..........................................................


THE POUGHKEEPSIE NY CLIMATE NORMALS FOR TODAY
                         NORMAL    RECORD    YEAR
 MAXIMUM TEMPERATURE (F)   51        75      2012
 MINIMUM TEMPERATURE (F)   28        15      1988


SUNRISE AND SUNSET
MARCH 23 2017.........SUNRISE   653 AM EDT   SUNSET   711 PM EDT
MARCH 24 2017.........SUNRISE   652 AM EDT   SUNSET   712 PM EDT


-  INDICATES NEGATIVE NUMBERS.
R  INDICATES RECORD WAS SET OR TIED.
MM INDICATES DATA IS MISSING.
T  INDICATES TRACE AMOUNT.




RECORDS FOR KPOU DATE BACK TO 1949...
HOWEVER...DATA IS MISSING FROM JANUARY 1993 - JULY 2000.
$$
