084
CDUS41 KALY 060630
CLIPOU


CLIMATE REPORT
NATIONAL WEATHER SERVICE ALBANY NY
130 AM EST SAT FEB 6 2016


...................................

...THE POUGHKEEPSIE NY CLIMATE SUMMARY FOR FEBRUARY 5 2016...

CLIMATE NORMAL PERIOD 1981 TO 2010
CLIMATE RECORD PERIOD 1949 TO 2016


WEATHER ITEM   OBSERVED TIME   RECORD YEAR NORMAL DEPARTURE LAST
                VALUE   (LST)  VALUE       VALUE  FROM      YEAR
                                                  NORMAL
..................................................................
TEMPERATURE (F)
 YESTERDAY
  MAXIMUM         43    233 PM  64    1991  37      6       31
  MINIMUM         25   1155 PM -14    1965  16      9        1
  AVERAGE         34                        27      7       16

PRECIPITATION (IN)
  YESTERDAY        T             0.95 2014   0.09  -0.09     0.07
  MONTH TO DATE    0.62                      0.46   0.16     0.55
  SINCE DEC 1      5.73                      7.07  -1.34     6.49
  SINCE JAN 1      1.83                      3.54  -1.71     3.49

DEGREE DAYS
 HEATING
  YESTERDAY       31                        38     -7       49
  MONTH TO DATE  111                       192    -81      243
  SINCE DEC 1   1775                      2466   -691     2403
  SINCE JUL 1   2763                      3744   -981     3554

 COOLING
  YESTERDAY        0                         0      0        0
  MONTH TO DATE    0                         0      0        0
  SINCE DEC 1      0                         0      0        0
  SINCE JAN 1      0                         0      0        0
..................................................................


WIND (MPH)
  HIGHEST WIND SPEED    24   HIGHEST WIND DIRECTION     N (350)
  HIGHEST GUST SPEED    35   HIGHEST GUST DIRECTION     N (350)
  AVERAGE WIND SPEED    11.3


SKY COVER
  AVERAGE SKY COVER 0.6



RELATIVE HUMIDITY (PERCENT)
 HIGHEST    75           800 AM
 LOWEST     27           500 PM
 AVERAGE    51

..........................................................


THE POUGHKEEPSIE NY CLIMATE NORMALS FOR TODAY
                         NORMAL    RECORD    YEAR
 MAXIMUM TEMPERATURE (F)   38        54      2012
 MINIMUM TEMPERATURE (F)   16       -10      2015


SUNRISE AND SUNSET
FEBRUARY  6 2016......SUNRISE   703 AM EST   SUNSET   517 PM EST
FEBRUARY  7 2016......SUNRISE   702 AM EST   SUNSET   518 PM EST


-  INDICATES NEGATIVE NUMBERS.
R  INDICATES RECORD WAS SET OR TIED.
MM INDICATES DATA IS MISSING.
T  INDICATES TRACE AMOUNT.




RECORDS FOR KPOU DATE BACK TO 1949...
HOWEVER...DATA IS MISSING FROM JANUARY 1993 - JULY 2000.
$$
