000
CDUS41 KALY 300623
CLIPOU


CLIMATE REPORT
NATIONAL WEATHER SERVICE ALBANY NY
222 AM EDT MON MAY 30 2016


...................................

...THE POUGHKEEPSIE NY CLIMATE SUMMARY FOR MAY 29 2016...

CLIMATE NORMAL PERIOD 1981 TO 2010
CLIMATE RECORD PERIOD 1949 TO 2016


WEATHER ITEM   OBSERVED TIME   RECORD YEAR NORMAL DEPARTURE LAST
                VALUE   (LST)  VALUE       VALUE  FROM      YEAR
                                                  NORMAL
..................................................................
TEMPERATURE (F)
 YESTERDAY
  MAXIMUM         91    241 PM  96    1969  75     16       84
  MINIMUM         69    509 AM  35    2008  51     18       53
  AVERAGE         80                        63     17       69

PRECIPITATION (IN)
  YESTERDAY        0.00          3.71 1984   0.16  -0.16     0.00
  MONTH TO DATE    2.82                      4.10  -1.28     1.41
  SINCE MAR 1      6.09                     11.45  -5.36     5.81
  SINCE JAN 1     11.77                     17.19  -5.42    10.11

DEGREE DAYS
 HEATING
  YESTERDAY        0                         4     -4        0
  MONTH TO DATE  184                       215    -31       94
  SINCE MAR 1   1237                      1583   -346     1560
  SINCE JUL 1   4769                      6154  -1385     6245

 COOLING
  YESTERDAY       15                         2     13        4
  MONTH TO DATE   56                        28     28      104
  SINCE MAR 1     60                        33     27      104
  SINCE JAN 1     60                        33     27      104
..................................................................


WIND (MPH)
  HIGHEST WIND SPEED    15   HIGHEST WIND DIRECTION     S (170)
  HIGHEST GUST SPEED    21   HIGHEST GUST DIRECTION     S (160)
  AVERAGE WIND SPEED     5.8


SKY COVER
  AVERAGE SKY COVER 0.1



RELATIVE HUMIDITY (PERCENT)
 HIGHEST    90           200 AM
 LOWEST     37           600 PM
 AVERAGE    64

..........................................................


THE POUGHKEEPSIE NY CLIMATE NORMALS FOR TODAY
                         NORMAL    RECORD    YEAR
 MAXIMUM TEMPERATURE (F)   75        92      1987
 MINIMUM TEMPERATURE (F)   51        36      1965


SUNRISE AND SUNSET
MAY 30 2016...........SUNRISE   524 AM EDT   SUNSET   822 PM EDT
MAY 31 2016...........SUNRISE   524 AM EDT   SUNSET   823 PM EDT


-  INDICATES NEGATIVE NUMBERS.
R  INDICATES RECORD WAS SET OR TIED.
MM INDICATES DATA IS MISSING.
T  INDICATES TRACE AMOUNT.




RECORDS FOR KPOU DATE BACK TO 1949...
HOWEVER...DATA IS MISSING FROM JANUARY 1993 - JULY 2000.
$$
