000
CDUS41 KALY 290653
CLIPOU


CLIMATE REPORT
NATIONAL WEATHER SERVICE ALBANY NY
252 AM EDT SUN MAR 29 2015


...................................

...THE POUGHKEEPSIE NY CLIMATE SUMMARY FOR MARCH 28 2015...

CLIMATE NORMAL PERIOD 1981 TO 2010
CLIMATE RECORD PERIOD 1949 TO 2015


WEATHER ITEM   OBSERVED TIME   RECORD YEAR NORMAL DEPARTURE LAST
                VALUE   (LST)  VALUE       VALUE  FROM      YEAR
                                                  NORMAL
..................................................................
TEMPERATURE (F)
 YESTERDAY
  MAXIMUM         36   1216 AM  83    1989  53    -17       49
  MINIMUM         27   1159 PM  13    1956  30     -3       37
  AVERAGE         32                        41     -9       43

PRECIPITATION (IN)
  YESTERDAY        T             2.07 2005   0.12  -0.12     0.17
  MONTH TO DATE    2.06                      3.22  -1.16     1.03
  SINCE MAR 1      2.06                      3.22  -1.16     1.03
  SINCE JAN 1      6.36                      8.96  -2.60     5.31

DEGREE DAYS
 HEATING
  YESTERDAY       33                        24      9       22
  MONTH TO DATE  917                       805    112      959
  SINCE MAR 1    917                       805    112      959
  SINCE JUL 1   5602                      5376    226     5662

 COOLING
  YESTERDAY        0                         0      0        0
  MONTH TO DATE    0                         0      0        0
  SINCE MAR 1      0                         0      0        0
  SINCE JAN 1      0                         0      0        0
..................................................................


WIND (MPH)
  HIGHEST WIND SPEED    20   HIGHEST WIND DIRECTION     N (10)
  HIGHEST GUST SPEED    27   HIGHEST GUST DIRECTION     N (350)
  AVERAGE WIND SPEED    10.1


SKY COVER
  AVERAGE SKY COVER 0.9



RELATIVE HUMIDITY (PERCENT)
 HIGHEST    78          1200 PM
 LOWEST     50          1100 PM
 AVERAGE    64

..........................................................


THE POUGHKEEPSIE NY CLIMATE NORMALS FOR TODAY
                         NORMAL    RECORD    YEAR
 MAXIMUM TEMPERATURE (F)   53        80      1986
 MINIMUM TEMPERATURE (F)   30        11      1959


SUNRISE AND SUNSET
MARCH 29 2015.........SUNRISE   644 AM EDT   SUNSET   717 PM EDT
MARCH 30 2015.........SUNRISE   642 AM EDT   SUNSET   718 PM EDT


-  INDICATES NEGATIVE NUMBERS.
R  INDICATES RECORD WAS SET OR TIED.
MM INDICATES DATA IS MISSING.
T  INDICATES TRACE AMOUNT.




RECORDS FOR KPOU DATE BACK TO 1949...
HOWEVER...DATA IS MISSING FROM JANUARY 1993 - JULY 2000.
$$
