000
CDUS41 KALY 240624
CLIPOU


CLIMATE REPORT
NATIONAL WEATHER SERVICE ALBANY NY
122 AM EST FRI FEB 24 2017


...................................

...THE POUGHKEEPSIE NY CLIMATE SUMMARY FOR FEBRUARY 23 2017...

CLIMATE NORMAL PERIOD 1981 TO 2010
CLIMATE RECORD PERIOD 1949 TO 2017


WEATHER ITEM   OBSERVED TIME   RECORD YEAR NORMAL DEPARTURE LAST
                VALUE   (LST)  VALUE       VALUE  FROM      YEAR
                                                  NORMAL
..................................................................
TEMPERATURE (F)
 YESTERDAY
  MAXIMUM         68R   318 PM  66    1985  41     27       39
  MINIMUM         32    710 AM -10    1972  19     13       27
  AVERAGE         50                        30     20       33

PRECIPITATION (IN)
  YESTERDAY        T             0.94 2010   0.10  -0.10     0.13
  MONTH TO DATE    0.76                      2.14  -1.38     1.94
  SINCE DEC 1      6.33                      8.75  -2.42     7.05
  SINCE JAN 1      3.73                      5.22  -1.49     3.15

DEGREE DAYS
 HEATING
  YESTERDAY       15                        35    -20       32
  MONTH TO DATE  752                       849    -97      749
  SINCE DEC 1   2802                      3123   -321     2413
  SINCE JUL 1   3948                      4401   -453     3401

 COOLING
  YESTERDAY        0                         0      0        0
  MONTH TO DATE    0                         0      0        0
  SINCE DEC 1      0                         0      0        0
  SINCE JAN 1      0                         0      0        0
..................................................................


WIND (MPH)
  HIGHEST WIND SPEED    12   HIGHEST WIND DIRECTION     S (170)
  HIGHEST GUST SPEED    18   HIGHEST GUST DIRECTION    SE (150)
  AVERAGE WIND SPEED     3.1


SKY COVER
  AVERAGE SKY COVER 0.3



RELATIVE HUMIDITY (PERCENT)
 HIGHEST    96           500 AM
 LOWEST     48           200 PM
 AVERAGE    72

..........................................................


THE POUGHKEEPSIE NY CLIMATE NORMALS FOR TODAY
                         NORMAL    RECORD    YEAR
 MAXIMUM TEMPERATURE (F)   42        71      1985
 MINIMUM TEMPERATURE (F)   20       -12      2015


SUNRISE AND SUNSET
FEBRUARY 24 2017......SUNRISE   638 AM EST   SUNSET   540 PM EST
FEBRUARY 25 2017......SUNRISE   636 AM EST   SUNSET   542 PM EST


-  INDICATES NEGATIVE NUMBERS.
R  INDICATES RECORD WAS SET OR TIED.
MM INDICATES DATA IS MISSING.
T  INDICATES TRACE AMOUNT.




RECORDS FOR KPOU DATE BACK TO 1949...
HOWEVER...DATA IS MISSING FROM JANUARY 1993 - JULY 2000.
$$
