000
CDUS41 KALY 170622
CLIPOU


CLIMATE REPORT
NATIONAL WEATHER SERVICE ALBANY NY
121 AM EST WED JAN 17 2018


...................................

...THE POUGHKEEPSIE NY CLIMATE SUMMARY FOR JANUARY 16 2018...

CLIMATE NORMAL PERIOD 1981 TO 2010
CLIMATE RECORD PERIOD 1949 TO 2018


WEATHER ITEM   OBSERVED TIME   RECORD YEAR NORMAL DEPARTURE LAST
                VALUE   (LST)  VALUE       VALUE  FROM      YEAR
                                                  NORMAL
..................................................................
TEMPERATURE (F)
 YESTERDAY
  MAXIMUM         29   1159 PM  51    1973  35     -6       39
  MINIMUM         20   1219 AM  -9    1957  15      5       13
  AVERAGE         25                        25      0       26

PRECIPITATION (IN)
  YESTERDAY        0.06          0.61 1959   0.10  -0.04     0.00
  MONTH TO DATE    1.87                      1.63   0.24     1.11
  SINCE DEC 1      3.43                      5.16  -1.73     3.71
  SINCE JAN 1      1.87                      1.63   0.24     1.11

DEGREE DAYS
 HEATING
  YESTERDAY       40                        40      0       39
  MONTH TO DATE  703                       632     71      581
  SINCE DEC 1   1849                      1683    166     1621
  SINCE JUL 1   2932                      2961    -29     2767

 COOLING
  YESTERDAY        0                         0      0        0
  MONTH TO DATE    0                         0      0        0
  SINCE DEC 1      0                         0      0        0
  SINCE JAN 1      0                         0      0        0
..................................................................


WIND (MPH)
  HIGHEST WIND SPEED     5   HIGHEST WIND DIRECTION    SE (120)
  HIGHEST GUST SPEED     7   HIGHEST GUST DIRECTION    SE (130)
  AVERAGE WIND SPEED     0.2


SKY COVER
  AVERAGE SKY COVER 1.0



RELATIVE HUMIDITY (PERCENT)
 HIGHEST    92           500 PM
 LOWEST     62          1200 AM
 AVERAGE    77

..........................................................


THE POUGHKEEPSIE NY CLIMATE NORMALS FOR TODAY
                         NORMAL    RECORD    YEAR
 MAXIMUM TEMPERATURE (F)   35        61      1990
 MINIMUM TEMPERATURE (F)   15       -16      1954


SUNRISE AND SUNSET
JANUARY 17 2018.......SUNRISE   719 AM EST   SUNSET   453 PM EST
JANUARY 18 2018.......SUNRISE   718 AM EST   SUNSET   454 PM EST


-  INDICATES NEGATIVE NUMBERS.
R  INDICATES RECORD WAS SET OR TIED.
MM INDICATES DATA IS MISSING.
T  INDICATES TRACE AMOUNT.




RECORDS FOR KPOU DATE BACK TO 1949...
HOWEVER...DATA IS MISSING FROM JANUARY 1993 - JULY 2000.
$$
