000
CDUS41 KALY 010626
CLIPOU


CLIMATE REPORT
NATIONAL WEATHER SERVICE ALBANY NY
225 AM EDT SUN MAY 1 2016


...................................

...THE POUGHKEEPSIE NY CLIMATE SUMMARY FOR APRIL 30 2016...

CLIMATE NORMAL PERIOD 1981 TO 2010
CLIMATE RECORD PERIOD 1949 TO 2016


WEATHER ITEM   OBSERVED TIME   RECORD YEAR NORMAL DEPARTURE LAST
                VALUE   (LST)  VALUE       VALUE  FROM      YEAR
                                                  NORMAL
..................................................................
TEMPERATURE (F)
 YESTERDAY
  MAXIMUM         65    534 PM  86    1985  67     -2       70
  MINIMUM         46    549 AM  28    2012  41      5       39
  AVERAGE         56                        54      2       55

PRECIPITATION (IN)
  YESTERDAY        0.00          1.70 2014   0.13  -0.13     0.00
  MONTH TO DATE    2.23                      3.78  -1.55     2.23
  SINCE MAR 1      3.27                      7.35  -4.08     4.40
  SINCE JAN 1      8.95                     13.09  -4.14     8.70

DEGREE DAYS
 HEATING
  YESTERDAY        9                        11     -2       10
  MONTH TO DATE  470                       493    -23      465
  SINCE MAR 1   1053                      1368   -315     1466
  SINCE JUL 1   4585                      5939  -1354     6151

 COOLING
  YESTERDAY        0                         0      0        0
  MONTH TO DATE    4                         5     -1        0
  SINCE MAR 1      4                         5     -1        0
  SINCE JAN 1      4                         5     -1        0
..................................................................


WIND (MPH)
  HIGHEST WIND SPEED     9   HIGHEST WIND DIRECTION    NW (320)
  HIGHEST GUST SPEED    12   HIGHEST GUST DIRECTION    SE (140)
  AVERAGE WIND SPEED     3.1


SKY COVER
  AVERAGE SKY COVER 0.6



RELATIVE HUMIDITY (PERCENT)
 HIGHEST    86           100 AM
 LOWEST     39           600 PM
 AVERAGE    63

..........................................................


THE POUGHKEEPSIE NY CLIMATE NORMALS FOR TODAY
                         NORMAL    RECORD    YEAR
 MAXIMUM TEMPERATURE (F)   67        88      2010
 MINIMUM TEMPERATURE (F)   42        26      2008


SUNRISE AND SUNSET
MAY  1 2016...........SUNRISE   552 AM EDT   SUNSET   754 PM EDT
MAY  2 2016...........SUNRISE   550 AM EDT   SUNSET   755 PM EDT


-  INDICATES NEGATIVE NUMBERS.
R  INDICATES RECORD WAS SET OR TIED.
MM INDICATES DATA IS MISSING.
T  INDICATES TRACE AMOUNT.




RECORDS FOR KPOU DATE BACK TO 1949...
HOWEVER...DATA IS MISSING FROM JANUARY 1993 - JULY 2000.
$$
