000
CDUS41 KALY 180630
CLIPOU


CLIMATE REPORT
NATIONAL WEATHER SERVICE ALBANY NY
129 AM EST SAT NOV 18 2017


...................................

...THE POUGHKEEPSIE NY CLIMATE SUMMARY FOR NOVEMBER 17 2017...

CLIMATE NORMAL PERIOD 1981 TO 2010
CLIMATE RECORD PERIOD 1949 TO 2017


WEATHER ITEM   OBSERVED TIME   RECORD YEAR NORMAL DEPARTURE LAST
                VALUE   (LST)  VALUE       VALUE  FROM      YEAR
                                                  NORMAL
..................................................................
TEMPERATURE (F)
 YESTERDAY
  MAXIMUM         48    247 PM  69    1953  52     -4       60
  MINIMUM         22   1129 PM  14    1980  31     -9       31
  AVERAGE         35                        41     -6       46

PRECIPITATION (IN)
  YESTERDAY        0.00          1.88 2002   0.12  -0.12     0.00
  MONTH TO DATE    0.44                      1.93  -1.49     1.83
  SINCE SEP 1      6.06                     10.68  -4.62     5.30
  SINCE JAN 1     35.16                     41.46  -6.30    27.62

DEGREE DAYS
 HEATING
  YESTERDAY       30                        24      6       19
  MONTH TO DATE  402                       362     40      347
  SINCE SEP 1    719                       921   -202      807
  SINCE JUL 1    739                       938   -199      809

 COOLING
  YESTERDAY        0                         0      0        0
  MONTH TO DATE    0                         0      0        0
  SINCE SEP 1    144                        68     76      111
  SINCE JAN 1    718                       672     46     1053
..................................................................


WIND (MPH)
  HIGHEST WIND SPEED    21   HIGHEST WIND DIRECTION    NW (330)
  HIGHEST GUST SPEED    30   HIGHEST GUST DIRECTION    NW (330)
  AVERAGE WIND SPEED     7.3


SKY COVER
  AVERAGE SKY COVER 0.2



RELATIVE HUMIDITY (PERCENT)
 HIGHEST    74          1100 PM
 LOWEST     30           500 PM
 AVERAGE    52

..........................................................


THE POUGHKEEPSIE NY CLIMATE NORMALS FOR TODAY
                         NORMAL    RECORD    YEAR
 MAXIMUM TEMPERATURE (F)   52        69      1963
                                             1953
 MINIMUM TEMPERATURE (F)   30        17      1959


SUNRISE AND SUNSET
NOVEMBER 18 2017......SUNRISE   648 AM EST   SUNSET   433 PM EST
NOVEMBER 19 2017......SUNRISE   650 AM EST   SUNSET   432 PM EST


-  INDICATES NEGATIVE NUMBERS.
R  INDICATES RECORD WAS SET OR TIED.
MM INDICATES DATA IS MISSING.
T  INDICATES TRACE AMOUNT.




RECORDS FOR KPOU DATE BACK TO 1949...
HOWEVER...DATA IS MISSING FROM JANUARY 1993 - JULY 2000.
$$
