000
CDUS41 KALY 310626
CLIPOU


CLIMATE REPORT
NATIONAL WEATHER SERVICE ALBANY NY
225 AM EDT SUN AUG 31 2014




THE POUGHKEEPSIE NY CLIMATE SUMMARY FOR AUGUST 30 2014...

CLIMATE NORMAL PERIOD 1981 TO 2010
CLIMATE RECORD PERIOD 1949 TO 2014


WEATHER ITEM   OBSERVED TIME   RECORD YEAR NORMAL DEPARTURE LAST
                VALUE   (LST)  VALUE       VALUE  FROM      YEAR
                                                  NORMAL

TEMPERATURE (F)
 YESTERDAY
  MAXIMUM         80    152 PM  98    1953  80      0       84
  MINIMUM         53    605 AM  38    1986  57     -4       67
  AVERAGE         67                        69     -2       76

PRECIPITATION (IN)
  YESTERDAY        0.00          0.79 1970   0.12  -0.12     0.00
  MONTH TO DATE    2.83                      4.09  -1.26     6.51
  SINCE JUN 1     10.09                     13.17  -3.08    19.47
  SINCE JAN 1     24.12                     30.67  -6.55    30.12

DEGREE DAYS
 HEATING
  YESTERDAY        0                         1     -1        0
  MONTH TO DATE    5                         8     -3        3
  SINCE JUN 1     12                        62    -50       34
  SINCE JUL 1      5                        13     -8        3

 COOLING
  YESTERDAY        2                         5     -3       11
  MONTH TO DATE  148                       198    -50      155
  SINCE JUN 1    551                       565    -14      692
  SINCE JAN 1    584                       601    -17      745



WIND (MPH)
  HIGHEST WIND SPEED    13   HIGHEST WIND DIRECTION    SE (140)
  HIGHEST GUST SPEED    19   HIGHEST GUST DIRECTION    SW (220)
  AVERAGE WIND SPEED     3.3


SKY COVER
  AVERAGE SKY COVER 0.5



RELATIVE HUMIDITY (PERCENT)
 HIGHEST    93           200 AM
 LOWEST     48           200 PM
 AVERAGE    71




THE POUGHKEEPSIE NY CLIMATE NORMALS FOR TODAY
                         NORMAL    RECORD    YEAR
 MAXIMUM TEMPERATURE (F)   80       100      1953
 MINIMUM TEMPERATURE (F)   57        38      1965


SUNRISE AND SUNSET
AUGUST 31 2014........SUNRISE   620 AM EDT   SUNSET   730 PM EDT
SEPTEMBER  1 2014.....SUNRISE   621 AM EDT   SUNSET   729 PM EDT


-  INDICATES NEGATIVE NUMBERS.
R  INDICATES RECORD WAS SET OR TIED.
MM INDICATES DATA IS MISSING.
T  INDICATES TRACE AMOUNT.





RECORDS FOR KPOU DATE BACK TO 1949...
HOWEVER...DATA IS MISSING FROM JANUARY 1993 - JULY 2000.
$$
