000
CDUS41 KALY 192045
CLIPOU


CLIMATE REPORT
NATIONAL WEATHER SERVICE ALBANY NY
445 PM EDT TUE AUG 19 2014




THE POUGHKEEPSIE NY CLIMATE SUMMARY FOR AUGUST 19 2014...
VALID TODAY AS OF 0400 PM LOCAL TIME.

CLIMATE NORMAL PERIOD 1981 TO 2010
CLIMATE RECORD PERIOD 1949 TO 2014


WEATHER ITEM   OBSERVED TIME   RECORD YEAR NORMAL DEPARTURE LAST
                VALUE   (LST)  VALUE       VALUE  FROM      YEAR
                                                  NORMAL

TEMPERATURE (F)
 TODAY
  MAXIMUM         81    339 PM  94    2003  82     -1       79
  MINIMUM         50    539 AM  44    1953  60    -10       61
  AVERAGE         66                        71     -5       70

PRECIPITATION (IN)
  TODAY            0.00          4.00 1955   0.14  -0.14      T
  MONTH TO DATE    2.74                      2.73   0.01     5.87
  SINCE JUN 1     10.00                     11.81  -1.81    18.83
  SINCE JAN 1     24.03                     29.31  -5.28    29.48

DEGREE DAYS
 HEATING
  TODAY            0                         0      0        0
  MONTH TO DATE    3                         0      3        3
  SINCE JUN 1     10                        54    -44       34
  SINCE JUL 1      3                         5     -2        3

 COOLING
  TODAY            1                         6     -5        5
  MONTH TO DATE   92                       138    -46       81
  SINCE JUN 1    495                       505    -10      618
  SINCE JAN 1    528                       541    -13      671



WIND (MPH)
  HIGHEST WIND SPEED     6   HIGHEST WIND DIRECTION    NE (60)
  HIGHEST GUST SPEED    MM   HIGHEST GUST DIRECTION    MM
  AVERAGE WIND SPEED     0.6


SKY COVER
  AVERAGE SKY COVER 0.0



RELATIVE HUMIDITY (PERCENT)
 HIGHEST    93          1200 AM
 LOWEST     39           300 PM
 AVERAGE    66




THE POUGHKEEPSIE NY CLIMATE NORMALS FOR TOMORROW
                         NORMAL    RECORD    YEAR
 MAXIMUM TEMPERATURE (F)   82        95      1983
 MINIMUM TEMPERATURE (F)   59        41      1949


SUNRISE AND SUNSET
AUGUST 19 2014........SUNRISE   608 AM EDT   SUNSET   749 PM EDT
AUGUST 20 2014........SUNRISE   609 AM EDT   SUNSET   748 PM EDT


-  INDICATES NEGATIVE NUMBERS.
R  INDICATES RECORD WAS SET OR TIED.
MM INDICATES DATA IS MISSING.
T  INDICATES TRACE AMOUNT.






RECORDS FOR KPOU DATE BACK TO 1949...
HOWEVER...DATA IS MISSING FROM JANUARY 1993 - JULY 2000.
$$
