000
CDUS41 KALY 240626
CLIPOU


CLIMATE REPORT
NATIONAL WEATHER SERVICE ALBANY NY
124 AM EST WED DEC 24 2014


...................................

...THE POUGHKEEPSIE NY CLIMATE SUMMARY FOR DECEMBER 23 2014...

CLIMATE NORMAL PERIOD 1981 TO 2010
CLIMATE RECORD PERIOD 1949 TO 2014


WEATHER ITEM   OBSERVED TIME   RECORD YEAR NORMAL DEPARTURE LAST
                VALUE   (LST)  VALUE       VALUE  FROM      YEAR
                                                  NORMAL
..................................................................
TEMPERATURE (F)
 YESTERDAY
  MAXIMUM         43   1159 PM  66    1990  38      5       57
  MINIMUM         37    111 AM -12    1989  20     17       37
  AVERAGE         40                        29     11       47

PRECIPITATION (IN)
  YESTERDAY        0.07          1.04 2004   0.11  -0.04     0.66
  MONTH TO DATE    2.70                      2.68   0.02     2.48
  SINCE DEC 1      2.70                      2.68   0.02     2.48
  SINCE JAN 1     33.84                     45.68 -11.84    39.06

DEGREE DAYS
 HEATING
  YESTERDAY       25                        36    -11       18
  MONTH TO DATE  689                       749    -60      742
  SINCE DEC 1    689                       749    -60      742
  SINCE JUL 1   1840                      2027   -187     1985

 COOLING
  YESTERDAY        0                         0      0        0
  MONTH TO DATE    0                         0      0        0
  SINCE DEC 1      0                         0      0        0
  SINCE JAN 1    696                       672     24      829
..................................................................


WIND (MPH)
  HIGHEST WIND SPEED     9   HIGHEST WIND DIRECTION     N (340)
  HIGHEST GUST SPEED    11   HIGHEST GUST DIRECTION    NW (330)
  AVERAGE WIND SPEED     3.5


SKY COVER
  AVERAGE SKY COVER 0.8



RELATIVE HUMIDITY (PERCENT)
 HIGHEST    96           300 PM
 LOWEST     85           500 AM
 AVERAGE    91

..........................................................


THE POUGHKEEPSIE NY CLIMATE NORMALS FOR TODAY
                         NORMAL    RECORD    YEAR
 MAXIMUM TEMPERATURE (F)   37        58      2003
 MINIMUM TEMPERATURE (F)   19       -14      1989


SUNRISE AND SUNSET
DECEMBER 24 2014......SUNRISE   720 AM EST   SUNSET   430 PM EST
DECEMBER 25 2014......SUNRISE   721 AM EST   SUNSET   431 PM EST


-  INDICATES NEGATIVE NUMBERS.
R  INDICATES RECORD WAS SET OR TIED.
MM INDICATES DATA IS MISSING.
T  INDICATES TRACE AMOUNT.





RECORDS FOR KPOU DATE BACK TO 1949...
HOWEVER...DATA IS MISSING FROM JANUARY 1993 - JULY 2000.
$$
