000
CDUS41 KALY 270627
CLIPOU


CLIMATE REPORT
NATIONAL WEATHER SERVICE ALBANY NY
224 AM EDT WED MAY 27 2015


...................................

...THE POUGHKEEPSIE NY CLIMATE SUMMARY FOR MAY 26 2015...

CLIMATE NORMAL PERIOD 1981 TO 2010
CLIMATE RECORD PERIOD 1949 TO 2015


WEATHER ITEM   OBSERVED TIME   RECORD YEAR NORMAL DEPARTURE LAST
                VALUE   (LST)  VALUE       VALUE  FROM      YEAR
                                                  NORMAL
..................................................................
TEMPERATURE (F)
 YESTERDAY
  MAXIMUM         89    116 PM  95    2010  74     15       86
  MINIMUM         63    258 AM  31    1949  50     13       54
  AVERAGE         76                        62     14       70

PRECIPITATION (IN)
  YESTERDAY        0.02          1.49 1983   0.16  -0.14      T
  MONTH TO DATE    1.07                      3.63  -2.56     2.44
  SINCE MAR 1      5.47                     10.98  -5.51     9.62
  SINCE JAN 1      9.77                     16.72  -6.95    13.90

DEGREE DAYS
 HEATING
  YESTERDAY        0                         5     -5        0
  MONTH TO DATE   94                       202   -108      121
  SINCE MAR 1   1560                      1570    -10     1622
  SINCE JUL 1   6245                      6141    104     6325

 COOLING
  YESTERDAY       11                         2      9        5
  MONTH TO DATE   81                        22     59       19
  SINCE MAR 1     81                        27     54       25
  SINCE JAN 1     81                        27     54       25
..................................................................


WIND (MPH)
  HIGHEST WIND SPEED    13   HIGHEST WIND DIRECTION    SW (240)
  HIGHEST GUST SPEED    17   HIGHEST GUST DIRECTION    SW (240)
  AVERAGE WIND SPEED     4.4


SKY COVER
  AVERAGE SKY COVER 0.2



RELATIVE HUMIDITY (PERCENT)
 HIGHEST    90           900 PM
 LOWEST     45           100 PM
 AVERAGE    68

..........................................................


THE POUGHKEEPSIE NY CLIMATE NORMALS FOR TODAY
                         NORMAL    RECORD    YEAR
 MAXIMUM TEMPERATURE (F)   74        91      1965
 MINIMUM TEMPERATURE (F)   50        35      1969


SUNRISE AND SUNSET
MAY 27 2015...........SUNRISE   527 AM EDT   SUNSET   819 PM EDT
MAY 28 2015...........SUNRISE   526 AM EDT   SUNSET   820 PM EDT


-  INDICATES NEGATIVE NUMBERS.
R  INDICATES RECORD WAS SET OR TIED.
MM INDICATES DATA IS MISSING.
T  INDICATES TRACE AMOUNT.




RECORDS FOR KPOU DATE BACK TO 1949...
HOWEVER...DATA IS MISSING FROM JANUARY 1993 - JULY 2000.
$$
