000
CDUS41 KALY 230628
CLIPOU


CLIMATE REPORT
NATIONAL WEATHER SERVICE ALBANY NY
227 AM EDT MON MAY 23 2016


...................................

...THE POUGHKEEPSIE NY CLIMATE SUMMARY FOR MAY 22 2016...

CLIMATE NORMAL PERIOD 1981 TO 2010
CLIMATE RECORD PERIOD 1949 TO 2016


WEATHER ITEM   OBSERVED TIME   RECORD YEAR NORMAL DEPARTURE LAST
                VALUE   (LST)  VALUE       VALUE  FROM      YEAR
                                                  NORMAL
..................................................................
TEMPERATURE (F)
 YESTERDAY
  MAXIMUM         75    120 PM  91    1959  73      2       73
  MINIMUM         54   1159 PM  31    2002  48      6       48
  AVERAGE         65                        61      4       61

PRECIPITATION (IN)
  YESTERDAY        0.00          0.94 1983   0.15  -0.15      T
  MONTH TO DATE    2.54                      2.97  -0.43     1.05
  SINCE MAR 1      5.81                     10.32  -4.51     5.45
  SINCE JAN 1     11.49                     16.06  -4.57     9.75

DEGREE DAYS
 HEATING
  YESTERDAY        0                         6     -6        4
  MONTH TO DATE  184                       182      2       80
  SINCE MAR 1   1237                      1550   -313     1546
  SINCE JUL 1   4769                      6121  -1352     6231

 COOLING
  YESTERDAY        0                         1     -1        0
  MONTH TO DATE    0                        16    -16       62
  SINCE MAR 1      4                        21    -17       62
  SINCE JAN 1      4                        21    -17       62
..................................................................


WIND (MPH)
  HIGHEST WIND SPEED    15   HIGHEST WIND DIRECTION     N (20)
  HIGHEST GUST SPEED    20   HIGHEST GUST DIRECTION    NE (30)
  AVERAGE WIND SPEED     2.3


SKY COVER
  AVERAGE SKY COVER 0.8



RELATIVE HUMIDITY (PERCENT)
 HIGHEST    93           100 AM
 LOWEST     41           200 PM
 AVERAGE    67

..........................................................


THE POUGHKEEPSIE NY CLIMATE NORMALS FOR TODAY
                         NORMAL    RECORD    YEAR
 MAXIMUM TEMPERATURE (F)   73        94      1964
 MINIMUM TEMPERATURE (F)   49        34      1963


SUNRISE AND SUNSET
MAY 23 2016...........SUNRISE   529 AM EDT   SUNSET   816 PM EDT
MAY 24 2016...........SUNRISE   528 AM EDT   SUNSET   817 PM EDT


-  INDICATES NEGATIVE NUMBERS.
R  INDICATES RECORD WAS SET OR TIED.
MM INDICATES DATA IS MISSING.
T  INDICATES TRACE AMOUNT.




RECORDS FOR KPOU DATE BACK TO 1949...
HOWEVER...DATA IS MISSING FROM JANUARY 1993 - JULY 2000.
$$
