000
CDUS41 KALY 170622
CLIPOU


CLIMATE REPORT
NATIONAL WEATHER SERVICE ALBANY NY
122 AM EST SAT FEB 17 2018


...................................

...THE POUGHKEEPSIE NY CLIMATE SUMMARY FOR FEBRUARY 16 2018...

CLIMATE NORMAL PERIOD 1981 TO 2010
CLIMATE RECORD PERIOD 1949 TO 2018


WEATHER ITEM   OBSERVED TIME   RECORD YEAR NORMAL DEPARTURE LAST
                VALUE   (LST)  VALUE       VALUE  FROM      YEAR
                                                  NORMAL
..................................................................
TEMPERATURE (F)
 YESTERDAY
  MAXIMUM         53    132 PM  72    1954  40     13       35
  MINIMUM         32   1159 PM -14    2015  18     14       22
  AVERAGE         43                        29     14       29

PRECIPITATION (IN)
  YESTERDAY        0.11          0.97 2016   0.10   0.01     0.00
  MONTH TO DATE    2.58                      1.49   1.09     1.46
  SINCE DEC 1      7.02                      8.10  -1.08     7.03
  SINCE JAN 1      5.46                      4.57   0.89     4.43

DEGREE DAYS
 HEATING
  YESTERDAY       22                        36    -14       36
  MONTH TO DATE  558                       601    -43      573
  SINCE DEC 1   2938                      2875     63     2623
  SINCE JUL 1   4021                      4153   -132     3769

 COOLING
  YESTERDAY        0                         0      0        0
  MONTH TO DATE    0                         0      0        0
  SINCE DEC 1      0                         0      0        0
  SINCE JAN 1      0                         0      0        0
..................................................................


WIND (MPH)
  HIGHEST WIND SPEED    20   HIGHEST WIND DIRECTION    NW (330)
  HIGHEST GUST SPEED    28   HIGHEST GUST DIRECTION    NW (320)
  AVERAGE WIND SPEED     7.4


SKY COVER
  AVERAGE SKY COVER 0.7



RELATIVE HUMIDITY (PERCENT)
 HIGHEST   100          1200 AM
 LOWEST     44           800 PM
 AVERAGE    72

..........................................................


THE POUGHKEEPSIE NY CLIMATE NORMALS FOR TODAY
                         NORMAL    RECORD    YEAR
 MAXIMUM TEMPERATURE (F)   40        60      1981
 MINIMUM TEMPERATURE (F)   18       -12      1963


SUNRISE AND SUNSET
FEBRUARY 17 2018......SUNRISE   648 AM EST   SUNSET   531 PM EST
FEBRUARY 18 2018......SUNRISE   647 AM EST   SUNSET   533 PM EST


-  INDICATES NEGATIVE NUMBERS.
R  INDICATES RECORD WAS SET OR TIED.
MM INDICATES DATA IS MISSING.
T  INDICATES TRACE AMOUNT.




RECORDS FOR KPOU DATE BACK TO 1949...
HOWEVER...DATA IS MISSING FROM JANUARY 1993 - JULY 2000.
$$
