140
CDUS41 KALY 162105
CLIPOU


CLIMATE REPORT
NATIONAL WEATHER SERVICE ALBANY NY
504 PM EDT SAT SEP 16 2017


...................................

...THE POUGHKEEPSIE NY CLIMATE SUMMARY FOR SEPTEMBER 16 2017...
VALID TODAY AS OF 0400 PM LOCAL TIME.

CLIMATE NORMAL PERIOD 1981 TO 2010
CLIMATE RECORD PERIOD 1949 TO 2017


WEATHER ITEM   OBSERVED TIME   RECORD YEAR NORMAL DEPARTURE LAST
                VALUE   (LST)  VALUE       VALUE  FROM      YEAR
                                                  NORMAL
..................................................................
TEMPERATURE (F)
 TODAY
  MAXIMUM         83    244 PM  95    1991  75      8       75
  MINIMUM         62    644 AM  30    1964  51     11       44
  AVERAGE         73                        63     10       60

PRECIPITATION (IN)
  TODAY            0.00          0.86 1957   0.14  -0.14     0.00
  MONTH TO DATE    1.56                      2.22  -0.66     0.24
  SINCE SEP 1      1.56                      2.22  -0.66     0.24
  SINCE JAN 1     30.66                     33.00  -2.34    22.56

DEGREE DAYS
 HEATING
  TODAY            0                         4     -4        5
  MONTH TO DATE   65                        38     27       14
  SINCE SEP 1     65                        38     27       14
  SINCE JUL 1     85                        55     30       16

 COOLING
  TODAY            8                         2      6        0
  MONTH TO DATE   33                        49    -16       80
  SINCE SEP 1     33                        49    -16       80
  SINCE JAN 1    607                       653    -46     1022
..................................................................


WIND (MPH)
  HIGHEST WIND SPEED     8   HIGHEST WIND DIRECTION    NW (300)
  HIGHEST GUST SPEED    11   HIGHEST GUST DIRECTION    NW (310)
  AVERAGE WIND SPEED     0.6


SKY COVER
  AVERAGE SKY COVER 0.7



RELATIVE HUMIDITY (PERCENT)
 HIGHEST   100           100 AM
 LOWEST     58           300 PM
 AVERAGE    79

..........................................................


THE POUGHKEEPSIE NY CLIMATE NORMALS FOR TOMORROW
                         NORMAL    RECORD    YEAR
 MAXIMUM TEMPERATURE (F)   75        93      1991
 MINIMUM TEMPERATURE (F)   51        30      1986


SUNRISE AND SUNSET
SEPTEMBER 16 2017.....SUNRISE   637 AM EDT   SUNSET   703 PM EDT
SEPTEMBER 17 2017.....SUNRISE   638 AM EDT   SUNSET   701 PM EDT


-  INDICATES NEGATIVE NUMBERS.
R  INDICATES RECORD WAS SET OR TIED.
MM INDICATES DATA IS MISSING.
T  INDICATES TRACE AMOUNT.




RECORDS FOR KPOU DATE BACK TO 1949...
HOWEVER...DATA IS MISSING FROM JANUARY 1993 - JULY 2000.
$$
