000
CDUS41 KALY 210625
CLIPOU


CLIMATE REPORT
NATIONAL WEATHER SERVICE ALBANY NY
225 AM EDT FRI APR 21 2017


...................................

...THE POUGHKEEPSIE NY CLIMATE SUMMARY FOR APRIL 20 2017...

CLIMATE NORMAL PERIOD 1981 TO 2010
CLIMATE RECORD PERIOD 1949 TO 2017


WEATHER ITEM   OBSERVED TIME   RECORD YEAR NORMAL DEPARTURE LAST
                VALUE   (LST)  VALUE       VALUE  FROM      YEAR
                                                  NORMAL
..................................................................
TEMPERATURE (F)
 YESTERDAY
  MAXIMUM         66    351 PM  86    2005  63      3       66
  MINIMUM         46    330 AM  24    1961  38      8       40
  AVERAGE         56                        50      6       53

PRECIPITATION (IN)
  YESTERDAY        0.21          1.39 1972   0.11   0.10     0.00
  MONTH TO DATE    1.77                      2.53  -0.76     1.43
  SINCE MAR 1      7.08                      6.10   0.98     2.47
  SINCE JAN 1     11.95                     11.84   0.11     8.15

DEGREE DAYS
 HEATING
  YESTERDAY        9                        15     -6       12
  MONTH TO DATE  280                       365    -85      375
  SINCE MAR 1   1275                      1239     36      958
  SINCE JUL 1   5317                      5810   -493     4490

 COOLING
  YESTERDAY        0                         0      0        0
  MONTH TO DATE    4                         0      4        0
  SINCE MAR 1      4                         0      4        0
  SINCE JAN 1      4                         0      4        0
..................................................................


WIND (MPH)
  HIGHEST WIND SPEED    12   HIGHEST WIND DIRECTION     E (110)
  HIGHEST GUST SPEED    15   HIGHEST GUST DIRECTION     S (160)
  AVERAGE WIND SPEED     2.1


SKY COVER
  AVERAGE SKY COVER 0.9



RELATIVE HUMIDITY (PERCENT)
 HIGHEST    93           100 AM
 LOWEST     63           300 PM
 AVERAGE    78

..........................................................


THE POUGHKEEPSIE NY CLIMATE NORMALS FOR TODAY
                         NORMAL    RECORD    YEAR
 MAXIMUM TEMPERATURE (F)   63        84      1985
 MINIMUM TEMPERATURE (F)   39        27      1981


SUNRISE AND SUNSET
APRIL 21 2017.........SUNRISE   606 AM EDT   SUNSET   743 PM EDT
APRIL 22 2017.........SUNRISE   605 AM EDT   SUNSET   744 PM EDT


-  INDICATES NEGATIVE NUMBERS.
R  INDICATES RECORD WAS SET OR TIED.
MM INDICATES DATA IS MISSING.
T  INDICATES TRACE AMOUNT.




RECORDS FOR KPOU DATE BACK TO 1949...
HOWEVER...DATA IS MISSING FROM JANUARY 1993 - JULY 2000.
$$
