000
CDUS41 KALY 170623
CLIPOU


CLIMATE REPORT
NATIONAL WEATHER SERVICE ALBANY NY
122 AM EST TUE JAN 17 2017


...................................

...THE POUGHKEEPSIE NY CLIMATE SUMMARY FOR JANUARY 16 2017...

CLIMATE NORMAL PERIOD 1981 TO 2010
CLIMATE RECORD PERIOD 1949 TO 2017


WEATHER ITEM   OBSERVED TIME   RECORD YEAR NORMAL DEPARTURE LAST
                VALUE   (LST)  VALUE       VALUE  FROM      YEAR
                                                  NORMAL
..................................................................
TEMPERATURE (F)
 YESTERDAY
  MAXIMUM         39    449 PM  51    1973  35      4       50
  MINIMUM         13    542 AM  -9    1957  15     -2       37
  AVERAGE         26                        25      1       44

PRECIPITATION (IN)
  YESTERDAY        0.00          0.61 1959   0.10  -0.10     0.28
  MONTH TO DATE    1.11                      1.63  -0.52     1.21
  SINCE DEC 1      3.71                      5.16  -1.45     5.11
  SINCE JAN 1      1.11                      1.63  -0.52     1.21

DEGREE DAYS
 HEATING
  YESTERDAY       39                        40     -1       21
  MONTH TO DATE  581                       632    -51      512
  SINCE DEC 1   1621                      1683    -62     1146
  SINCE JUL 1   2767                      2961   -194     2134

 COOLING
  YESTERDAY        0                         0      0        0
  MONTH TO DATE    0                         0      0        0
  SINCE DEC 1      0                         0      0        0
  SINCE JAN 1      0                         0      0        0
..................................................................


WIND (MPH)
  HIGHEST WIND SPEED    12   HIGHEST WIND DIRECTION    SW (230)
  HIGHEST GUST SPEED    16   HIGHEST GUST DIRECTION    SW (210)
  AVERAGE WIND SPEED     3.5


SKY COVER
  AVERAGE SKY COVER 0.1



RELATIVE HUMIDITY (PERCENT)
 HIGHEST    96           800 AM
 LOWEST     40           400 PM
 AVERAGE    68

..........................................................


THE POUGHKEEPSIE NY CLIMATE NORMALS FOR TODAY
                         NORMAL    RECORD    YEAR
 MAXIMUM TEMPERATURE (F)   35        61      1990
 MINIMUM TEMPERATURE (F)   15       -16      1954


SUNRISE AND SUNSET
JANUARY 17 2017.......SUNRISE   719 AM EST   SUNSET   453 PM EST
JANUARY 18 2017.......SUNRISE   718 AM EST   SUNSET   454 PM EST


-  INDICATES NEGATIVE NUMBERS.
R  INDICATES RECORD WAS SET OR TIED.
MM INDICATES DATA IS MISSING.
T  INDICATES TRACE AMOUNT.




RECORDS FOR KPOU DATE BACK TO 1949...
HOWEVER...DATA IS MISSING FROM JANUARY 1993 - JULY 2000.
$$
