000
CDUS41 KALY 260625
CLIPOU


CLIMATE REPORT
NATIONAL WEATHER SERVICE ALBANY NY
224 AM EDT FRI MAY 26 2017


...................................

...THE POUGHKEEPSIE NY CLIMATE SUMMARY FOR MAY 25 2017...

CLIMATE NORMAL PERIOD 1981 TO 2010
CLIMATE RECORD PERIOD 1949 TO 2017


WEATHER ITEM   OBSERVED TIME   RECORD YEAR NORMAL DEPARTURE LAST
                VALUE   (LST)  VALUE       VALUE  FROM      YEAR
                                                  NORMAL
..................................................................
TEMPERATURE (F)
 YESTERDAY
  MAXIMUM         60    512 PM  91    1981  74    -14       90
  MINIMUM         54    325 AM  27    1956  49      5       50
  AVERAGE         57                        61     -4       70

PRECIPITATION (IN)
  YESTERDAY        0.28          2.19 1952   0.17   0.11     0.00
  MONTH TO DATE    1.85                      3.47  -1.62     2.76
  SINCE MAR 1      9.54                     10.82  -1.28     6.03
  SINCE JAN 1     14.41                     16.56  -2.15    11.71

DEGREE DAYS
 HEATING
  YESTERDAY        8                         5      3        0
  MONTH TO DATE  240                       197     43      184
  SINCE MAR 1   1602                      1565     37     1237
  SINCE JUL 1   5644                      6136   -492     4769

 COOLING
  YESTERDAY        0                         2     -2        5
  MONTH TO DATE   29                        20      9        5
  SINCE MAR 1     46                        25     21        9
  SINCE JAN 1     46                        25     21        9
..................................................................


WIND (MPH)
  HIGHEST WIND SPEED    14   HIGHEST WIND DIRECTION     N (20)
  HIGHEST GUST SPEED    19   HIGHEST GUST DIRECTION     E (90)
  AVERAGE WIND SPEED     5.6


SKY COVER
  AVERAGE SKY COVER 0.5



RELATIVE HUMIDITY (PERCENT)
 HIGHEST    89           200 AM
 LOWEST     72          1200 AM
 AVERAGE    81

..........................................................


THE POUGHKEEPSIE NY CLIMATE NORMALS FOR TODAY
                         NORMAL    RECORD    YEAR
 MAXIMUM TEMPERATURE (F)   74        95      2010
                                             1965
 MINIMUM TEMPERATURE (F)   50        31      1949


SUNRISE AND SUNSET
MAY 26 2017...........SUNRISE   527 AM EDT   SUNSET   819 PM EDT
MAY 27 2017...........SUNRISE   526 AM EDT   SUNSET   820 PM EDT


-  INDICATES NEGATIVE NUMBERS.
R  INDICATES RECORD WAS SET OR TIED.
MM INDICATES DATA IS MISSING.
T  INDICATES TRACE AMOUNT.




RECORDS FOR KPOU DATE BACK TO 1949...
HOWEVER...DATA IS MISSING FROM JANUARY 1993 - JULY 2000.
$$
