000
CDUS41 KALY 200626
CLIPOU


CLIMATE REPORT
NATIONAL WEATHER SERVICE ALBANY NY
226 AM EDT THU APR 20 2017


...................................

...THE POUGHKEEPSIE NY CLIMATE SUMMARY FOR APRIL 19 2017...

CLIMATE NORMAL PERIOD 1981 TO 2010
CLIMATE RECORD PERIOD 1949 TO 2017


WEATHER ITEM   OBSERVED TIME   RECORD YEAR NORMAL DEPARTURE LAST
                VALUE   (LST)  VALUE       VALUE  FROM      YEAR
                                                  NORMAL
..................................................................
TEMPERATURE (F)
 YESTERDAY
  MAXIMUM         57    112 PM  93    1976  62     -5       69
  MINIMUM         43    628 AM  24    2001  38      5       45
  AVERAGE         50                        50      0       57

PRECIPITATION (IN)
  YESTERDAY        0.15          1.32 1983   0.12   0.03     0.00
  MONTH TO DATE    1.56                      2.42  -0.86     1.43
  SINCE MAR 1      6.87                      5.99   0.88     2.47
  SINCE JAN 1     11.74                     11.73   0.01     8.15

DEGREE DAYS
 HEATING
  YESTERDAY       15                        15      0        8
  MONTH TO DATE  271                       350    -79      363
  SINCE MAR 1   1266                      1224     42      946
  SINCE JUL 1   5308                      5795   -487     4478

 COOLING
  YESTERDAY        0                         0      0        0
  MONTH TO DATE    4                         0      4        0
  SINCE MAR 1      4                         0      4        0
  SINCE JAN 1      4                         0      4        0
..................................................................


WIND (MPH)
  HIGHEST WIND SPEED    18   HIGHEST WIND DIRECTION     S (160)
  HIGHEST GUST SPEED    28   HIGHEST GUST DIRECTION     S (190)
  AVERAGE WIND SPEED     8.3


SKY COVER
  AVERAGE SKY COVER 0.8



RELATIVE HUMIDITY (PERCENT)
 HIGHEST    82           600 PM
 LOWEST     43           100 PM
 AVERAGE    63

..........................................................


THE POUGHKEEPSIE NY CLIMATE NORMALS FOR TODAY
                         NORMAL    RECORD    YEAR
 MAXIMUM TEMPERATURE (F)   63        86      2005
 MINIMUM TEMPERATURE (F)   38        24      1961


SUNRISE AND SUNSET
APRIL 20 2017.........SUNRISE   608 AM EDT   SUNSET   742 PM EDT
APRIL 21 2017.........SUNRISE   606 AM EDT   SUNSET   743 PM EDT


-  INDICATES NEGATIVE NUMBERS.
R  INDICATES RECORD WAS SET OR TIED.
MM INDICATES DATA IS MISSING.
T  INDICATES TRACE AMOUNT.




RECORDS FOR KPOU DATE BACK TO 1949...
HOWEVER...DATA IS MISSING FROM JANUARY 1993 - JULY 2000.
$$
