000
CDUS41 KALY 200627
CLIPOU


CLIMATE REPORT
NATIONAL WEATHER SERVICE ALBANY NY
226 AM EDT MON OCT 20 2014


...................................

...THE POUGHKEEPSIE NY CLIMATE SUMMARY FOR OCTOBER 19 2014...

CLIMATE NORMAL PERIOD 1981 TO 2010
CLIMATE RECORD PERIOD 1949 TO 2014


WEATHER ITEM   OBSERVED TIME   RECORD YEAR NORMAL DEPARTURE LAST
                VALUE   (LST)  VALUE       VALUE  FROM      YEAR
                                                  NORMAL
..................................................................
TEMPERATURE (F)
 YESTERDAY
  MAXIMUM         56   1123 AM  83    1963  62     -6       66
  MINIMUM         33   1159 PM  21    1974  38     -5       38
  AVERAGE         45                        50     -5       52

PRECIPITATION (IN)
  YESTERDAY        0.00          1.75 1966   0.14  -0.14     0.09
  MONTH TO DATE    2.37                      2.83  -0.46     1.36
  SINCE SEP 1      2.89                      7.11  -4.22     3.68
  SINCE JAN 1     27.56                     37.89 -10.33    33.90

DEGREE DAYS
 HEATING
  YESTERDAY       20                        15      5       13
  MONTH TO DATE  141                       231    -90      113
  SINCE SEP 1    230                       354   -124      253
  SINCE JUL 1    235                       371   -136      256

 COOLING
  YESTERDAY        0                         0      0        0
  MONTH TO DATE   13                         0     13        8
  SINCE SEP 1     99                        64     35       72
  SINCE JAN 1    696                       668     28      829
..................................................................


WIND (MPH)
  HIGHEST WIND SPEED    22   HIGHEST WIND DIRECTION    NW (320)
  HIGHEST GUST SPEED    28   HIGHEST GUST DIRECTION    NW (330)
  AVERAGE WIND SPEED     8.8


SKY COVER
  AVERAGE SKY COVER 0.5



RELATIVE HUMIDITY (PERCENT)
 HIGHEST    75          1000 PM
 LOWEST     35           200 PM
 AVERAGE    55

..........................................................


THE POUGHKEEPSIE NY CLIMATE NORMALS FOR TODAY
                         NORMAL    RECORD    YEAR
 MAXIMUM TEMPERATURE (F)   62        79      1965
 MINIMUM TEMPERATURE (F)   37        18      1974


SUNRISE AND SUNSET
OCTOBER 20 2014.......SUNRISE   713 AM EDT   SUNSET   607 PM EDT
OCTOBER 21 2014.......SUNRISE   714 AM EDT   SUNSET   605 PM EDT


-  INDICATES NEGATIVE NUMBERS.
R  INDICATES RECORD WAS SET OR TIED.
MM INDICATES DATA IS MISSING.
T  INDICATES TRACE AMOUNT.





RECORDS FOR KPOU DATE BACK TO 1949...
HOWEVER...DATA IS MISSING FROM JANUARY 1993 - JULY 2000.
$$
