000
CDUS41 KALY 192057
CLIPOU


CLIMATE REPORT
NATIONAL WEATHER SERVICE ALBANY NY
457 PM EDT SAT JUL 19 2014




THE POUGHKEEPSIE NY CLIMATE SUMMARY FOR JULY 19 2014...
VALID TODAY AS OF 0400 PM LOCAL TIME.

CLIMATE NORMAL PERIOD 1981 TO 2010
CLIMATE RECORD PERIOD 1949 TO 2014


WEATHER ITEM   OBSERVED TIME   RECORD YEAR NORMAL DEPARTURE LAST
                VALUE   (LST)  VALUE       VALUE  FROM      YEAR
                                                  NORMAL

TEMPERATURE (F)
 TODAY
  MAXIMUM         78    307 PM 102    1991  85     -7       97
  MINIMUM         60    444 AM  51    1956  61     -1       74
  AVERAGE         69                        73     -4       86

PRECIPITATION (IN)
  TODAY            0.00          1.93 2002   0.16  -0.16     0.00
  MONTH TO DATE    4.12                      2.73   1.39     1.35
  SINCE JUN 1      6.41                      7.16  -0.75    11.17
  SINCE JAN 1     20.44                     24.66  -4.22    21.82

DEGREE DAYS
 HEATING
  TODAY            0                         0      0        0
  MONTH TO DATE    0                         0      0        0
  SINCE JUN 1      7                        49    -42       31
  SINCE JUL 1      0                         0      0        0

 COOLING
  TODAY            4                         8     -4       21
  MONTH TO DATE  180                       144     36      286
  SINCE JUN 1    318                       271     47      440
  SINCE JAN 1    351                       307     44      493



WIND (MPH)
  HIGHEST WIND SPEED     6   HIGHEST WIND DIRECTION    SE (130)
  HIGHEST GUST SPEED    MM   HIGHEST GUST DIRECTION    MM
  AVERAGE WIND SPEED     1.3


SKY COVER
  AVERAGE SKY COVER 0.1



RELATIVE HUMIDITY (PERCENT)
 HIGHEST    90          1200 AM
 LOWEST     52           100 PM
 AVERAGE    71




THE POUGHKEEPSIE NY CLIMATE NORMALS FOR TOMORROW
                         NORMAL    RECORD    YEAR
 MAXIMUM TEMPERATURE (F)   85       102      1991
 MINIMUM TEMPERATURE (F)   61        46      1965


SUNRISE AND SUNSET
JULY 19 2014..........SUNRISE   538 AM EDT   SUNSET   825 PM EDT
JULY 20 2014..........SUNRISE   539 AM EDT   SUNSET   825 PM EDT


-  INDICATES NEGATIVE NUMBERS.
R  INDICATES RECORD WAS SET OR TIED.
MM INDICATES DATA IS MISSING.
T  INDICATES TRACE AMOUNT.






RECORDS FOR KPOU DATE BACK TO 1949...
HOWEVER...DATA IS MISSING FROM JANUARY 1993 - JULY 2000.
$$
