311
CDUS41 KALY 132206
CLIPOU


CLIMATE REPORT
NATIONAL WEATHER SERVICE ALBANY NY
506 PM EST FRI JAN 13 2017


...................................

...THE POUGHKEEPSIE NY CLIMATE SUMMARY FOR JANUARY 13 2017...
VALID TODAY AS OF 0400 PM LOCAL TIME.

CLIMATE NORMAL PERIOD 1981 TO 2010
CLIMATE RECORD PERIOD 1949 TO 2017


WEATHER ITEM   OBSERVED TIME   RECORD YEAR NORMAL DEPARTURE LAST
                VALUE   (LST)  VALUE       VALUE  FROM      YEAR
                                                  NORMAL
..................................................................
TEMPERATURE (F)
 TODAY
  MAXIMUM         55   1210 AM  58    2005  35     20       31
  MINIMUM         34    452 PM -19    1968  15     19       23
  AVERAGE         45                        25     20       27

PRECIPITATION (IN)
  TODAY            0.00          0.85 1975   0.10  -0.10     0.00
  MONTH TO DATE    1.11                      1.33  -0.22     0.91
  SINCE DEC 1      3.71                      4.86  -1.15     4.81
  SINCE JAN 1      1.11                      1.33  -0.22     0.91

DEGREE DAYS
 HEATING
  TODAY           20                        40    -20       38
  MONTH TO DATE  459                       512    -53      426
  SINCE DEC 1   1499                      1563    -64     1060
  SINCE JUL 1   2645                      2841   -196     2048

 COOLING
  TODAY            0                         0      0        0
  MONTH TO DATE    0                         0      0        0
  SINCE DEC 1      0                         0      0        0
  SINCE JAN 1      0                         0      0        0
..................................................................


WIND (MPH)
  HIGHEST WIND SPEED    20   HIGHEST WIND DIRECTION    NW (330)
  HIGHEST GUST SPEED    25   HIGHEST GUST DIRECTION     N (340)
  AVERAGE WIND SPEED     9.5


SKY COVER
  AVERAGE SKY COVER 0.1



RELATIVE HUMIDITY (PERCENT)
 HIGHEST    93           100 AM
 LOWEST     37           300 PM
 AVERAGE    65

..........................................................


THE POUGHKEEPSIE NY CLIMATE NORMALS FOR TOMORROW
                         NORMAL    RECORD    YEAR
 MAXIMUM TEMPERATURE (F)   35        64      2005
 MINIMUM TEMPERATURE (F)   15       -14      1954


SUNRISE AND SUNSET
JANUARY 13 2017.......SUNRISE   721 AM EST   SUNSET   448 PM EST
JANUARY 14 2017.......SUNRISE   720 AM EST   SUNSET   449 PM EST


-  INDICATES NEGATIVE NUMBERS.
R  INDICATES RECORD WAS SET OR TIED.
MM INDICATES DATA IS MISSING.
T  INDICATES TRACE AMOUNT.




RECORDS FOR KPOU DATE BACK TO 1949...
HOWEVER...DATA IS MISSING FROM JANUARY 1993 - JULY 2000.
$$
