000
CDUS41 KALY 170644
CLIPOU


CLIMATE REPORT
NATIONAL WEATHER SERVICE ALBANY NY
140 AM EST FRI FEB 17 2017


...................................

...THE POUGHKEEPSIE NY CLIMATE SUMMARY FOR FEBRUARY 16 2017...

CLIMATE NORMAL PERIOD 1981 TO 2010
CLIMATE RECORD PERIOD 1949 TO 2017


WEATHER ITEM   OBSERVED TIME   RECORD YEAR NORMAL DEPARTURE LAST
                VALUE   (LST)  VALUE       VALUE  FROM      YEAR
                                                  NORMAL
..................................................................
TEMPERATURE (F)
 YESTERDAY
  MAXIMUM         35   1208 AM  72    1954  40     -5       58
  MINIMUM         22   1151 PM -14    2015  18      4       26
  AVERAGE         29                        29      0       42

PRECIPITATION (IN)
  YESTERDAY        0.00          0.97 2016   0.10  -0.10     0.97
  MONTH TO DATE    0.76                      1.49  -0.73     1.81
  SINCE DEC 1      6.33                      8.10  -1.77     6.92
  SINCE JAN 1      3.73                      4.57  -0.84     3.02

DEGREE DAYS
 HEATING
  YESTERDAY       36                        36      0       23
  MONTH TO DATE  573                       601    -28      550
  SINCE DEC 1   2623                      2875   -252     2214
  SINCE JUL 1   3769                      4153   -384     3202

 COOLING
  YESTERDAY        0                         0      0        0
  MONTH TO DATE    0                         0      0        0
  SINCE DEC 1      0                         0      0        0
  SINCE JAN 1      0                         0      0        0
..................................................................


WIND (MPH)
  HIGHEST WIND SPEED    20   HIGHEST WIND DIRECTION     W (290)
  HIGHEST GUST SPEED    26   HIGHEST GUST DIRECTION     W (290)
  AVERAGE WIND SPEED    11.0


SKY COVER
  AVERAGE SKY COVER 0.6



RELATIVE HUMIDITY (PERCENT)
 HIGHEST    61          1200 AM
 LOWEST     45          1100 AM
 AVERAGE    53

..........................................................


THE POUGHKEEPSIE NY CLIMATE NORMALS FOR TODAY
                         NORMAL    RECORD    YEAR
 MAXIMUM TEMPERATURE (F)   40        60      1981
 MINIMUM TEMPERATURE (F)   18       -12      1963


SUNRISE AND SUNSET
FEBRUARY 17 2017......SUNRISE   648 AM EST   SUNSET   532 PM EST
FEBRUARY 18 2017......SUNRISE   646 AM EST   SUNSET   533 PM EST


-  INDICATES NEGATIVE NUMBERS.
R  INDICATES RECORD WAS SET OR TIED.
MM INDICATES DATA IS MISSING.
T  INDICATES TRACE AMOUNT.




RECORDS FOR KPOU DATE BACK TO 1949...
HOWEVER...DATA IS MISSING FROM JANUARY 1993 - JULY 2000.
$$
