008
CDUS41 KALY 180623
CLIPOU


CLIMATE REPORT
NATIONAL WEATHER SERVICE ALBANY NY
222 AM EDT FRI AUG 18 2017


...................................

...THE POUGHKEEPSIE NY CLIMATE SUMMARY FOR AUGUST 17 2017...

CLIMATE NORMAL PERIOD 1981 TO 2010
CLIMATE RECORD PERIOD 1949 TO 2017


WEATHER ITEM   OBSERVED TIME   RECORD YEAR NORMAL DEPARTURE LAST
                VALUE   (LST)  VALUE       VALUE  FROM      YEAR
                                                  NORMAL
..................................................................
TEMPERATURE (F)
 YESTERDAY
  MAXIMUM         82    425 PM  95    2015  83     -1       86
  MINIMUM         56    527 AM  42    1979  60     -4       70
  AVERAGE         69                        71     -2       78

PRECIPITATION (IN)
  YESTERDAY        0.00          0.82 1963   0.14  -0.14     0.00
  MONTH TO DATE    3.90                      2.46   1.44     1.42
  SINCE JUN 1     10.88                     11.54  -0.66     9.38
  SINCE JAN 1     27.44                     29.04  -1.60    21.54

DEGREE DAYS
 HEATING
  YESTERDAY        0                         0      0        0
  MONTH TO DATE    3                         0      3        0
  SINCE JUN 1     56                        54      2        8
  SINCE JUL 1      6                         5      1        0

 COOLING
  YESTERDAY        4                         7     -3       13
  MONTH TO DATE   99                       126    -27      218
  SINCE JUN 1    469                       493    -24      753
  SINCE JAN 1    517                       529    -12      834
..................................................................


WIND (MPH)
  HIGHEST WIND SPEED     9   HIGHEST WIND DIRECTION    SE (150)
  HIGHEST GUST SPEED    13   HIGHEST GUST DIRECTION    SW (240)
  AVERAGE WIND SPEED     2.8


SKY COVER
  AVERAGE SKY COVER 0.1



RELATIVE HUMIDITY (PERCENT)
 HIGHEST    97           100 AM
 LOWEST     45           200 PM
 AVERAGE    71

..........................................................


THE POUGHKEEPSIE NY CLIMATE NORMALS FOR TODAY
                         NORMAL    RECORD    YEAR
 MAXIMUM TEMPERATURE (F)   83        94      2002
 MINIMUM TEMPERATURE (F)   60        43      1954


SUNRISE AND SUNSET
AUGUST 18 2017........SUNRISE   607 AM EDT   SUNSET   750 PM EDT
AUGUST 19 2017........SUNRISE   608 AM EDT   SUNSET   749 PM EDT


-  INDICATES NEGATIVE NUMBERS.
R  INDICATES RECORD WAS SET OR TIED.
MM INDICATES DATA IS MISSING.
T  INDICATES TRACE AMOUNT.




RECORDS FOR KPOU DATE BACK TO 1949...
HOWEVER...DATA IS MISSING FROM JANUARY 1993 - JULY 2000.
$$
