000
CDUS41 KALY 132055
CLIPOU


CLIMATE REPORT
NATIONAL WEATHER SERVICE ALBANY NY
455 PM EDT SUN APR 13 2014




THE POUGHKEEPSIE NY CLIMATE SUMMARY FOR APRIL 13 2014...
VALID TODAY AS OF 0400 PM LOCAL TIME.

CLIMATE NORMAL PERIOD 1981 TO 2010
CLIMATE RECORD PERIOD 1949 TO 2014


WEATHER ITEM   OBSERVED TIME   RECORD YEAR NORMAL DEPARTURE LAST
                VALUE   (LST)  VALUE       VALUE  FROM      YEAR
                                                  NORMAL

TEMPERATURE (F)
 TODAY
  MAXIMUM         80    340 PM  85    1977  60     20       57
  MINIMUM         44    100 AM  19    1986  36      8       37
  AVERAGE         62                        48     14       47

PRECIPITATION (IN)
  TODAY            0.03          0.99 1972   0.13  -0.10      T
  MONTH TO DATE    0.41                      1.68  -1.27     0.62
  SINCE MAR 1      3.16                      5.25  -2.09     2.10
  SINCE JAN 1      7.44                     10.99  -3.55     5.76

DEGREE DAYS
 HEATING
  TODAY            3                        17    -14       18
  MONTH TO DATE  206                       255    -49      238
  SINCE MAR 1   1233                      1129    104     1106
  SINCE JUL 1   5936                      5700    236     5227

 COOLING
  TODAY            0                         0      0        0
  MONTH TO DATE    0                         0      0        0
  SINCE MAR 1      0                         0      0        0
  SINCE JAN 1      0                         0      0        0



WIND (MPH)
  HIGHEST WIND SPEED    16   HIGHEST WIND DIRECTION     S (190)
  HIGHEST GUST SPEED    25   HIGHEST GUST DIRECTION     S (200)
  AVERAGE WIND SPEED     5.2


SKY COVER
  AVERAGE SKY COVER 0.5



RELATIVE HUMIDITY (PERCENT)
 HIGHEST    76           100 AM
 LOWEST     39           300 PM
 AVERAGE    58




THE POUGHKEEPSIE NY CLIMATE NORMALS FOR TOMORROW
                         NORMAL    RECORD    YEAR
 MAXIMUM TEMPERATURE (F)   60        80      1960
 MINIMUM TEMPERATURE (F)   36        23      1973


SUNRISE AND SUNSET
APRIL 13 2014.........SUNRISE   619 AM EDT   SUNSET   734 PM EDT
APRIL 14 2014.........SUNRISE   617 AM EDT   SUNSET   735 PM EDT


-  INDICATES NEGATIVE NUMBERS.
R  INDICATES RECORD WAS SET OR TIED.
MM INDICATES DATA IS MISSING.
T  INDICATES TRACE AMOUNT.






RECORDS FOR KPOU DATE BACK TO 1949...
HOWEVER...DATA IS MISSING FROM JANUARY 1993 - JULY 2000.
$$
