000
CDUS41 KALY 180637
CLIPOU


CLIMATE REPORT
NATIONAL WEATHER SERVICE ALBANY NY
135 AM EST WED JAN 18 2017


...................................

...THE POUGHKEEPSIE NY CLIMATE SUMMARY FOR JANUARY 17 2017...

CLIMATE NORMAL PERIOD 1981 TO 2010
CLIMATE RECORD PERIOD 1949 TO 2017


WEATHER ITEM   OBSERVED TIME   RECORD YEAR NORMAL DEPARTURE LAST
                VALUE   (LST)  VALUE       VALUE  FROM      YEAR
                                                  NORMAL
..................................................................
TEMPERATURE (F)
 YESTERDAY
  MAXIMUM         37    138 AM  61    1990  35      2       42
  MINIMUM         31    754 AM -16    1954  15     16       26
  AVERAGE         34                        25      9       34

PRECIPITATION (IN)
  YESTERDAY        0.31          0.52 1978   0.10   0.21      T
  MONTH TO DATE    1.42                      1.73  -0.31     1.21
  SINCE DEC 1      4.02                      5.26  -1.24     5.11
  SINCE JAN 1      1.42                      1.73  -0.31     1.21

DEGREE DAYS
 HEATING
  YESTERDAY       31                        40     -9       31
  MONTH TO DATE  612                       672    -60      543
  SINCE DEC 1   1652                      1723    -71     1177
  SINCE JUL 1   2798                      3001   -203     2165

 COOLING
  YESTERDAY        0                         0      0        0
  MONTH TO DATE    0                         0      0        0
  SINCE DEC 1      0                         0      0        0
  SINCE JAN 1      0                         0      0        0
..................................................................


WIND (MPH)
  HIGHEST WIND SPEED     7   HIGHEST WIND DIRECTION    NW (330)
  HIGHEST GUST SPEED    11   HIGHEST GUST DIRECTION    SW (230)
  AVERAGE WIND SPEED     2.2


SKY COVER
  AVERAGE SKY COVER 1.0



RELATIVE HUMIDITY (PERCENT)
 HIGHEST    96           500 PM
 LOWEST     59          1200 AM
 AVERAGE    78

..........................................................


THE POUGHKEEPSIE NY CLIMATE NORMALS FOR TODAY
                         NORMAL    RECORD    YEAR
 MAXIMUM TEMPERATURE (F)   35        62      2006
 MINIMUM TEMPERATURE (F)   15       -22      1954


SUNRISE AND SUNSET
JANUARY 18 2017.......SUNRISE   718 AM EST   SUNSET   454 PM EST
JANUARY 19 2017.......SUNRISE   718 AM EST   SUNSET   455 PM EST


-  INDICATES NEGATIVE NUMBERS.
R  INDICATES RECORD WAS SET OR TIED.
MM INDICATES DATA IS MISSING.
T  INDICATES TRACE AMOUNT.




RECORDS FOR KPOU DATE BACK TO 1949...
HOWEVER...DATA IS MISSING FROM JANUARY 1993 - JULY 2000.
$$
