000
CDUS41 KALY 092055
CLIPOU


CLIMATE REPORT
NATIONAL WEATHER SERVICE ALBANY NY
454 PM EDT MON OCT 9 2017


...................................

...THE POUGHKEEPSIE NY CLIMATE SUMMARY FOR OCTOBER 9 2017...
VALID TODAY AS OF 0400 PM LOCAL TIME.

CLIMATE NORMAL PERIOD 1981 TO 2010
CLIMATE RECORD PERIOD 1949 TO 2017


WEATHER ITEM   OBSERVED TIME   RECORD YEAR NORMAL DEPARTURE LAST
                VALUE   (LST)  VALUE       VALUE  FROM      YEAR
                                                  NORMAL
..................................................................
TEMPERATURE (F)
 TODAY
  MAXIMUM         76    257 PM  83    1959  66     10       60
                                      1949
  MINIMUM         69    316 AM  26    2001  41     28       49
                                      2000
  AVERAGE         73                        53     20       55

PRECIPITATION (IN)
  TODAY            0.68          1.44 1977   0.15   0.53     0.01
  MONTH TO DATE    1.09                      1.33  -0.24     0.01
  SINCE SEP 1      2.84                      5.61  -2.77     0.94
  SINCE JAN 1     31.94                     36.39  -4.45    23.26

DEGREE DAYS
 HEATING
  TODAY            0                        12    -12       10
  MONTH TO DATE   37                        93    -56       68
  SINCE SEP 1    130                       216    -86      139
  SINCE JUL 1    150                       233    -83      141

 COOLING
  TODAY            8                         0      8        0
  MONTH TO DATE   25                         0     25        0
  SINCE SEP 1    139                        64     75      107
  SINCE JAN 1    713                       668     45     1049
..................................................................


WIND (MPH)
  HIGHEST WIND SPEED    10   HIGHEST WIND DIRECTION     S (190)
  HIGHEST GUST SPEED    23   HIGHEST GUST DIRECTION     S (190)
  AVERAGE WIND SPEED     6.0


SKY COVER
  AVERAGE SKY COVER 0.9



RELATIVE HUMIDITY (PERCENT)
 HIGHEST   100           400 AM
 LOWEST     79          1200 PM
 AVERAGE    90

..........................................................


THE POUGHKEEPSIE NY CLIMATE NORMALS FOR TOMORROW
                         NORMAL    RECORD    YEAR
 MAXIMUM TEMPERATURE (F)   65        87      1949
 MINIMUM TEMPERATURE (F)   41        26      1986


SUNRISE AND SUNSET
OCTOBER  9 2017.......SUNRISE   701 AM EDT   SUNSET   624 PM EDT
OCTOBER 10 2017.......SUNRISE   702 AM EDT   SUNSET   622 PM EDT


-  INDICATES NEGATIVE NUMBERS.
R  INDICATES RECORD WAS SET OR TIED.
MM INDICATES DATA IS MISSING.
T  INDICATES TRACE AMOUNT.




RECORDS FOR KPOU DATE BACK TO 1949...
HOWEVER...DATA IS MISSING FROM JANUARY 1993 - JULY 2000.
$$
