000
CDUS41 KALY 170624
CLIPOU


CLIMATE REPORT
NATIONAL WEATHER SERVICE ALBANY NY
223 AM EDT WED MAY 17 2017


...................................

...THE POUGHKEEPSIE NY CLIMATE SUMMARY FOR MAY 16 2017...

CLIMATE NORMAL PERIOD 1981 TO 2010
CLIMATE RECORD PERIOD 1949 TO 2017


WEATHER ITEM   OBSERVED TIME   RECORD YEAR NORMAL DEPARTURE LAST
                VALUE   (LST)  VALUE       VALUE  FROM      YEAR
                                                  NORMAL
..................................................................
TEMPERATURE (F)
 YESTERDAY
  MAXIMUM         78    336 PM  89    1951  71      7       67
  MINIMUM         40    422 AM  34    1939  46     -6       41
  AVERAGE         59                        59      0       54

PRECIPITATION (IN)
  YESTERDAY        0.00          3.27 1989   0.14  -0.14     0.00
  MONTH TO DATE    1.47                      2.08  -0.61     2.53
  SINCE MAR 1      9.16                      9.43  -0.27     5.80
  SINCE JAN 1     14.03                     15.17  -1.14    11.48

DEGREE DAYS
 HEATING
  YESTERDAY        6                         7     -1       11
  MONTH TO DATE  200                       144     56      155
  SINCE MAR 1   1562                      1512     50     1208
  SINCE JUL 1   5604                      6083   -479     4740

 COOLING
  YESTERDAY        0                         1     -1        0
  MONTH TO DATE    0                        10    -10        0
  SINCE MAR 1     17                        15      2        4
  SINCE JAN 1     17                        15      2        4
..................................................................


WIND (MPH)
  HIGHEST WIND SPEED    15   HIGHEST WIND DIRECTION     W (250)
  HIGHEST GUST SPEED    19   HIGHEST GUST DIRECTION     W (250)
  AVERAGE WIND SPEED     3.3


SKY COVER
  AVERAGE SKY COVER 0.2



RELATIVE HUMIDITY (PERCENT)
 HIGHEST    96           300 AM
 LOWEST     31           400 PM
 AVERAGE    64

..........................................................


THE POUGHKEEPSIE NY CLIMATE NORMALS FOR TODAY
                         NORMAL    RECORD    YEAR
 MAXIMUM TEMPERATURE (F)   72        90      1977
 MINIMUM TEMPERATURE (F)   47        31      1983
                                             1956


SUNRISE AND SUNSET
MAY 17 2017...........SUNRISE   534 AM EDT   SUNSET   810 PM EDT
MAY 18 2017...........SUNRISE   533 AM EDT   SUNSET   811 PM EDT


-  INDICATES NEGATIVE NUMBERS.
R  INDICATES RECORD WAS SET OR TIED.
MM INDICATES DATA IS MISSING.
T  INDICATES TRACE AMOUNT.




RECORDS FOR KPOU DATE BACK TO 1949...
HOWEVER...DATA IS MISSING FROM JANUARY 1993 - JULY 2000.
$$
