000
CDUS41 KALY 110622
CLIPOU


CLIMATE REPORT
NATIONAL WEATHER SERVICE ALBANY NY
121 AM EST SAT NOV 11 2017


...................................

...THE POUGHKEEPSIE NY CLIMATE SUMMARY FOR NOVEMBER 10 2017...

CLIMATE NORMAL PERIOD 1981 TO 2010
CLIMATE RECORD PERIOD 1949 TO 2017


WEATHER ITEM   OBSERVED TIME   RECORD YEAR NORMAL DEPARTURE LAST
                VALUE   (LST)  VALUE       VALUE  FROM      YEAR
                                                  NORMAL
..................................................................
TEMPERATURE (F)
 YESTERDAY
  MAXIMUM         48    107 AM  69    1964  55     -7       55
  MINIMUM         19   1147 PM  16    1965  32    -13       25
  AVERAGE         34                        43     -9       40

PRECIPITATION (IN)
  YESTERDAY        0.00          1.64 1990   0.11  -0.11     0.00
  MONTH TO DATE    0.21                      1.15  -0.94     0.03
  SINCE SEP 1      5.83                      9.90  -4.07     3.50
  SINCE JAN 1     34.93                     40.68  -5.75    25.82

DEGREE DAYS
 HEATING
  YESTERDAY       31                        22      9       25
  MONTH TO DATE  194                       203     -9      200
  SINCE SEP 1    511                       762   -251      660
  SINCE JUL 1    531                       779   -248      662

 COOLING
  YESTERDAY        0                         0      0        0
  MONTH TO DATE    0                         0      0        0
  SINCE SEP 1    144                        68     76      111
  SINCE JAN 1    718                       672     46     1053
..................................................................


WIND (MPH)
  HIGHEST WIND SPEED    26   HIGHEST WIND DIRECTION    NW (330)
  HIGHEST GUST SPEED    34   HIGHEST GUST DIRECTION     W (290)
  AVERAGE WIND SPEED    12.9


SKY COVER
  AVERAGE SKY COVER 0.2



RELATIVE HUMIDITY (PERCENT)
 HIGHEST    82           200 AM
 LOWEST     29           100 PM
 AVERAGE    56

..........................................................


THE POUGHKEEPSIE NY CLIMATE NORMALS FOR TODAY
                         NORMAL    RECORD    YEAR
 MAXIMUM TEMPERATURE (F)   54        71      2002
 MINIMUM TEMPERATURE (F)   32        13      1956


SUNRISE AND SUNSET
NOVEMBER 11 2017......SUNRISE   640 AM EST   SUNSET   439 PM EST
NOVEMBER 12 2017......SUNRISE   641 AM EST   SUNSET   438 PM EST


-  INDICATES NEGATIVE NUMBERS.
R  INDICATES RECORD WAS SET OR TIED.
MM INDICATES DATA IS MISSING.
T  INDICATES TRACE AMOUNT.




RECORDS FOR KPOU DATE BACK TO 1949...
HOWEVER...DATA IS MISSING FROM JANUARY 1993 - JULY 2000.
$$
