000
CDUS41 KALY 122145
CLIPOU


CLIMATE REPORT
NATIONAL WEATHER SERVICE ALBANY NY
445 PM EST FRI DEC 12 2014


...................................

...THE POUGHKEEPSIE NY CLIMATE SUMMARY FOR DECEMBER 12 2014...
VALID TODAY AS OF 0400 PM LOCAL TIME.

CLIMATE NORMAL PERIOD 1981 TO 2010
CLIMATE RECORD PERIOD 1949 TO 2014


WEATHER ITEM   OBSERVED TIME   RECORD YEAR NORMAL DEPARTURE LAST
                VALUE   (LST)  VALUE       VALUE  FROM      YEAR
                                                  NORMAL
..................................................................
TEMPERATURE (F)
 TODAY
  MAXIMUM         38    318 PM  66    1979  41     -3       26
  MINIMUM         26    338 AM  -3    1962  23      3       15
  AVERAGE         32                        32      0       21

PRECIPITATION (IN)
  TODAY            0.00          1.50 2008   0.11  -0.11     0.00
  MONTH TO DATE    2.39                      1.44   0.95     0.93
  SINCE DEC 1      2.39                      1.44   0.95     0.93
  SINCE JAN 1     33.53                     44.44 -10.91    37.51

DEGREE DAYS
 HEATING
  TODAY           33                        33      0       44
  MONTH TO DATE  369                       368      1      374
  SINCE DEC 1    369                       368      1      374
  SINCE JUL 1   1520                      1646   -126     1617

 COOLING
  TODAY            0                         0      0        0
  MONTH TO DATE    0                         0      0        0
  SINCE DEC 1      0                         0      0        0
  SINCE JAN 1    696                       672     24      829
..................................................................


WIND (MPH)
  HIGHEST WIND SPEED    12   HIGHEST WIND DIRECTION    NW (320)
  HIGHEST GUST SPEED    14   HIGHEST GUST DIRECTION     W (280)
  AVERAGE WIND SPEED     3.7


SKY COVER
  AVERAGE SKY COVER 0.9



RELATIVE HUMIDITY (PERCENT)
 HIGHEST    85           500 AM
 LOWEST     52          1200 PM
 AVERAGE    69

..........................................................


THE POUGHKEEPSIE NY CLIMATE NORMALS FOR TOMORROW
                         NORMAL    RECORD    YEAR
 MAXIMUM TEMPERATURE (F)   41        61      1984
 MINIMUM TEMPERATURE (F)   23         1      1988


SUNRISE AND SUNSET
DECEMBER 12 2014......SUNRISE   713 AM EST   SUNSET   425 PM EST
DECEMBER 13 2014......SUNRISE   714 AM EST   SUNSET   426 PM EST


-  INDICATES NEGATIVE NUMBERS.
R  INDICATES RECORD WAS SET OR TIED.
MM INDICATES DATA IS MISSING.
T  INDICATES TRACE AMOUNT.






RECORDS FOR KPOU DATE BACK TO 1949...
HOWEVER...DATA IS MISSING FROM JANUARY 1993 - JULY 2000.
$$
