000
CDUS41 KALY 260624
CLIPOU


CLIMATE REPORT
NATIONAL WEATHER SERVICE ALBANY NY
223 AM EDT TUE APR 26 2016


...................................

...THE POUGHKEEPSIE NY CLIMATE SUMMARY FOR APRIL 25 2016...

CLIMATE NORMAL PERIOD 1981 TO 2010
CLIMATE RECORD PERIOD 1949 TO 2016


WEATHER ITEM   OBSERVED TIME   RECORD YEAR NORMAL DEPARTURE LAST
                VALUE   (LST)  VALUE       VALUE  FROM      YEAR
                                                  NORMAL
..................................................................
TEMPERATURE (F)
 YESTERDAY
  MAXIMUM         70    323 PM  90    2009  65      5       60
  MINIMUM         49   1132 PM  23    1956  40      9       26
  AVERAGE         60                        52      8       43

PRECIPITATION (IN)
  YESTERDAY        0.00          1.27 1952   0.12  -0.12     0.00
  MONTH TO DATE    1.52                      3.13  -1.61     2.23
  SINCE MAR 1      2.56                      6.70  -4.14     4.40
  SINCE JAN 1      8.24                     12.44  -4.20     8.70

DEGREE DAYS
 HEATING
  YESTERDAY        5                        13     -8       22
  MONTH TO DATE  406                       433    -27      410
  SINCE MAR 1    989                      1307   -318     1411
  SINCE JUL 1   4521                      5878  -1357     6096

 COOLING
  YESTERDAY        0                         0      0        0
  MONTH TO DATE    4                         0      4        0
  SINCE MAR 1      4                         0      4        0
  SINCE JAN 1      4                         0      4        0
..................................................................


WIND (MPH)
  HIGHEST WIND SPEED    13   HIGHEST WIND DIRECTION     N (20)
  HIGHEST GUST SPEED    16   HIGHEST GUST DIRECTION    NE (30)
  AVERAGE WIND SPEED     3.3


SKY COVER
  AVERAGE SKY COVER 0.7



RELATIVE HUMIDITY (PERCENT)
 HIGHEST    61           200 AM
 LOWEST     26           200 PM
 AVERAGE    44

..........................................................


THE POUGHKEEPSIE NY CLIMATE NORMALS FOR TODAY
                         NORMAL    RECORD    YEAR
 MAXIMUM TEMPERATURE (F)   65        90      2009
 MINIMUM TEMPERATURE (F)   40        26      1963


SUNRISE AND SUNSET
APRIL 26 2016.........SUNRISE   558 AM EDT   SUNSET   749 PM EDT
APRIL 27 2016.........SUNRISE   557 AM EDT   SUNSET   750 PM EDT


-  INDICATES NEGATIVE NUMBERS.
R  INDICATES RECORD WAS SET OR TIED.
MM INDICATES DATA IS MISSING.
T  INDICATES TRACE AMOUNT.




RECORDS FOR KPOU DATE BACK TO 1949...
HOWEVER...DATA IS MISSING FROM JANUARY 1993 - JULY 2000.
$$
