000
CDUS41 KALY 170627
CLIPOU


CLIMATE REPORT
NATIONAL WEATHER SERVICE ALBANY NY
226 AM EDT THU APR 17 2014




THE POUGHKEEPSIE NY CLIMATE SUMMARY FOR APRIL 16 2014...

CLIMATE NORMAL PERIOD 1981 TO 2010
CLIMATE RECORD PERIOD 1949 TO 2014


WEATHER ITEM   OBSERVED TIME   RECORD YEAR NORMAL DEPARTURE LAST
                VALUE   (LST)  VALUE       VALUE  FROM      YEAR
                                                  NORMAL

TEMPERATURE (F)
 YESTERDAY
  MAXIMUM         46    416 PM  91    2012  61    -15       66
  MINIMUM         29    526 AM  22    1957  37     -8       45
  AVERAGE         38                        49    -11       56

PRECIPITATION (IN)
  YESTERDAY        0.00          2.23 1983   0.13  -0.13     0.01
  MONTH TO DATE    1.72                      2.06  -0.34     0.63
  SINCE MAR 1      4.47                      5.63  -1.16     2.11
  SINCE JAN 1      8.75                     11.37  -2.62     5.77

DEGREE DAYS
 HEATING
  YESTERDAY       27                        16     11        9
  MONTH TO DATE  248                       304    -56      285
  SINCE MAR 1   1275                      1178     97     1153
  SINCE JUL 1   5978                      5749    229     5274

 COOLING
  YESTERDAY        0                         0      0        0
  MONTH TO DATE    6                         0      6        0
  SINCE MAR 1      6                         0      6        0
  SINCE JAN 1      6                         0      6        0



WIND (MPH)
  HIGHEST WIND SPEED    21   HIGHEST WIND DIRECTION    NW (320)
  HIGHEST GUST SPEED    28   HIGHEST GUST DIRECTION    NW (320)
  AVERAGE WIND SPEED     9.1


SKY COVER
  AVERAGE SKY COVER 0.0



RELATIVE HUMIDITY (PERCENT)
 HIGHEST    69           100 AM
 LOWEST     28           400 PM
 AVERAGE    49




THE POUGHKEEPSIE NY CLIMATE NORMALS FOR TODAY
                         NORMAL    RECORD    YEAR
 MAXIMUM TEMPERATURE (F)   62        93      2002
 MINIMUM TEMPERATURE (F)   37        22      1962


SUNRISE AND SUNSET
APRIL 17 2014.........SUNRISE   613 AM EDT   SUNSET   738 PM EDT
APRIL 18 2014.........SUNRISE   611 AM EDT   SUNSET   739 PM EDT


-  INDICATES NEGATIVE NUMBERS.
R  INDICATES RECORD WAS SET OR TIED.
MM INDICATES DATA IS MISSING.
T  INDICATES TRACE AMOUNT.





RECORDS FOR KPOU DATE BACK TO 1949...
HOWEVER...DATA IS MISSING FROM JANUARY 1993 - JULY 2000.
$$
