000
CDUS41 KALY 240624
CLIPOU


CLIMATE REPORT
NATIONAL WEATHER SERVICE ALBANY NY
223 AM EDT SUN JUL 24 2016


...................................

...THE POUGHKEEPSIE NY CLIMATE SUMMARY FOR JULY 23 2016...

CLIMATE NORMAL PERIOD 1981 TO 2010
CLIMATE RECORD PERIOD 1949 TO 2016


WEATHER ITEM   OBSERVED TIME   RECORD YEAR NORMAL DEPARTURE LAST
                VALUE   (LST)  VALUE       VALUE  FROM      YEAR
                                                  NORMAL
..................................................................
TEMPERATURE (F)
 YESTERDAY
  MAXIMUM         96    445 PM  98    1955  85     11       85
  MINIMUM         69   1159 PM  48    1977  61      8       54
  AVERAGE         83                        73     10       70

PRECIPITATION (IN)
  YESTERDAY        0.00          2.08 2004   0.16  -0.16     0.00
  MONTH TO DATE    2.84                      3.33  -0.49     1.32
  SINCE JUN 1      4.87                      7.76  -2.89     5.45
  SINCE JAN 1     17.03                     25.26  -8.23    16.12

DEGREE DAYS
 HEATING
  YESTERDAY        0                         0      0        0
  MONTH TO DATE    0                         0      0        0
  SINCE JUN 1      8                        49    -41       46
  SINCE JUL 1      0                         0      0        0

 COOLING
  YESTERDAY       18                         8     10        5
  MONTH TO DATE  254                       176     78      188
  SINCE JUN 1    425                       303    122      321
  SINCE JAN 1    506                       339    167      434
..................................................................


WIND (MPH)
  HIGHEST WIND SPEED    21   HIGHEST WIND DIRECTION     W (280)
  HIGHEST GUST SPEED    26   HIGHEST GUST DIRECTION     W (260)
  AVERAGE WIND SPEED     6.5


SKY COVER
  AVERAGE SKY COVER 0.1



RELATIVE HUMIDITY (PERCENT)
 HIGHEST    93           100 AM
 LOWEST     22           400 PM
 AVERAGE    58

..........................................................


THE POUGHKEEPSIE NY CLIMATE NORMALS FOR TODAY
                         NORMAL    RECORD    YEAR
 MAXIMUM TEMPERATURE (F)   85        96      2001
 MINIMUM TEMPERATURE (F)   61        48      1985


SUNRISE AND SUNSET
JULY 24 2016..........SUNRISE   543 AM EDT   SUNSET   821 PM EDT
JULY 25 2016..........SUNRISE   544 AM EDT   SUNSET   820 PM EDT


-  INDICATES NEGATIVE NUMBERS.
R  INDICATES RECORD WAS SET OR TIED.
MM INDICATES DATA IS MISSING.
T  INDICATES TRACE AMOUNT.




RECORDS FOR KPOU DATE BACK TO 1949...
HOWEVER...DATA IS MISSING FROM JANUARY 1993 - JULY 2000.
$$
