442
CDUS41 KALY 130628
CLIPOU


CLIMATE REPORT
NATIONAL WEATHER SERVICE ALBANY NY
227 AM EDT WED MAY 13 2015


...................................

...THE POUGHKEEPSIE NY CLIMATE SUMMARY FOR MAY 12 2015...

CLIMATE NORMAL PERIOD 1981 TO 2010
CLIMATE RECORD PERIOD 1949 TO 2015


WEATHER ITEM   OBSERVED TIME   RECORD YEAR NORMAL DEPARTURE LAST
                VALUE   (LST)  VALUE       VALUE  FROM      YEAR
                                                  NORMAL
..................................................................
TEMPERATURE (F)
 YESTERDAY
  MAXIMUM         88R   328 PM  88    2004  70     18       85
  MINIMUM         60   1159 PM  30    1983  45     15       47
  AVERAGE         74                        58     16       66

PRECIPITATION (IN)
  YESTERDAY        T             1.62 1974   0.13  -0.13     0.00
  MONTH TO DATE    0.02                      1.53  -1.51     0.77
  SINCE MAR 1      4.42                      8.88  -4.46     7.95
  SINCE JAN 1      8.72                     14.62  -5.90    12.23

DEGREE DAYS
 HEATING
  YESTERDAY        0                         8     -8        0
  MONTH TO DATE   25                       114    -89       77
  SINCE MAR 1   1491                      1482      9     1578
  SINCE JUL 1   6176                      6053    123     6281

 COOLING
  YESTERDAY        9                         1      8        1
  MONTH TO DATE   49                         6     43       10
  SINCE MAR 1     49                        11     38       16
  SINCE JAN 1     49                        11     38       16
..................................................................


WIND (MPH)
  HIGHEST WIND SPEED    28   HIGHEST WIND DIRECTION     W (250)
  HIGHEST GUST SPEED    38   HIGHEST GUST DIRECTION    SW (230)
  AVERAGE WIND SPEED     9.2


SKY COVER
  AVERAGE SKY COVER 0.4



RELATIVE HUMIDITY (PERCENT)
 HIGHEST    93           300 AM
 LOWEST     22           300 PM
 AVERAGE    58

..........................................................


THE POUGHKEEPSIE NY CLIMATE NORMALS FOR TODAY
                         NORMAL    RECORD    YEAR
 MAXIMUM TEMPERATURE (F)   71        88      1985
 MINIMUM TEMPERATURE (F)   45        30      1967


SUNRISE AND SUNSET
MAY 13 2015...........SUNRISE   538 AM EDT   SUNSET   806 PM EDT
MAY 14 2015...........SUNRISE   537 AM EDT   SUNSET   807 PM EDT


-  INDICATES NEGATIVE NUMBERS.
R  INDICATES RECORD WAS SET OR TIED.
MM INDICATES DATA IS MISSING.
T  INDICATES TRACE AMOUNT.




RECORDS FOR KPOU DATE BACK TO 1949...
HOWEVER...DATA IS MISSING FROM JANUARY 1993 - JULY 2000.
$$
