000
CDUS41 KALY 240627
CLIPOU


CLIMATE REPORT
NATIONAL WEATHER SERVICE ALBANY NY
226 AM EDT SUN MAY 24 2015


...................................

...THE POUGHKEEPSIE NY CLIMATE SUMMARY FOR MAY 23 2015...

CLIMATE NORMAL PERIOD 1981 TO 2010
CLIMATE RECORD PERIOD 1949 TO 2015


WEATHER ITEM   OBSERVED TIME   RECORD YEAR NORMAL DEPARTURE LAST
                VALUE   (LST)  VALUE       VALUE  FROM      YEAR
                                                  NORMAL
..................................................................
TEMPERATURE (F)
 YESTERDAY
  MAXIMUM         69    452 PM  94    1964  73     -4       66
  MINIMUM         40    510 AM  34    1963  49     -9       57
  AVERAGE         55                        61     -6       62

PRECIPITATION (IN)
  YESTERDAY        0.00          2.10 1983   0.16  -0.16     0.02
  MONTH TO DATE    1.05                      3.13  -2.08     2.43
  SINCE MAR 1      5.45                     10.48  -5.03     9.61
  SINCE JAN 1      9.75                     16.22  -6.47    13.89

DEGREE DAYS
 HEATING
  YESTERDAY       10                         5      5        3
  MONTH TO DATE   90                       187    -97      116
  SINCE MAR 1   1556                      1555      1     1617
  SINCE JUL 1   6241                      6126    115     6320

 COOLING
  YESTERDAY        0                         1     -1        0
  MONTH TO DATE   62                        17     45       13
  SINCE MAR 1     62                        22     40       19
  SINCE JAN 1     62                        22     40       19
..................................................................


WIND (MPH)
  HIGHEST WIND SPEED    15   HIGHEST WIND DIRECTION    SW (240)
  HIGHEST GUST SPEED    20   HIGHEST GUST DIRECTION    SW (240)
  AVERAGE WIND SPEED     6.0


SKY COVER
  AVERAGE SKY COVER 0.0



RELATIVE HUMIDITY (PERCENT)
 HIGHEST    71          1100 PM
 LOWEST     20           300 PM
 AVERAGE    46

..........................................................


THE POUGHKEEPSIE NY CLIMATE NORMALS FOR TODAY
                         NORMAL    RECORD    YEAR
 MAXIMUM TEMPERATURE (F)   74        92      1975
 MINIMUM TEMPERATURE (F)   49        27      1963


SUNRISE AND SUNSET
MAY 24 2015...........SUNRISE   529 AM EDT   SUNSET   817 PM EDT
MAY 25 2015...........SUNRISE   528 AM EDT   SUNSET   817 PM EDT


-  INDICATES NEGATIVE NUMBERS.
R  INDICATES RECORD WAS SET OR TIED.
MM INDICATES DATA IS MISSING.
T  INDICATES TRACE AMOUNT.




RECORDS FOR KPOU DATE BACK TO 1949...
HOWEVER...DATA IS MISSING FROM JANUARY 1993 - JULY 2000.
$$
