000
CDUS41 KALY 202049
CLIPOU


CLIMATE REPORT
NATIONAL WEATHER SERVICE ALBANY NY
448 PM EDT FRI OCT 20 2017


...................................

...THE POUGHKEEPSIE NY CLIMATE SUMMARY FOR OCTOBER 20 2017...
VALID TODAY AS OF 0400 PM LOCAL TIME.

CLIMATE NORMAL PERIOD 1981 TO 2010
CLIMATE RECORD PERIOD 1949 TO 2017


WEATHER ITEM   OBSERVED TIME   RECORD YEAR NORMAL DEPARTURE LAST
                VALUE   (LST)  VALUE       VALUE  FROM      YEAR
                                                  NORMAL
..................................................................
TEMPERATURE (F)
 TODAY
  MAXIMUM         73    339 PM  79    1965  62     11       71
  MINIMUM         41    630 AM  18    1974  37      4       43
  AVERAGE         57                        50      7       57

PRECIPITATION (IN)
  TODAY            0.00          2.82 1989   0.15  -0.15     0.00
  MONTH TO DATE    1.23                      2.98  -1.75     0.04
  SINCE SEP 1      2.98                      7.26  -4.28     0.97
  SINCE JAN 1     32.08                     38.04  -5.96    23.29

DEGREE DAYS
 HEATING
  TODAY            8                        16     -8        8
  MONTH TO DATE  126                       247   -121      190
  SINCE SEP 1    219                       370   -151      261
  SINCE JUL 1    239                       387   -148      263

 COOLING
  TODAY            0                         0      0        0
  MONTH TO DATE   27                         0     27        4
  SINCE SEP 1    141                        64     77      111
  SINCE JAN 1    715                       668     47     1053
..................................................................


WIND (MPH)
  HIGHEST WIND SPEED    12   HIGHEST WIND DIRECTION     N (360)
  HIGHEST GUST SPEED    14   HIGHEST GUST DIRECTION     N (350)
  AVERAGE WIND SPEED     3.0


SKY COVER
  AVERAGE SKY COVER 0.0



RELATIVE HUMIDITY (PERCENT)
 HIGHEST    96           500 AM
 LOWEST     25           200 PM
 AVERAGE    61

..........................................................


THE POUGHKEEPSIE NY CLIMATE NORMALS FOR TOMORROW
                         NORMAL    RECORD    YEAR
 MAXIMUM TEMPERATURE (F)   61        81      1979
 MINIMUM TEMPERATURE (F)   37        18      1952


SUNRISE AND SUNSET
OCTOBER 20 2017.......SUNRISE   714 AM EDT   SUNSET   606 PM EDT
OCTOBER 21 2017.......SUNRISE   715 AM EDT   SUNSET   605 PM EDT


-  INDICATES NEGATIVE NUMBERS.
R  INDICATES RECORD WAS SET OR TIED.
MM INDICATES DATA IS MISSING.
T  INDICATES TRACE AMOUNT.




RECORDS FOR KPOU DATE BACK TO 1949...
HOWEVER...DATA IS MISSING FROM JANUARY 1993 - JULY 2000.
$$
