000
CDUS41 KALY 232055
CLIPOU


CLIMATE REPORT
NATIONAL WEATHER SERVICE ALBANY NY
455 PM EDT TUE SEP 23 2014




THE POUGHKEEPSIE NY CLIMATE SUMMARY FOR SEPTEMBER 23 2014...
VALID TODAY AS OF 0400 PM LOCAL TIME.

CLIMATE NORMAL PERIOD 1981 TO 2010
CLIMATE RECORD PERIOD 1949 TO 2014


WEATHER ITEM   OBSERVED TIME   RECORD YEAR NORMAL DEPARTURE LAST
                VALUE   (LST)  VALUE       VALUE  FROM      YEAR
                                                  NORMAL

TEMPERATURE (F)
 TODAY
  MAXIMUM         72    300 PM  90    1959  72      0       64
  MINIMUM         38        MM  32    1963  48    -10       42
  AVERAGE         55                        60     -5       53

PRECIPITATION (IN)
  TODAY            0.00          1.46 2003   0.15  -0.15     0.00
  MONTH TO DATE    0.52                      3.22  -2.70     2.32
  SINCE SEP 1      0.52                      3.22  -2.70     2.32
  SINCE JAN 1     25.19                     34.00  -8.81    32.54

DEGREE DAYS
 HEATING
  TODAY           10                         6      4       12
  MONTH TO DATE   78                        73      5       90
  SINCE SEP 1     78                        73      5       90
  SINCE JUL 1     83                        90     -7       93

 COOLING
  TODAY            0                         1     -1        0
  MONTH TO DATE   78                        59     19       64
  SINCE SEP 1     78                        59     19       64
  SINCE JAN 1    675                       663     12      821



WIND (MPH)
  HIGHEST WIND SPEED     5   HIGHEST WIND DIRECTION     E (90)
  HIGHEST GUST SPEED    MM   HIGHEST GUST DIRECTION    MM
  AVERAGE WIND SPEED     0.6


SKY COVER
  AVERAGE SKY COVER 0.0



RELATIVE HUMIDITY (PERCENT)
 HIGHEST    93           200 AM
 LOWEST     35           300 PM
 AVERAGE    64




THE POUGHKEEPSIE NY CLIMATE NORMALS FOR TOMORROW
                         NORMAL    RECORD    YEAR
 MAXIMUM TEMPERATURE (F)   72        91      1959
 MINIMUM TEMPERATURE (F)   48        26      1963


SUNRISE AND SUNSET
SEPTEMBER 23 2014.....SUNRISE   644 AM EDT   SUNSET   651 PM EDT
SEPTEMBER 24 2014.....SUNRISE   645 AM EDT   SUNSET   649 PM EDT


-  INDICATES NEGATIVE NUMBERS.
R  INDICATES RECORD WAS SET OR TIED.
MM INDICATES DATA IS MISSING.
T  INDICATES TRACE AMOUNT.





RECORDS FOR KPOU DATE BACK TO 1949...
HOWEVER...DATA IS MISSING FROM JANUARY 1993 - JULY 2000.
$$
