113
CDUS41 KALY 120630
CLIPOU


CLIMATE REPORT
NATIONAL WEATHER SERVICE ALBANY NY
130 AM EST THU JAN 12 2017


...................................

...THE POUGHKEEPSIE NY CLIMATE SUMMARY FOR JANUARY 11 2017...

CLIMATE NORMAL PERIOD 1981 TO 2010
CLIMATE RECORD PERIOD 1949 TO 2017


WEATHER ITEM   OBSERVED TIME   RECORD YEAR NORMAL DEPARTURE LAST
                VALUE   (LST)  VALUE       VALUE  FROM      YEAR
                                                  NORMAL
..................................................................
TEMPERATURE (F)
 YESTERDAY
  MAXIMUM         49    358 PM  63    1975  35     14       42
  MINIMUM         35    624 PM -20    1968  16     19       21
  AVERAGE         42                        25     17       32

PRECIPITATION (IN)
  YESTERDAY        0.41          1.10 1974   0.10   0.31     0.00
  MONTH TO DATE    0.91                      1.12  -0.21     0.91
  SINCE DEC 1      3.51                      4.65  -1.14     4.81
  SINCE JAN 1      0.91                      1.12  -0.21     0.91

DEGREE DAYS
 HEATING
  YESTERDAY       23                        40    -17       33
  MONTH TO DATE  422                       432    -10      353
  SINCE DEC 1   1462                      1483    -21      987
  SINCE JUL 1   2608                      2761   -153     1975

 COOLING
  YESTERDAY        0                         0      0        0
  MONTH TO DATE    0                         0      0        0
  SINCE DEC 1      0                         0      0        0
  SINCE JAN 1      0                         0      0        0
..................................................................


WIND (MPH)
  HIGHEST WIND SPEED    22   HIGHEST WIND DIRECTION    SW (220)
  HIGHEST GUST SPEED    32   HIGHEST GUST DIRECTION    SW (210)
  AVERAGE WIND SPEED     6.1


SKY COVER
  AVERAGE SKY COVER 0.3



RELATIVE HUMIDITY (PERCENT)
 HIGHEST    89          1100 PM
 LOWEST     56           300 PM
 AVERAGE    73

..........................................................


THE POUGHKEEPSIE NY CLIMATE NORMALS FOR TODAY
                         NORMAL    RECORD    YEAR
 MAXIMUM TEMPERATURE (F)   35        58      1980
 MINIMUM TEMPERATURE (F)   16       -20      1981


SUNRISE AND SUNSET
JANUARY 12 2017.......SUNRISE   721 AM EST   SUNSET   447 PM EST
JANUARY 13 2017.......SUNRISE   721 AM EST   SUNSET   448 PM EST


-  INDICATES NEGATIVE NUMBERS.
R  INDICATES RECORD WAS SET OR TIED.
MM INDICATES DATA IS MISSING.
T  INDICATES TRACE AMOUNT.




RECORDS FOR KPOU DATE BACK TO 1949...
HOWEVER...DATA IS MISSING FROM JANUARY 1993 - JULY 2000.
$$
