000
CDUS41 KALY 170627
CLIPOU


CLIMATE REPORT
NATIONAL WEATHER SERVICE ALBANY NY
226 AM EDT SUN MAY 17 2015


...................................

...THE POUGHKEEPSIE NY CLIMATE SUMMARY FOR MAY 16 2015...

CLIMATE NORMAL PERIOD 1981 TO 2010
CLIMATE RECORD PERIOD 1949 TO 2015


WEATHER ITEM   OBSERVED TIME   RECORD YEAR NORMAL DEPARTURE LAST
                VALUE   (LST)  VALUE       VALUE  FROM      YEAR
                                                  NORMAL
..................................................................
TEMPERATURE (F)
 YESTERDAY
  MAXIMUM         76    351 PM  89    1951  71      5       72
  MINIMUM         54    637 AM  36    1984  46      8       58
  AVERAGE         65                        59      6       65

PRECIPITATION (IN)
  YESTERDAY        0.83          3.27 1989   0.14   0.69     1.14
  MONTH TO DATE    0.85                      2.08  -1.23     1.94
  SINCE MAR 1      5.25                      9.43  -4.18     9.12
  SINCE JAN 1      9.55                     15.17  -5.62    13.40

DEGREE DAYS
 HEATING
  YESTERDAY        0                         7     -7        0
  MONTH TO DATE   53                       144    -91       79
  SINCE MAR 1   1519                      1512      7     1580
  SINCE JUL 1   6204                      6083    121     6283

 COOLING
  YESTERDAY        0                         1     -1        0
  MONTH TO DATE   49                        10     39       12
  SINCE MAR 1     49                        15     34       18
  SINCE JAN 1     49                        15     34       18
..................................................................


WIND (MPH)
  HIGHEST WIND SPEED    10   HIGHEST WIND DIRECTION     S (170)
  HIGHEST GUST SPEED    16   HIGHEST GUST DIRECTION    SE (150)
  AVERAGE WIND SPEED     3.5


SKY COVER
  AVERAGE SKY COVER 0.5



RELATIVE HUMIDITY (PERCENT)
 HIGHEST    93          1000 PM
 LOWEST     60           200 AM
 AVERAGE    77

..........................................................


THE POUGHKEEPSIE NY CLIMATE NORMALS FOR TODAY
                         NORMAL    RECORD    YEAR
 MAXIMUM TEMPERATURE (F)   72        90      1977
 MINIMUM TEMPERATURE (F)   47        31      1983


SUNRISE AND SUNSET
MAY 17 2015...........SUNRISE   534 AM EDT   SUNSET   810 PM EDT
MAY 18 2015...........SUNRISE   534 AM EDT   SUNSET   811 PM EDT


-  INDICATES NEGATIVE NUMBERS.
R  INDICATES RECORD WAS SET OR TIED.
MM INDICATES DATA IS MISSING.
T  INDICATES TRACE AMOUNT.




RECORDS FOR KPOU DATE BACK TO 1949...
HOWEVER...DATA IS MISSING FROM JANUARY 1993 - JULY 2000.
$$
