000
CDUS41 KALY 170626
CLIPOU


CLIMATE REPORT
NATIONAL WEATHER SERVICE ALBANY NY
125 AM EST MON NOV 17 2014


...................................

...THE POUGHKEEPSIE NY CLIMATE SUMMARY FOR NOVEMBER 16 2014...

CLIMATE NORMAL PERIOD 1981 TO 2010
CLIMATE RECORD PERIOD 1949 TO 2014


WEATHER ITEM   OBSERVED TIME   RECORD YEAR NORMAL DEPARTURE LAST
                VALUE   (LST)  VALUE       VALUE  FROM      YEAR
                                                  NORMAL
..................................................................
TEMPERATURE (F)
 YESTERDAY
  MAXIMUM         42    254 PM  72    2005  52    -10       62
  MINIMUM         21    258 AM  14    1972  31    -10       32
  AVERAGE         32                        42    -10       47

PRECIPITATION (IN)
  YESTERDAY        T             1.27 1985   0.12  -0.12     0.02
  MONTH TO DATE    0.42                      1.81  -1.39     0.48
  SINCE SEP 1      4.70                     10.56  -5.86     4.41
  SINCE JAN 1     29.37                     41.34 -11.97    34.63

DEGREE DAYS
 HEATING
  YESTERDAY       33                        23     10       18
  MONTH TO DATE  346                       338      8      348
  SINCE SEP 1    750                       897   -147      833
  SINCE JUL 1    755                       914   -159      836

 COOLING
  YESTERDAY        0                         0      0        0
  MONTH TO DATE    0                         0      0        0
  SINCE SEP 1     99                        68     31       72
  SINCE JAN 1    696                       672     24      829
..................................................................


WIND (MPH)
  HIGHEST WIND SPEED    13   HIGHEST WIND DIRECTION     S (180)
  HIGHEST GUST SPEED    17   HIGHEST GUST DIRECTION     S (180)
  AVERAGE WIND SPEED     2.2


SKY COVER
  AVERAGE SKY COVER 0.7



RELATIVE HUMIDITY (PERCENT)
 HIGHEST    88           500 AM
 LOWEST     43           300 PM
 AVERAGE    66

..........................................................


THE POUGHKEEPSIE NY CLIMATE NORMALS FOR TODAY
                         NORMAL    RECORD    YEAR
 MAXIMUM TEMPERATURE (F)   52        69      1953
 MINIMUM TEMPERATURE (F)   31        14      1980


SUNRISE AND SUNSET
NOVEMBER 17 2014......SUNRISE   647 AM EST   SUNSET   434 PM EST
NOVEMBER 18 2014......SUNRISE   648 AM EST   SUNSET   433 PM EST


-  INDICATES NEGATIVE NUMBERS.
R  INDICATES RECORD WAS SET OR TIED.
MM INDICATES DATA IS MISSING.
T  INDICATES TRACE AMOUNT.






RECORDS FOR KPOU DATE BACK TO 1949...
HOWEVER...DATA IS MISSING FROM JANUARY 1993 - JULY 2000.
$$
