000
CDUS41 KALY 120623
CLIPOU


CLIMATE REPORT
NATIONAL WEATHER SERVICE ALBANY NY
222 AM EDT SAT APR 12 2014




THE POUGHKEEPSIE NY CLIMATE SUMMARY FOR APRIL 11 2014...

CLIMATE NORMAL PERIOD 1981 TO 2010
CLIMATE RECORD PERIOD 1949 TO 2014


WEATHER ITEM   OBSERVED TIME   RECORD YEAR NORMAL DEPARTURE LAST
                VALUE   (LST)  VALUE       VALUE  FROM      YEAR
                                                  NORMAL

TEMPERATURE (F)
 YESTERDAY
  MAXIMUM         70   1243 PM  83    2011  59     11       55
  MINIMUM         48   1159 PM  21    2007  35     13       38
  AVERAGE         59                        47     12       47

PRECIPITATION (IN)
  YESTERDAY        0.16          1.38 1958   0.13   0.03      T
  MONTH TO DATE    0.38                      1.41  -1.03     0.26
  SINCE MAR 1      3.13                      4.98  -1.85     1.74
  SINCE JAN 1      7.41                     10.72  -3.31     5.40

DEGREE DAYS
 HEATING
  YESTERDAY        6                        18    -12       18
  MONTH TO DATE  196                       220    -24      196
  SINCE MAR 1   1223                      1094    129     1064
  SINCE JUL 1   5926                      5665    261     5185

 COOLING
  YESTERDAY        0                         0      0        0
  MONTH TO DATE    0                         0      0        0
  SINCE MAR 1      0                         0      0        0
  SINCE JAN 1      0                         0      0        0



WIND (MPH)
  HIGHEST WIND SPEED    16   HIGHEST WIND DIRECTION    NE (30)
  HIGHEST GUST SPEED    22   HIGHEST GUST DIRECTION    NE (40)
  AVERAGE WIND SPEED     4.4


SKY COVER
  AVERAGE SKY COVER 0.7



RELATIVE HUMIDITY (PERCENT)
 HIGHEST    83           700 PM
 LOWEST     36           100 PM
 AVERAGE    60




THE POUGHKEEPSIE NY CLIMATE NORMALS FOR TODAY
                         NORMAL    RECORD    YEAR
 MAXIMUM TEMPERATURE (F)   59        88      1977
 MINIMUM TEMPERATURE (F)   36        21      1952


SUNRISE AND SUNSET
APRIL 12 2014.........SUNRISE   620 AM EDT   SUNSET   733 PM EDT
APRIL 13 2014.........SUNRISE   619 AM EDT   SUNSET   734 PM EDT


-  INDICATES NEGATIVE NUMBERS.
R  INDICATES RECORD WAS SET OR TIED.
MM INDICATES DATA IS MISSING.
T  INDICATES TRACE AMOUNT.





RECORDS FOR KPOU DATE BACK TO 1949...
HOWEVER...DATA IS MISSING FROM JANUARY 1993 - JULY 2000.
$$
