000
CDUS41 KALY 260622
CLIPOU


CLIMATE REPORT
NATIONAL WEATHER SERVICE ALBANY NY
221 AM EDT FRI JUN 26 2015


...................................

...THE POUGHKEEPSIE NY CLIMATE SUMMARY FOR JUNE 25 2015...

CLIMATE NORMAL PERIOD 1981 TO 2010
CLIMATE RECORD PERIOD 1949 TO 2015


WEATHER ITEM   OBSERVED TIME   RECORD YEAR NORMAL DEPARTURE LAST
                VALUE   (LST)  VALUE       VALUE  FROM      YEAR
                                                  NORMAL
..................................................................
TEMPERATURE (F)
 YESTERDAY
  MAXIMUM         81    140 PM  95    1949  82     -1       87
  MINIMUM         53    459 AM  42    1986  58     -5       64
  AVERAGE         67                        70     -3       76

PRECIPITATION (IN)
  YESTERDAY        0.00          1.35 2012   0.13  -0.13     0.46
  MONTH TO DATE    3.19                      3.77  -0.58     2.29
  SINCE JUN 1      3.19                      3.77  -0.58     2.29
  SINCE JAN 1     13.86                     21.27  -7.41    16.32

DEGREE DAYS
 HEATING
  YESTERDAY        0                         1     -1        0
  MONTH TO DATE   40                        47     -7        7
  SINCE JUN 1     40                        47     -7        7
  SINCE JUL 1   6285                      6209     76     6351

 COOLING
  YESTERDAY        2                         6     -4       11
  MONTH TO DATE  119                        96     23       91
  SINCE JUN 1    119                        96     23       91
  SINCE JAN 1    232                       132    100      124
..................................................................


WIND (MPH)
  HIGHEST WIND SPEED    15   HIGHEST WIND DIRECTION    SW (240)
  HIGHEST GUST SPEED    20   HIGHEST GUST DIRECTION    SW (230)
  AVERAGE WIND SPEED     3.3


SKY COVER
  AVERAGE SKY COVER 0.1



RELATIVE HUMIDITY (PERCENT)
 HIGHEST    89           200 AM
 LOWEST     42          1200 PM
 AVERAGE    66

..........................................................


THE POUGHKEEPSIE NY CLIMATE NORMALS FOR TODAY
                         NORMAL    RECORD    YEAR
 MAXIMUM TEMPERATURE (F)   82        97      1952
 MINIMUM TEMPERATURE (F)   58        39      1979


SUNRISE AND SUNSET
JUNE 26 2015..........SUNRISE   523 AM EDT   SUNSET   834 PM EDT
JUNE 27 2015..........SUNRISE   523 AM EDT   SUNSET   834 PM EDT


-  INDICATES NEGATIVE NUMBERS.
R  INDICATES RECORD WAS SET OR TIED.
MM INDICATES DATA IS MISSING.
T  INDICATES TRACE AMOUNT.




RECORDS FOR KPOU DATE BACK TO 1949...
HOWEVER...DATA IS MISSING FROM JANUARY 1993 - JULY 2000.
$$
