000
CDUS41 KALY 220623
CLIPOU


CLIMATE REPORT
NATIONAL WEATHER SERVICE ALBANY NY
122 AM EST SAT NOV 22 2014


...................................

...THE POUGHKEEPSIE NY CLIMATE SUMMARY FOR NOVEMBER 21 2014...

CLIMATE NORMAL PERIOD 1981 TO 2010
CLIMATE RECORD PERIOD 1949 TO 2014


WEATHER ITEM   OBSERVED TIME   RECORD YEAR NORMAL DEPARTURE LAST
                VALUE   (LST)  VALUE       VALUE  FROM      YEAR
                                                  NORMAL
..................................................................
TEMPERATURE (F)
 YESTERDAY
  MAXIMUM         36    255 PM  65    1991  50    -14       49
  MINIMUM         20   1127 PM  11    1951  30    -10       17
  AVERAGE         28                        40    -12       33

PRECIPITATION (IN)
  YESTERDAY        0.00          0.80 1991   0.12  -0.12      T
  MONTH TO DATE    1.07                      2.40  -1.33     0.67
  SINCE SEP 1      5.35                     11.15  -5.80     4.60
  SINCE JAN 1     30.02                     41.93 -11.91    34.82

DEGREE DAYS
 HEATING
  YESTERDAY       37                        25     12       32
  MONTH TO DATE  505                       460     45      465
  SINCE SEP 1    909                      1019   -110      950
  SINCE JUL 1    914                      1036   -122      953

 COOLING
  YESTERDAY        0                         0      0        0
  MONTH TO DATE    0                         0      0        0
  SINCE SEP 1     99                        68     31       72
  SINCE JAN 1    696                       672     24      829
..................................................................


WIND (MPH)
  HIGHEST WIND SPEED    17   HIGHEST WIND DIRECTION    NW (330)
  HIGHEST GUST SPEED    23   HIGHEST GUST DIRECTION     N (340)
  AVERAGE WIND SPEED     8.5


SKY COVER
  AVERAGE SKY COVER 0.2



RELATIVE HUMIDITY (PERCENT)
 HIGHEST    68          1100 PM
 LOWEST     32           200 PM
 AVERAGE    50

..........................................................


THE POUGHKEEPSIE NY CLIMATE NORMALS FOR TODAY
                         NORMAL    RECORD    YEAR
 MAXIMUM TEMPERATURE (F)   50        65      2007
 MINIMUM TEMPERATURE (F)   30        14      1984


SUNRISE AND SUNSET
NOVEMBER 22 2014......SUNRISE   653 AM EST   SUNSET   430 PM EST
NOVEMBER 23 2014......SUNRISE   654 AM EST   SUNSET   430 PM EST


-  INDICATES NEGATIVE NUMBERS.
R  INDICATES RECORD WAS SET OR TIED.
MM INDICATES DATA IS MISSING.
T  INDICATES TRACE AMOUNT.





RECORDS FOR KPOU DATE BACK TO 1949...
HOWEVER...DATA IS MISSING FROM JANUARY 1993 - JULY 2000.
$$
