676
CDUS41 KALY 020622
CLIPOU


CLIMATE REPORT
NATIONAL WEATHER SERVICE ALBANY NY
121 AM EST TUE FEB 2 2016


...................................

...THE POUGHKEEPSIE NY CLIMATE SUMMARY FOR FEBRUARY 1 2016...

CLIMATE NORMAL PERIOD 1981 TO 2010
CLIMATE RECORD PERIOD 1949 TO 2016


WEATHER ITEM   OBSERVED TIME   RECORD YEAR NORMAL DEPARTURE LAST
                VALUE   (LST)  VALUE       VALUE  FROM      YEAR
                                                  NORMAL
..................................................................
TEMPERATURE (F)
 YESTERDAY
  MAXIMUM         60   1226 PM  66    1989  37     23       35
  MINIMUM         31   1154 PM  -8    1961  16     15        2
  AVERAGE         46                        26     20       19

PRECIPITATION (IN)
  YESTERDAY        0.00          1.14 2008   0.09  -0.09     0.02
  MONTH TO DATE    0.00                      0.09  -0.09     0.02
  SINCE DEC 1      5.11                      6.70  -1.59     5.96
  SINCE JAN 1      1.21                      3.17  -1.96     2.96

DEGREE DAYS
 HEATING
  YESTERDAY       19                        39    -20       46
  MONTH TO DATE   19                        39    -20       46
  SINCE DEC 1   1683                      2313   -630     2206
  SINCE JUL 1   2671                      3591   -920     3357

 COOLING
  YESTERDAY        0                         0      0        0
  MONTH TO DATE    0                         0      0        0
  SINCE DEC 1      0                         0      0        0
  SINCE JAN 1      0                         0      0        0
..................................................................


WIND (MPH)
  HIGHEST WIND SPEED    16   HIGHEST WIND DIRECTION    NW (300)
  HIGHEST GUST SPEED    21   HIGHEST GUST DIRECTION    NW (310)
  AVERAGE WIND SPEED     3.9


SKY COVER
  AVERAGE SKY COVER 0.1



RELATIVE HUMIDITY (PERCENT)
 HIGHEST    82           400 AM
 LOWEST     32           300 PM
 AVERAGE    57

..........................................................


THE POUGHKEEPSIE NY CLIMATE NORMALS FOR TODAY
                         NORMAL    RECORD    YEAR
 MAXIMUM TEMPERATURE (F)   37        54      1983
 MINIMUM TEMPERATURE (F)   16       -22      1961


SUNRISE AND SUNSET
FEBRUARY  2 2016......SUNRISE   707 AM EST   SUNSET   512 PM EST
FEBRUARY  3 2016......SUNRISE   706 AM EST   SUNSET   513 PM EST


-  INDICATES NEGATIVE NUMBERS.
R  INDICATES RECORD WAS SET OR TIED.
MM INDICATES DATA IS MISSING.
T  INDICATES TRACE AMOUNT.




RECORDS FOR KPOU DATE BACK TO 1949...
HOWEVER...DATA IS MISSING FROM JANUARY 1993 - JULY 2000.
$$
