000
CDUS41 KALY 060626
CLIPOU


CLIMATE REPORT
NATIONAL WEATHER SERVICE ALBANY NY
225 AM EDT FRI OCT 6 2017


...................................

...THE POUGHKEEPSIE NY CLIMATE SUMMARY FOR OCTOBER 5 2017...

CLIMATE NORMAL PERIOD 1981 TO 2010
CLIMATE RECORD PERIOD 1949 TO 2017


WEATHER ITEM   OBSERVED TIME   RECORD YEAR NORMAL DEPARTURE LAST
                VALUE   (LST)  VALUE       VALUE  FROM      YEAR
                                                  NORMAL
..................................................................
TEMPERATURE (F)
 YESTERDAY
  MAXIMUM         80    137 PM  86    2007  67     13       72
  MINIMUM         56    630 AM  27    1965  43     13       40
  AVERAGE         68                        55     13       56

PRECIPITATION (IN)
  YESTERDAY        0.00          1.14 1962   0.15  -0.15     0.00
  MONTH TO DATE    0.00                      0.74  -0.74      T
  SINCE SEP 1      1.75                      5.02  -3.27     0.93
  SINCE JAN 1     30.85                     35.80  -4.95    23.25

DEGREE DAYS
 HEATING
  YESTERDAY        0                        10    -10        9
  MONTH TO DATE   36                        48    -12       35
  SINCE SEP 1    129                       171    -42      106
  SINCE JUL 1    149                       188    -39      108

 COOLING
  YESTERDAY        3                         0      3        0
  MONTH TO DATE    3                         0      3        0
  SINCE SEP 1    117                        64     53      107
  SINCE JAN 1    691                       668     23     1049
..................................................................


WIND (MPH)
  HIGHEST WIND SPEED    13   HIGHEST WIND DIRECTION    SW (240)
  HIGHEST GUST SPEED    17   HIGHEST GUST DIRECTION    SW (240)
  AVERAGE WIND SPEED     5.3


SKY COVER
  AVERAGE SKY COVER 0.1



RELATIVE HUMIDITY (PERCENT)
 HIGHEST    93           400 AM
 LOWEST     52          1200 PM
 AVERAGE    73

..........................................................


THE POUGHKEEPSIE NY CLIMATE NORMALS FOR TODAY
                         NORMAL    RECORD    YEAR
 MAXIMUM TEMPERATURE (F)   67        86      2007
                                             1959
 MINIMUM TEMPERATURE (F)   43        26      1984
                                             1965
                                             1958


SUNRISE AND SUNSET
OCTOBER  6 2017.......SUNRISE   658 AM EDT   SUNSET   628 PM EDT
OCTOBER  7 2017.......SUNRISE   659 AM EDT   SUNSET   627 PM EDT


-  INDICATES NEGATIVE NUMBERS.
R  INDICATES RECORD WAS SET OR TIED.
MM INDICATES DATA IS MISSING.
T  INDICATES TRACE AMOUNT.




RECORDS FOR KPOU DATE BACK TO 1949...
HOWEVER...DATA IS MISSING FROM JANUARY 1993 - JULY 2000.
$$
