000
CDUS41 KALY 120627
CLIPOU


CLIMATE REPORT
NATIONAL WEATHER SERVICE ALBANY NY
226 AM EDT MON JUN 12 2017


...................................

...THE POUGHKEEPSIE NY CLIMATE SUMMARY FOR JUNE 11 2017...

CLIMATE NORMAL PERIOD 1981 TO 2010
CLIMATE RECORD PERIOD 1949 TO 2017


WEATHER ITEM   OBSERVED TIME   RECORD YEAR NORMAL DEPARTURE LAST
                VALUE   (LST)  VALUE       VALUE  FROM      YEAR
                                                  NORMAL
..................................................................
TEMPERATURE (F)
 YESTERDAY
  MAXIMUM         91    425 PM  95    1973  78     13       84
  MINIMUM         61    456 AM  38    1980  55      6       45
  AVERAGE         76                        66     10       65

PRECIPITATION (IN)
  YESTERDAY        T             1.43 1938   0.16  -0.16     0.07
  MONTH TO DATE    0.97                      1.78  -0.81     1.23
  SINCE JUN 1      0.97                      1.78  -0.81     1.23
  SINCE JAN 1     17.53                     19.28  -1.75    13.39

DEGREE DAYS
 HEATING
  YESTERDAY        0                         2     -2        0
  MONTH TO DATE   49                        30     19        8
  SINCE JUN 1     49                        30     19        8
  SINCE JUL 1   5713                      6192   -479     4777

 COOLING
  YESTERDAY       11                         3      8        0
  MONTH TO DATE   13                        30    -17       44
  SINCE JUN 1     13                        30    -17       44
  SINCE JAN 1     61                        66     -5      125
..................................................................


WIND (MPH)
  HIGHEST WIND SPEED    18   HIGHEST WIND DIRECTION    SW (230)
  HIGHEST GUST SPEED    25   HIGHEST GUST DIRECTION     W (250)
  AVERAGE WIND SPEED     6.1


SKY COVER
  AVERAGE SKY COVER 0.0



RELATIVE HUMIDITY (PERCENT)
 HIGHEST    90           200 AM
 LOWEST     34           400 PM
 AVERAGE    62

..........................................................


THE POUGHKEEPSIE NY CLIMATE NORMALS FOR TODAY
                         NORMAL    RECORD    YEAR
 MAXIMUM TEMPERATURE (F)   79        93      1949
 MINIMUM TEMPERATURE (F)   55        38      1951


SUNRISE AND SUNSET
JUNE 12 2017..........SUNRISE   521 AM EDT   SUNSET   830 PM EDT
JUNE 13 2017..........SUNRISE   521 AM EDT   SUNSET   831 PM EDT


-  INDICATES NEGATIVE NUMBERS.
R  INDICATES RECORD WAS SET OR TIED.
MM INDICATES DATA IS MISSING.
T  INDICATES TRACE AMOUNT.




RECORDS FOR KPOU DATE BACK TO 1949...
HOWEVER...DATA IS MISSING FROM JANUARY 1993 - JULY 2000.
$$
