000
CDUS41 KALY 150622
CLIPOU


CLIMATE REPORT
NATIONAL WEATHER SERVICE ALBANY NY
222 AM EDT MON AUG 15 2016


...................................

...THE POUGHKEEPSIE NY CLIMATE SUMMARY FOR AUGUST 14 2016...

CLIMATE NORMAL PERIOD 1981 TO 2010
CLIMATE RECORD PERIOD 1949 TO 2016


WEATHER ITEM   OBSERVED TIME   RECORD YEAR NORMAL DEPARTURE LAST
                VALUE   (LST)  VALUE       VALUE  FROM      YEAR
                                                  NORMAL
..................................................................
TEMPERATURE (F)
 YESTERDAY
  MAXIMUM         94    349 PM  96    2002  83     11       88
  MINIMUM         76   1159 PM  44    1961  60     16       55
  AVERAGE         85                        72     13       72

PRECIPITATION (IN)
  YESTERDAY        0.19          0.76 2011   0.13   0.06     0.00
  MONTH TO DATE    1.41                      2.05  -0.64     1.12
  SINCE JUN 1      9.37                     11.13  -1.76     7.20
  SINCE JAN 1     21.53                     28.63  -7.10    17.87

DEGREE DAYS
 HEATING
  YESTERDAY        0                         0      0        0
  MONTH TO DATE    0                         0      0        0
  SINCE JUN 1      8                        54    -46       46
  SINCE JUL 1      0                         5     -5        0

 COOLING
  YESTERDAY       20                         7     13        7
  MONTH TO DATE  172                       105     67      110
  SINCE JUN 1    707                       472    235      528
  SINCE JAN 1    788                       508    280      641
..................................................................


WIND (MPH)
  HIGHEST WIND SPEED    20   HIGHEST WIND DIRECTION     W (280)
  HIGHEST GUST SPEED    27   HIGHEST GUST DIRECTION     W (290)
  AVERAGE WIND SPEED     5.2


SKY COVER
  AVERAGE SKY COVER 0.2



RELATIVE HUMIDITY (PERCENT)
 HIGHEST    94          1100 PM
 LOWEST     49           200 PM
 AVERAGE    72

..........................................................


THE POUGHKEEPSIE NY CLIMATE NORMALS FOR TODAY
                         NORMAL    RECORD    YEAR
 MAXIMUM TEMPERATURE (F)   83        96      1988
 MINIMUM TEMPERATURE (F)   60        47      1964


SUNRISE AND SUNSET
AUGUST 15 2016........SUNRISE   605 AM EDT   SUNSET   754 PM EDT
AUGUST 16 2016........SUNRISE   606 AM EDT   SUNSET   753 PM EDT


-  INDICATES NEGATIVE NUMBERS.
R  INDICATES RECORD WAS SET OR TIED.
MM INDICATES DATA IS MISSING.
T  INDICATES TRACE AMOUNT.




RECORDS FOR KPOU DATE BACK TO 1949...
HOWEVER...DATA IS MISSING FROM JANUARY 1993 - JULY 2000.
$$
