000
CDUS41 KALY 250622
CLIPOU


CLIMATE REPORT
NATIONAL WEATHER SERVICE ALBANY NY
121 AM EST SUN JAN 25 2015


...................................

...THE POUGHKEEPSIE NY CLIMATE SUMMARY FOR JANUARY 24 2015...

CLIMATE NORMAL PERIOD 1981 TO 2010
CLIMATE RECORD PERIOD 1949 TO 2015


WEATHER ITEM   OBSERVED TIME   RECORD YEAR NORMAL DEPARTURE LAST
                VALUE   (LST)  VALUE       VALUE  FROM      YEAR
                                                  NORMAL
..................................................................
TEMPERATURE (F)
 YESTERDAY
  MAXIMUM         35    340 PM  63    1967  36     -1       21
  MINIMUM         25    731 PM -15    1961  15     10        8
  AVERAGE         30                        25      5       15

PRECIPITATION (IN)
  YESTERDAY        0.34          0.78 1979   0.10   0.24     0.00
  MONTH TO DATE    2.77                      2.40   0.37     1.45
  SINCE DEC 1      5.77                      5.93  -0.16     4.78
  SINCE JAN 1      2.77                      2.40   0.37     1.45

DEGREE DAYS
 HEATING
  YESTERDAY       35                        40     -5       50
  MONTH TO DATE  946                       952     -6      947
  SINCE DEC 1   1846                      2003   -157     1982
  SINCE JUL 1   2997                      3281   -284     3225

 COOLING
  YESTERDAY        0                         0      0        0
  MONTH TO DATE    0                         0      0        0
  SINCE DEC 1      0                         0      0        0
  SINCE JAN 1      0                         0      0        0
..................................................................


WIND (MPH)
  HIGHEST WIND SPEED    12   HIGHEST WIND DIRECTION     W (290)
  HIGHEST GUST SPEED    15   HIGHEST GUST DIRECTION     W (280)
  AVERAGE WIND SPEED     3.4


SKY COVER
  AVERAGE SKY COVER 1.0



RELATIVE HUMIDITY (PERCENT)
 HIGHEST    92           500 AM
 LOWEST     64          1200 AM
 AVERAGE    78

..........................................................


THE POUGHKEEPSIE NY CLIMATE NORMALS FOR TODAY
                         NORMAL    RECORD    YEAR
 MAXIMUM TEMPERATURE (F)   36        60      2010
 MINIMUM TEMPERATURE (F)   15       -10      1961


SUNRISE AND SUNSET
JANUARY 25 2015.......SUNRISE   714 AM EST   SUNSET   502 PM EST
JANUARY 26 2015.......SUNRISE   713 AM EST   SUNSET   503 PM EST


-  INDICATES NEGATIVE NUMBERS.
R  INDICATES RECORD WAS SET OR TIED.
MM INDICATES DATA IS MISSING.
T  INDICATES TRACE AMOUNT.






RECORDS FOR KPOU DATE BACK TO 1949...
HOWEVER...DATA IS MISSING FROM JANUARY 1993 - JULY 2000.
$$
