000
CDUS41 KALY 252101
CLIPOU


CLIMATE REPORT
NATIONAL WEATHER SERVICE ALBANY NY
501 PM EDT THU SEP 25 2014




THE POUGHKEEPSIE NY CLIMATE SUMMARY FOR SEPTEMBER 25 2014...
VALID TODAY AS OF 0400 PM LOCAL TIME.

CLIMATE NORMAL PERIOD 1981 TO 2010
CLIMATE RECORD PERIOD 1949 TO 2014


WEATHER ITEM   OBSERVED TIME   RECORD YEAR NORMAL DEPARTURE LAST
                VALUE   (LST)  VALUE       VALUE  FROM      YEAR
                                                  NORMAL

TEMPERATURE (F)
 TODAY
  MAXIMUM         67    306 PM  89    1970  71     -4       72
  MINIMUM         54    644 AM  29    1963  47      7       39
  AVERAGE         61                        59      2       56

PRECIPITATION (IN)
  TODAY            T             2.40 1991   0.15  -0.15     0.00
  MONTH TO DATE    0.52                      3.51  -2.99     2.32
  SINCE SEP 1      0.52                      3.51  -2.99     2.32
  SINCE JAN 1     25.19                     34.29  -9.10    32.54

DEGREE DAYS
 HEATING
  TODAY            4                         7     -3        9
  MONTH TO DATE   87                        86      1      109
  SINCE SEP 1     87                        86      1      109
  SINCE JUL 1     92                       103    -11      112

 COOLING
  TODAY            0                         1     -1        0
  MONTH TO DATE   78                        61     17       64
  SINCE SEP 1     78                        61     17       64
  SINCE JAN 1    675                       665     10      821



WIND (MPH)
  HIGHEST WIND SPEED    10   HIGHEST WIND DIRECTION     N (360)
  HIGHEST GUST SPEED    MM   HIGHEST GUST DIRECTION    MM
  AVERAGE WIND SPEED     4.1


SKY COVER
  AVERAGE SKY COVER 0.3



RELATIVE HUMIDITY (PERCENT)
 HIGHEST    93           300 AM
 LOWEST     56          1200 PM
 AVERAGE    75




THE POUGHKEEPSIE NY CLIMATE NORMALS FOR TOMORROW
                         NORMAL    RECORD    YEAR
 MAXIMUM TEMPERATURE (F)   71        90      2007
 MINIMUM TEMPERATURE (F)   47        34      1966


SUNRISE AND SUNSET
SEPTEMBER 25 2014.....SUNRISE   646 AM EDT   SUNSET   648 PM EDT
SEPTEMBER 26 2014.....SUNRISE   647 AM EDT   SUNSET   646 PM EDT


-  INDICATES NEGATIVE NUMBERS.
R  INDICATES RECORD WAS SET OR TIED.
MM INDICATES DATA IS MISSING.
T  INDICATES TRACE AMOUNT.





RECORDS FOR KPOU DATE BACK TO 1949...
HOWEVER...DATA IS MISSING FROM JANUARY 1993 - JULY 2000.
$$
