000
CDUS41 KALY 110624
CLIPOU


CLIMATE REPORT
NATIONAL WEATHER SERVICE ALBANY NY
223 AM EDT WED OCT 11 2017


...................................

...THE POUGHKEEPSIE NY CLIMATE SUMMARY FOR OCTOBER 10 2017...

CLIMATE NORMAL PERIOD 1981 TO 2010
CLIMATE RECORD PERIOD 1949 TO 2017


WEATHER ITEM   OBSERVED TIME   RECORD YEAR NORMAL DEPARTURE LAST
                VALUE   (LST)  VALUE       VALUE  FROM      YEAR
                                                  NORMAL
..................................................................
TEMPERATURE (F)
 YESTERDAY
  MAXIMUM         79    411 PM  87    1949  65     14       60
  MINIMUM         55   1159 PM  26    1986  41     14       33
  AVERAGE         67                        53     14       47

PRECIPITATION (IN)
  YESTERDAY        0.00          2.31 1971   0.16  -0.16     0.00
  MONTH TO DATE    1.09                      1.49  -0.40     0.01
  SINCE SEP 1      2.84                      5.77  -2.93     0.94
  SINCE JAN 1     31.94                     36.55  -4.61    23.26

DEGREE DAYS
 HEATING
  YESTERDAY        0                        12    -12       18
  MONTH TO DATE   37                       105    -68       86
  SINCE SEP 1    130                       228    -98      157
  SINCE JUL 1    150                       245    -95      159

 COOLING
  YESTERDAY        2                         0      2        0
  MONTH TO DATE   27                         0     27        0
  SINCE SEP 1    141                        64     77      107
  SINCE JAN 1    715                       668     47     1049
..................................................................


WIND (MPH)
  HIGHEST WIND SPEED     8   HIGHEST WIND DIRECTION     W (280)
  HIGHEST GUST SPEED    11   HIGHEST GUST DIRECTION    NW (300)
  AVERAGE WIND SPEED     1.8


SKY COVER
  AVERAGE SKY COVER 0.1



RELATIVE HUMIDITY (PERCENT)
 HIGHEST   100           600 AM
 LOWEST     52           300 PM
 AVERAGE    76

..........................................................


THE POUGHKEEPSIE NY CLIMATE NORMALS FOR TODAY
                         NORMAL    RECORD    YEAR
 MAXIMUM TEMPERATURE (F)   65        86      1949
 MINIMUM TEMPERATURE (F)   41        23      1986


SUNRISE AND SUNSET
OCTOBER 11 2017.......SUNRISE   703 AM EDT   SUNSET   620 PM EDT
OCTOBER 12 2017.......SUNRISE   704 AM EDT   SUNSET   619 PM EDT


-  INDICATES NEGATIVE NUMBERS.
R  INDICATES RECORD WAS SET OR TIED.
MM INDICATES DATA IS MISSING.
T  INDICATES TRACE AMOUNT.




RECORDS FOR KPOU DATE BACK TO 1949...
HOWEVER...DATA IS MISSING FROM JANUARY 1993 - JULY 2000.
$$
