000
CDUS41 KALY 090624
CLIPOU


CLIMATE REPORT
NATIONAL WEATHER SERVICE ALBANY NY
222 AM EDT SAT SEP 9 2017


...................................

...THE POUGHKEEPSIE NY CLIMATE SUMMARY FOR SEPTEMBER 8 2017...

CLIMATE NORMAL PERIOD 1981 TO 2010
CLIMATE RECORD PERIOD 1949 TO 2017


WEATHER ITEM   OBSERVED TIME   RECORD YEAR NORMAL DEPARTURE LAST
                VALUE   (LST)  VALUE       VALUE  FROM      YEAR
                                                  NORMAL
..................................................................
TEMPERATURE (F)
 YESTERDAY
  MAXIMUM         69    327 PM  97    2015  78     -9       90
  MINIMUM         49   1140 PM  38    1962  54     -5       60
  AVERAGE         59                        66     -7       75

PRECIPITATION (IN)
  YESTERDAY        0.01          2.01 2004   0.14  -0.13      T
  MONTH TO DATE    1.36                      1.08   0.28     0.09
  SINCE SEP 1      1.36                      1.08   0.28     0.09
  SINCE JAN 1     29.96                     31.86  -1.90    22.41

DEGREE DAYS
 HEATING
  YESTERDAY        6                         2      4        0
  MONTH TO DATE   38                        13     25        0
  SINCE SEP 1     38                        13     25        0
  SINCE JUL 1     58                        30     28        2

 COOLING
  YESTERDAY        0                         3     -3       10
  MONTH TO DATE   11                        29    -18       39
  SINCE SEP 1     11                        29    -18       39
  SINCE JAN 1    585                       633    -48      981
..................................................................


WIND (MPH)
  HIGHEST WIND SPEED    16   HIGHEST WIND DIRECTION     W (260)
  HIGHEST GUST SPEED    21   HIGHEST GUST DIRECTION    SW (240)
  AVERAGE WIND SPEED     6.1


SKY COVER
  AVERAGE SKY COVER 0.3



RELATIVE HUMIDITY (PERCENT)
 HIGHEST    96          1000 PM
 LOWEST     47           200 PM
 AVERAGE    72

..........................................................


THE POUGHKEEPSIE NY CLIMATE NORMALS FOR TODAY
                         NORMAL    RECORD    YEAR
 MAXIMUM TEMPERATURE (F)   78        95      2015
 MINIMUM TEMPERATURE (F)   54        39      1986
                                             1956


SUNRISE AND SUNSET
SEPTEMBER  9 2017.....SUNRISE   630 AM EDT   SUNSET   715 PM EDT
SEPTEMBER 10 2017.....SUNRISE   631 AM EDT   SUNSET   713 PM EDT


-  INDICATES NEGATIVE NUMBERS.
R  INDICATES RECORD WAS SET OR TIED.
MM INDICATES DATA IS MISSING.
T  INDICATES TRACE AMOUNT.




RECORDS FOR KPOU DATE BACK TO 1949...
HOWEVER...DATA IS MISSING FROM JANUARY 1993 - JULY 2000.
$$
