000
CDUS41 KALY 170630
CLIPOU


CLIMATE REPORT
NATIONAL WEATHER SERVICE ALBANY NY
129 AM EST FRI NOV 17 2017


...................................

...THE POUGHKEEPSIE NY CLIMATE SUMMARY FOR NOVEMBER 16 2017...

CLIMATE NORMAL PERIOD 1981 TO 2010
CLIMATE RECORD PERIOD 1949 TO 2017


WEATHER ITEM   OBSERVED TIME   RECORD YEAR NORMAL DEPARTURE LAST
                VALUE   (LST)  VALUE       VALUE  FROM      YEAR
                                                  NORMAL
..................................................................
TEMPERATURE (F)
 YESTERDAY
  MAXIMUM         57   1234 PM  72    2005  52      5       60
  MINIMUM         43   1159 PM  14    1972  31     12       32
  AVERAGE         50                        42      8       46

PRECIPITATION (IN)
  YESTERDAY        0.21          1.27 1985   0.12   0.09     0.02
  MONTH TO DATE    0.44                      1.81  -1.37     1.83
  SINCE SEP 1      6.06                     10.56  -4.50     5.30
  SINCE JAN 1     35.16                     41.34  -6.18    27.62

DEGREE DAYS
 HEATING
  YESTERDAY       15                        23     -8       19
  MONTH TO DATE  372                       338     34      328
  SINCE SEP 1    689                       897   -208      788
  SINCE JUL 1    709                       914   -205      790

 COOLING
  YESTERDAY        0                         0      0        0
  MONTH TO DATE    0                         0      0        0
  SINCE SEP 1    144                        68     76      111
  SINCE JAN 1    718                       672     46     1053
..................................................................


WIND (MPH)
  HIGHEST WIND SPEED    25   HIGHEST WIND DIRECTION    NW (310)
  HIGHEST GUST SPEED    32   HIGHEST GUST DIRECTION     W (270)
  AVERAGE WIND SPEED     6.9


SKY COVER
  AVERAGE SKY COVER 0.9



RELATIVE HUMIDITY (PERCENT)
 HIGHEST   100           700 AM
 LOWEST     50           200 PM
 AVERAGE    75

..........................................................


THE POUGHKEEPSIE NY CLIMATE NORMALS FOR TODAY
                         NORMAL    RECORD    YEAR
 MAXIMUM TEMPERATURE (F)   52        69      1953
 MINIMUM TEMPERATURE (F)   31        14      1980


SUNRISE AND SUNSET
NOVEMBER 17 2017......SUNRISE   647 AM EST   SUNSET   434 PM EST
NOVEMBER 18 2017......SUNRISE   648 AM EST   SUNSET   433 PM EST


-  INDICATES NEGATIVE NUMBERS.
R  INDICATES RECORD WAS SET OR TIED.
MM INDICATES DATA IS MISSING.
T  INDICATES TRACE AMOUNT.




RECORDS FOR KPOU DATE BACK TO 1949...
HOWEVER...DATA IS MISSING FROM JANUARY 1993 - JULY 2000.
$$
