000
CDUS41 KALY 110622
CLIPOU


CLIMATE REPORT
NATIONAL WEATHER SERVICE ALBANY NY
221 AM EDT TUE JUL 11 2017


...................................

...THE POUGHKEEPSIE NY CLIMATE SUMMARY FOR JULY 10 2017...

CLIMATE NORMAL PERIOD 1981 TO 2010
CLIMATE RECORD PERIOD 1949 TO 2017


WEATHER ITEM   OBSERVED TIME   RECORD YEAR NORMAL DEPARTURE LAST
                VALUE   (LST)  VALUE       VALUE  FROM      YEAR
                                                  NORMAL
..................................................................
TEMPERATURE (F)
 YESTERDAY
  MAXIMUM         83    349 PM  98    1988  84     -1       83
  MINIMUM         57    516 AM  46    1954  61     -4       63
  AVERAGE         70                        72     -2       73

PRECIPITATION (IN)
  YESTERDAY        0.00          1.77 1952   0.15  -0.15      T
  MONTH TO DATE    0.65                      1.34  -0.69     2.20
  SINCE JUN 1      4.03                      5.77  -1.74     4.23
  SINCE JAN 1     20.59                     23.27  -2.68    16.39

DEGREE DAYS
 HEATING
  YESTERDAY        0                         0      0        0
  MONTH TO DATE    0                         0      0        0
  SINCE JUN 1     50                        49      1        8
  SINCE JUL 1      0                         0      0        0

 COOLING
  YESTERDAY        5                         8     -3        8
  MONTH TO DATE   76                        72      4       96
  SINCE JUN 1    215                       199     16      267
  SINCE JAN 1    263                       235     28      348
..................................................................


WIND (MPH)
  HIGHEST WIND SPEED    14   HIGHEST WIND DIRECTION    SW (230)
  HIGHEST GUST SPEED    18   HIGHEST GUST DIRECTION     W (260)
  AVERAGE WIND SPEED     4.7


SKY COVER
  AVERAGE SKY COVER 0.2



RELATIVE HUMIDITY (PERCENT)
 HIGHEST    93           300 AM
 LOWEST     40           200 PM
 AVERAGE    67

..........................................................


THE POUGHKEEPSIE NY CLIMATE NORMALS FOR TODAY
                         NORMAL    RECORD    YEAR
 MAXIMUM TEMPERATURE (F)   85        95      1966
 MINIMUM TEMPERATURE (F)   61        46      1954


SUNRISE AND SUNSET
JULY 11 2017..........SUNRISE   531 AM EDT   SUNSET   830 PM EDT
JULY 12 2017..........SUNRISE   532 AM EDT   SUNSET   830 PM EDT


-  INDICATES NEGATIVE NUMBERS.
R  INDICATES RECORD WAS SET OR TIED.
MM INDICATES DATA IS MISSING.
T  INDICATES TRACE AMOUNT.




RECORDS FOR KPOU DATE BACK TO 1949...
HOWEVER...DATA IS MISSING FROM JANUARY 1993 - JULY 2000.
$$
