686
CDUS41 KALY 290622
CLIPOU


CLIMATE REPORT
NATIONAL WEATHER SERVICE ALBANY NY
221 AM EDT FRI APR 29 2016


...................................

...THE POUGHKEEPSIE NY CLIMATE SUMMARY FOR APRIL 28 2016...

CLIMATE NORMAL PERIOD 1981 TO 2010
CLIMATE RECORD PERIOD 1949 TO 2016


WEATHER ITEM   OBSERVED TIME   RECORD YEAR NORMAL DEPARTURE LAST
                VALUE   (LST)  VALUE       VALUE  FROM      YEAR
                                                  NORMAL
..................................................................
TEMPERATURE (F)
 YESTERDAY
  MAXIMUM         62    119 PM  93    1990  66     -4       70
  MINIMUM         35    526 AM  29    2012  41     -6       45
  AVERAGE         49                        53     -4       58

PRECIPITATION (IN)
  YESTERDAY        T             1.23 1958   0.14  -0.14     0.00
  MONTH TO DATE    1.94                      3.52  -1.58     2.23
  SINCE MAR 1      2.98                      7.09  -4.11     4.40
  SINCE JAN 1      8.66                     12.83  -4.17     8.70

DEGREE DAYS
 HEATING
  YESTERDAY       16                        12      4        7
  MONTH TO DATE  449                       470    -21      448
  SINCE MAR 1   1032                      1344   -312     1449
  SINCE JUL 1   4564                      5915  -1351     6134

 COOLING
  YESTERDAY        0                         0      0        0
  MONTH TO DATE    4                         0      4        0
  SINCE MAR 1      4                         0      4        0
  SINCE JAN 1      4                         0      4        0
..................................................................


WIND (MPH)
  HIGHEST WIND SPEED    14   HIGHEST WIND DIRECTION     N (10)
  HIGHEST GUST SPEED    19   HIGHEST GUST DIRECTION     N (350)
  AVERAGE WIND SPEED     3.6


SKY COVER
  AVERAGE SKY COVER 0.3



RELATIVE HUMIDITY (PERCENT)
 HIGHEST    75           400 AM
 LOWEST     19           200 PM
 AVERAGE    47

..........................................................


THE POUGHKEEPSIE NY CLIMATE NORMALS FOR TODAY
                         NORMAL    RECORD    YEAR
 MAXIMUM TEMPERATURE (F)   66        88      1974
 MINIMUM TEMPERATURE (F)   41        26      1949


SUNRISE AND SUNSET
APRIL 29 2016.........SUNRISE   554 AM EDT   SUNSET   752 PM EDT
APRIL 30 2016.........SUNRISE   553 AM EDT   SUNSET   753 PM EDT


-  INDICATES NEGATIVE NUMBERS.
R  INDICATES RECORD WAS SET OR TIED.
MM INDICATES DATA IS MISSING.
T  INDICATES TRACE AMOUNT.




RECORDS FOR KPOU DATE BACK TO 1949...
HOWEVER...DATA IS MISSING FROM JANUARY 1993 - JULY 2000.
$$
