000
CDUS41 KALY 130627
CLIPOU


CLIMATE REPORT
NATIONAL WEATHER SERVICE ALBANY NY
226 AM EDT SUN APR 13 2014




THE POUGHKEEPSIE NY CLIMATE SUMMARY FOR APRIL 12 2014...

CLIMATE NORMAL PERIOD 1981 TO 2010
CLIMATE RECORD PERIOD 1949 TO 2014


WEATHER ITEM   OBSERVED TIME   RECORD YEAR NORMAL DEPARTURE LAST
                VALUE   (LST)  VALUE       VALUE  FROM      YEAR
                                                  NORMAL

TEMPERATURE (F)
 YESTERDAY
  MAXIMUM         72    408 PM  88    1977  59     13       43
  MINIMUM         43    409 AM  21    1952  36      7       38
  AVERAGE         58                        48     10       41

PRECIPITATION (IN)
  YESTERDAY        0.00          1.08 2007   0.14  -0.14     0.36
  MONTH TO DATE    0.38                      1.55  -1.17     0.62
  SINCE MAR 1      3.13                      5.12  -1.99     2.10
  SINCE JAN 1      7.41                     10.86  -3.45     5.76

DEGREE DAYS
 HEATING
  YESTERDAY        7                        18    -11       24
  MONTH TO DATE  203                       238    -35      220
  SINCE MAR 1   1230                      1112    118     1088
  SINCE JUL 1   5933                      5683    250     5209

 COOLING
  YESTERDAY        0                         0      0        0
  MONTH TO DATE    0                         0      0        0
  SINCE MAR 1      0                         0      0        0
  SINCE JAN 1      0                         0      0        0



WIND (MPH)
  HIGHEST WIND SPEED    17   HIGHEST WIND DIRECTION     W (250)
  HIGHEST GUST SPEED    23   HIGHEST GUST DIRECTION     W (250)
  AVERAGE WIND SPEED     5.0


SKY COVER
  AVERAGE SKY COVER 0.4



RELATIVE HUMIDITY (PERCENT)
 HIGHEST   100           600 AM
 LOWEST     22           400 PM
 AVERAGE    61




THE POUGHKEEPSIE NY CLIMATE NORMALS FOR TODAY
                         NORMAL    RECORD    YEAR
 MAXIMUM TEMPERATURE (F)   60        85      1977
 MINIMUM TEMPERATURE (F)   36        19      1986


SUNRISE AND SUNSET
APRIL 13 2014.........SUNRISE   619 AM EDT   SUNSET   734 PM EDT
APRIL 14 2014.........SUNRISE   617 AM EDT   SUNSET   735 PM EDT


-  INDICATES NEGATIVE NUMBERS.
R  INDICATES RECORD WAS SET OR TIED.
MM INDICATES DATA IS MISSING.
T  INDICATES TRACE AMOUNT.





RECORDS FOR KPOU DATE BACK TO 1949...
HOWEVER...DATA IS MISSING FROM JANUARY 1993 - JULY 2000.
$$
