000
CDUS41 KALY 122057
CLIPOU


CLIMATE REPORT
NATIONAL WEATHER SERVICE ALBANY NY
456 PM EDT WED JUL 12 2017


...................................

...THE POUGHKEEPSIE NY CLIMATE SUMMARY FOR JULY 12 2017...
VALID TODAY AS OF 0400 PM LOCAL TIME.

CLIMATE NORMAL PERIOD 1981 TO 2010
CLIMATE RECORD PERIOD 1949 TO 2017


WEATHER ITEM   OBSERVED TIME   RECORD YEAR NORMAL DEPARTURE LAST
                VALUE   (LST)  VALUE       VALUE  FROM      YEAR
                                                  NORMAL
..................................................................
TEMPERATURE (F)
 TODAY
  MAXIMUM         88    123 PM  98    1966  85      3       87
  MINIMUM         68    506 AM  47    2002  61      7       57
                                      1978
  AVERAGE         78                        73      5       72

PRECIPITATION (IN)
  TODAY            0.00          1.71 1990   0.16  -0.16     0.00
  MONTH TO DATE    0.86                      1.64  -0.78     2.20
  SINCE JUN 1      4.24                      6.07  -1.83     4.23
  SINCE JAN 1     20.80                     23.57  -2.77    16.39

DEGREE DAYS
 HEATING
  TODAY            0                         0      0        0
  MONTH TO DATE    0                         0      0        0
  SINCE JUN 1     50                        49      1        8
  SINCE JUL 1      0                         0      0        0

 COOLING
  TODAY           13                         8      5        7
  MONTH TO DATE   99                        88     11      108
  SINCE JUN 1    238                       215     23      279
  SINCE JAN 1    286                       251     35      360
..................................................................


WIND (MPH)
  HIGHEST WIND SPEED    16   HIGHEST WIND DIRECTION    SW (240)
  HIGHEST GUST SPEED    21   HIGHEST GUST DIRECTION    SW (240)
  AVERAGE WIND SPEED     5.0


SKY COVER
  AVERAGE SKY COVER 0.3



RELATIVE HUMIDITY (PERCENT)
 HIGHEST    97           300 AM
 LOWEST     55           200 PM
 AVERAGE    76

..........................................................


THE POUGHKEEPSIE NY CLIMATE NORMALS FOR TOMORROW
                         NORMAL    RECORD    YEAR
 MAXIMUM TEMPERATURE (F)   85       100      1966
 MINIMUM TEMPERATURE (F)   61        50      2009
                                             2001
                                             1978


SUNRISE AND SUNSET
JULY 12 2017..........SUNRISE   532 AM EDT   SUNSET   830 PM EDT
JULY 13 2017..........SUNRISE   533 AM EDT   SUNSET   829 PM EDT


-  INDICATES NEGATIVE NUMBERS.
R  INDICATES RECORD WAS SET OR TIED.
MM INDICATES DATA IS MISSING.
T  INDICATES TRACE AMOUNT.




RECORDS FOR KPOU DATE BACK TO 1949...
HOWEVER...DATA IS MISSING FROM JANUARY 1993 - JULY 2000.
$$
