000
CDUS41 KALY 122141
CLIPOU


CLIMATE REPORT
NATIONAL WEATHER SERVICE ALBANY NY
441 PM EST MON FEB 12 2018


...................................

...THE POUGHKEEPSIE NY CLIMATE SUMMARY FOR FEBRUARY 12 2018...
VALID TODAY AS OF 0400 PM LOCAL TIME.

CLIMATE NORMAL PERIOD 1981 TO 2010
CLIMATE RECORD PERIOD 1949 TO 2018


WEATHER ITEM   OBSERVED TIME   RECORD YEAR NORMAL DEPARTURE LAST
                VALUE   (LST)  VALUE       VALUE  FROM      YEAR
                                                  NORMAL
..................................................................
TEMPERATURE (F)
 TODAY
  MAXIMUM         41    400 PM  51    1966  39      2       33
                                      1932
  MINIMUM         34   1111 AM -15    1979  17     17       27
  AVERAGE         38                        28     10       30

PRECIPITATION (IN)
  TODAY            0.01          1.22 1985   0.10  -0.09     0.54
  MONTH TO DATE    2.27                      1.12   1.15     1.41
  SINCE DEC 1      6.71                      7.73  -1.02     6.98
  SINCE JAN 1      5.15                      4.20   0.95     4.38

DEGREE DAYS
 HEATING
  TODAY           27                        37    -10       35
  MONTH TO DATE  447                       455     -8      432
  SINCE DEC 1   2827                      2729     98     2482
  SINCE JUL 1   3910                      4007    -97     3628

 COOLING
  TODAY            0                         0      0        0
  MONTH TO DATE    0                         0      0        0
  SINCE DEC 1      0                         0      0        0
  SINCE JAN 1      0                         0      0        0
..................................................................


WIND (MPH)
  HIGHEST WIND SPEED    10   HIGHEST WIND DIRECTION     N (10)
  HIGHEST GUST SPEED    20   HIGHEST GUST DIRECTION     N (350)
  AVERAGE WIND SPEED     6.9


SKY COVER
  AVERAGE SKY COVER 0.7



RELATIVE HUMIDITY (PERCENT)
 HIGHEST   100           100 AM
 LOWEST     45           400 PM
 AVERAGE    73

..........................................................


THE POUGHKEEPSIE NY CLIMATE NORMALS FOR TOMORROW
                         NORMAL    RECORD    YEAR
 MAXIMUM TEMPERATURE (F)   39        60      1951
 MINIMUM TEMPERATURE (F)   17       -19      1967


SUNRISE AND SUNSET
FEBRUARY 12 2018......SUNRISE   655 AM EST   SUNSET   525 PM EST
FEBRUARY 13 2018......SUNRISE   653 AM EST   SUNSET   526 PM EST


-  INDICATES NEGATIVE NUMBERS.
R  INDICATES RECORD WAS SET OR TIED.
MM INDICATES DATA IS MISSING.
T  INDICATES TRACE AMOUNT.




RECORDS FOR KPOU DATE BACK TO 1949...
HOWEVER...DATA IS MISSING FROM JANUARY 1993 - JULY 2000.
$$
