983
CDUS41 KALY 140637
CLIPOU


CLIMATE REPORT
NATIONAL WEATHER SERVICE ALBANY NY
136 AM EST TUE FEB 14 2017


...................................

...THE POUGHKEEPSIE NY CLIMATE SUMMARY FOR FEBRUARY 13 2017...

CLIMATE NORMAL PERIOD 1981 TO 2010
CLIMATE RECORD PERIOD 1949 TO 2017


WEATHER ITEM   OBSERVED TIME   RECORD YEAR NORMAL DEPARTURE LAST
                VALUE   (LST)  VALUE       VALUE  FROM      YEAR
                                                  NORMAL
..................................................................
TEMPERATURE (F)
 YESTERDAY
  MAXIMUM         36    304 PM  60    1951  39     -3       22
  MINIMUM         23   1159 PM -19    1967  17      6        1
  AVERAGE         30                        28      2       12

PRECIPITATION (IN)
  YESTERDAY        T             2.64 2008   0.09  -0.09      T
  MONTH TO DATE    0.71                      1.21  -0.50     0.68
  SINCE DEC 1      6.28                      7.82  -1.54     5.79
  SINCE JAN 1      3.68                      4.29  -0.61     1.89

DEGREE DAYS
 HEATING
  YESTERDAY       35                        37     -2       53
  MONTH TO DATE  467                       492    -25      416
  SINCE DEC 1   2517                      2766   -249     2080
  SINCE JUL 1   3663                      4044   -381     3068

 COOLING
  YESTERDAY        0                         0      0        0
  MONTH TO DATE    0                         0      0        0
  SINCE DEC 1      0                         0      0        0
  SINCE JAN 1      0                         0      0        0
..................................................................


WIND (MPH)
  HIGHEST WIND SPEED    41   HIGHEST WIND DIRECTION    NW (310)
  HIGHEST GUST SPEED    59   HIGHEST GUST DIRECTION    NW (300)
  AVERAGE WIND SPEED    14.3


SKY COVER
  AVERAGE SKY COVER 0.5



RELATIVE HUMIDITY (PERCENT)
 HIGHEST    92          1200 AM
 LOWEST     43          1200 PM
 AVERAGE    68

..........................................................


THE POUGHKEEPSIE NY CLIMATE NORMALS FOR TODAY
                         NORMAL    RECORD    YEAR
 MAXIMUM TEMPERATURE (F)   39        56      2011
 MINIMUM TEMPERATURE (F)   18       -14      1979


SUNRISE AND SUNSET
FEBRUARY 14 2017......SUNRISE   652 AM EST   SUNSET   528 PM EST
FEBRUARY 15 2017......SUNRISE   650 AM EST   SUNSET   529 PM EST


-  INDICATES NEGATIVE NUMBERS.
R  INDICATES RECORD WAS SET OR TIED.
MM INDICATES DATA IS MISSING.
T  INDICATES TRACE AMOUNT.




RECORDS FOR KPOU DATE BACK TO 1949...
HOWEVER...DATA IS MISSING FROM JANUARY 1993 - JULY 2000.
$$
