000
CDUS41 KALY 060622
CLIPOU


CLIMATE REPORT
NATIONAL WEATHER SERVICE ALBANY NY
222 AM EDT SUN AUG 6 2017


...................................

...THE POUGHKEEPSIE NY CLIMATE SUMMARY FOR AUGUST 5 2017...

CLIMATE NORMAL PERIOD 1981 TO 2010
CLIMATE RECORD PERIOD 1949 TO 2017


WEATHER ITEM   OBSERVED TIME   RECORD YEAR NORMAL DEPARTURE LAST
                VALUE   (LST)  VALUE       VALUE  FROM      YEAR
                                                  NORMAL
..................................................................
TEMPERATURE (F)
 YESTERDAY
  MAXIMUM         79    352 PM 100    1955  84     -5       87
  MINIMUM         64   1159 PM  45    1951  61      3       63
  AVERAGE         72                        72      0       75

PRECIPITATION (IN)
  YESTERDAY        0.12          1.97 1983   0.16  -0.04     0.00
  MONTH TO DATE    2.16                      0.79   1.37     0.58
  SINCE JUN 1      9.14                      9.87  -0.73     8.54
  SINCE JAN 1     25.70                     27.37  -1.67    20.70

DEGREE DAYS
 HEATING
  YESTERDAY        0                         0      0        0
  MONTH TO DATE    0                         0      0        0
  SINCE JUN 1     53                        54     -1        8
  SINCE JUL 1      3                         5     -2        0

 COOLING
  YESTERDAY        7                         8     -1       10
  MONTH TO DATE   45                        40      5       36
  SINCE JUN 1    415                       407      8      571
  SINCE JAN 1    463                       443     20      652
..................................................................


WIND (MPH)
  HIGHEST WIND SPEED    18   HIGHEST WIND DIRECTION    SW (240)
  HIGHEST GUST SPEED    23   HIGHEST GUST DIRECTION     W (260)
  AVERAGE WIND SPEED     6.7


SKY COVER
  AVERAGE SKY COVER 0.4



RELATIVE HUMIDITY (PERCENT)
 HIGHEST    93           500 AM
 LOWEST     45           400 PM
 AVERAGE    69

..........................................................


THE POUGHKEEPSIE NY CLIMATE NORMALS FOR TODAY
                         NORMAL    RECORD    YEAR
 MAXIMUM TEMPERATURE (F)   84        95      2001
                                             1989
                                             1955
 MINIMUM TEMPERATURE (F)   61        43      1951


SUNRISE AND SUNSET
AUGUST  6 2017........SUNRISE   555 AM EDT   SUNSET   807 PM EDT
AUGUST  7 2017........SUNRISE   556 AM EDT   SUNSET   806 PM EDT


-  INDICATES NEGATIVE NUMBERS.
R  INDICATES RECORD WAS SET OR TIED.
MM INDICATES DATA IS MISSING.
T  INDICATES TRACE AMOUNT.




RECORDS FOR KPOU DATE BACK TO 1949...
HOWEVER...DATA IS MISSING FROM JANUARY 1993 - JULY 2000.
$$
