000
CDUS41 KALY 280624
CLIPOU


CLIMATE REPORT
NATIONAL WEATHER SERVICE ALBANY NY
122 AM EST TUE NOV 28 2017


...................................

...THE POUGHKEEPSIE NY CLIMATE SUMMARY FOR NOVEMBER 27 2017...

CLIMATE NORMAL PERIOD 1981 TO 2010
CLIMATE RECORD PERIOD 1949 TO 2017


WEATHER ITEM   OBSERVED TIME   RECORD YEAR NORMAL DEPARTURE LAST
                VALUE   (LST)  VALUE       VALUE  FROM      YEAR
                                                  NORMAL
..................................................................
TEMPERATURE (F)
 YESTERDAY
  MAXIMUM         48    215 PM  66    2015  48      0       47
  MINIMUM         25   1156 PM  11    1949  28     -3       25
  AVERAGE         37                        38     -1       36

PRECIPITATION (IN)
  YESTERDAY        0.00          1.17 2013   0.11  -0.11      T
  MONTH TO DATE    0.73                      3.11  -2.38     2.83
  SINCE SEP 1      6.35                     11.86  -5.51     6.30
  SINCE JAN 1     35.45                     42.64  -7.19    28.62

DEGREE DAYS
 HEATING
  YESTERDAY       28                        27      1       29
  MONTH TO DATE  664                       617     47      617
  SINCE SEP 1    981                      1176   -195     1077
  SINCE JUL 1   1001                      1193   -192     1079

 COOLING
  YESTERDAY        0                         0      0        0
  MONTH TO DATE    0                         0      0        0
  SINCE SEP 1    144                        68     76      111
  SINCE JAN 1    718                       672     46     1053
..................................................................


WIND (MPH)
  HIGHEST WIND SPEED    24   HIGHEST WIND DIRECTION     W (270)
  HIGHEST GUST SPEED    36   HIGHEST GUST DIRECTION     W (280)
  AVERAGE WIND SPEED     8.3


SKY COVER
  AVERAGE SKY COVER 0.4



RELATIVE HUMIDITY (PERCENT)
 HIGHEST    69           700 AM
 LOWEST     37          1200 PM
 AVERAGE    53

..........................................................


THE POUGHKEEPSIE NY CLIMATE NORMALS FOR TODAY
                         NORMAL    RECORD    YEAR
 MAXIMUM TEMPERATURE (F)   47        66      1990
 MINIMUM TEMPERATURE (F)   28        11      1951


SUNRISE AND SUNSET
NOVEMBER 28 2017......SUNRISE   700 AM EST   SUNSET   427 PM EST
NOVEMBER 29 2017......SUNRISE   701 AM EST   SUNSET   427 PM EST


-  INDICATES NEGATIVE NUMBERS.
R  INDICATES RECORD WAS SET OR TIED.
MM INDICATES DATA IS MISSING.
T  INDICATES TRACE AMOUNT.




RECORDS FOR KPOU DATE BACK TO 1949...
HOWEVER...DATA IS MISSING FROM JANUARY 1993 - JULY 2000.
$$
