000
CDUS41 KALY 180622
CLIPOU


CLIMATE REPORT
NATIONAL WEATHER SERVICE ALBANY NY
221 AM EDT SAT MAR 18 2017


...................................

...THE POUGHKEEPSIE NY CLIMATE SUMMARY FOR MARCH 17 2017...

CLIMATE NORMAL PERIOD 1981 TO 2010
CLIMATE RECORD PERIOD 1949 TO 2017


WEATHER ITEM   OBSERVED TIME   RECORD YEAR NORMAL DEPARTURE LAST
                VALUE   (LST)  VALUE       VALUE  FROM      YEAR
                                                  NORMAL
..................................................................
TEMPERATURE (F)
 YESTERDAY
  MAXIMUM         44    516 PM  70    1990  48     -4       63
  MINIMUM         18    112 AM   4    1956  26     -8       41
  AVERAGE         31                        37     -6       52

PRECIPITATION (IN)
  YESTERDAY        0.00          0.90 1990   0.12  -0.12     0.09
  MONTH TO DATE    1.05                      1.88  -0.83     0.71
  SINCE MAR 1      1.05                      1.88  -0.83     0.71
  SINCE JAN 1      5.92                      7.62  -1.70     6.39

DEGREE DAYS
 HEATING
  YESTERDAY       34                        28      6       13
  MONTH TO DATE  584                       521     63      322
  SINCE MAR 1    584                       521     63      322
  SINCE JUL 1   4626                      5092   -466     3854

 COOLING
  YESTERDAY        0                         0      0        0
  MONTH TO DATE    0                         0      0        0
  SINCE MAR 1      0                         0      0        0
  SINCE JAN 1      0                         0      0        0
..................................................................


WIND (MPH)
  HIGHEST WIND SPEED    15   HIGHEST WIND DIRECTION    SW (240)
  HIGHEST GUST SPEED    18   HIGHEST GUST DIRECTION     W (250)
  AVERAGE WIND SPEED     5.7


SKY COVER
  AVERAGE SKY COVER 0.0



RELATIVE HUMIDITY (PERCENT)
 HIGHEST    69           900 PM
 LOWEST     24           200 PM
 AVERAGE    47

..........................................................


THE POUGHKEEPSIE NY CLIMATE NORMALS FOR TODAY
                         NORMAL    RECORD    YEAR
 MAXIMUM TEMPERATURE (F)   49        73      2012
 MINIMUM TEMPERATURE (F)   26        -3      1967


SUNRISE AND SUNSET
MARCH 18 2017.........SUNRISE   702 AM EDT   SUNSET   706 PM EDT
MARCH 19 2017.........SUNRISE   700 AM EDT   SUNSET   707 PM EDT


-  INDICATES NEGATIVE NUMBERS.
R  INDICATES RECORD WAS SET OR TIED.
MM INDICATES DATA IS MISSING.
T  INDICATES TRACE AMOUNT.




RECORDS FOR KPOU DATE BACK TO 1949...
HOWEVER...DATA IS MISSING FROM JANUARY 1993 - JULY 2000.
$$
