000
CDUS41 KALY 080623
CLIPOU


CLIMATE REPORT
NATIONAL WEATHER SERVICE ALBANY NY
222 AM EDT SUN OCT 8 2017


...................................

...THE POUGHKEEPSIE NY CLIMATE SUMMARY FOR OCTOBER 7 2017...

CLIMATE NORMAL PERIOD 1981 TO 2010
CLIMATE RECORD PERIOD 1949 TO 2017


WEATHER ITEM   OBSERVED TIME   RECORD YEAR NORMAL DEPARTURE LAST
                VALUE   (LST)  VALUE       VALUE  FROM      YEAR
                                                  NORMAL
..................................................................
TEMPERATURE (F)
 YESTERDAY
  MAXIMUM         80    231 PM  88    1963  66     14       77
  MINIMUM         57    245 AM  24    1984  42     15       40
  AVERAGE         69                        54     15       59

PRECIPITATION (IN)
  YESTERDAY        0.00          2.51 1972   0.15  -0.15     0.00
  MONTH TO DATE    0.00                      1.03  -1.03      T
  SINCE SEP 1      1.75                      5.31  -3.56     0.93
  SINCE JAN 1     30.85                     36.09  -5.24    23.25

DEGREE DAYS
 HEATING
  YESTERDAY        0                        11    -11        6
  MONTH TO DATE   37                        70    -33       49
  SINCE SEP 1    130                       193    -63      120
  SINCE JUL 1    150                       210    -60      122

 COOLING
  YESTERDAY        4                         0      4        0
  MONTH TO DATE    7                         0      7        0
  SINCE SEP 1    121                        64     57      107
  SINCE JAN 1    695                       668     27     1049
..................................................................


WIND (MPH)
  HIGHEST WIND SPEED    14   HIGHEST WIND DIRECTION    SE (150)
  HIGHEST GUST SPEED    20   HIGHEST GUST DIRECTION    SE (150)
  AVERAGE WIND SPEED     3.8


SKY COVER
  AVERAGE SKY COVER 0.4



RELATIVE HUMIDITY (PERCENT)
 HIGHEST    93           300 AM
 LOWEST     54           300 PM
 AVERAGE    74

..........................................................


THE POUGHKEEPSIE NY CLIMATE NORMALS FOR TODAY
                         NORMAL    RECORD    YEAR
 MAXIMUM TEMPERATURE (F)   66        89      2007
 MINIMUM TEMPERATURE (F)   42        21      1964


SUNRISE AND SUNSET
OCTOBER  8 2017.......SUNRISE   700 AM EDT   SUNSET   625 PM EDT
OCTOBER  9 2017.......SUNRISE   701 AM EDT   SUNSET   624 PM EDT


-  INDICATES NEGATIVE NUMBERS.
R  INDICATES RECORD WAS SET OR TIED.
MM INDICATES DATA IS MISSING.
T  INDICATES TRACE AMOUNT.




RECORDS FOR KPOU DATE BACK TO 1949...
HOWEVER...DATA IS MISSING FROM JANUARY 1993 - JULY 2000.
$$
