000
CDUS41 KALY 250623
CLIPOU


CLIMATE REPORT
NATIONAL WEATHER SERVICE ALBANY NY
222 AM EDT THU SEP 25 2014




THE POUGHKEEPSIE NY CLIMATE SUMMARY FOR SEPTEMBER 24 2014...

CLIMATE NORMAL PERIOD 1981 TO 2010
CLIMATE RECORD PERIOD 1949 TO 2014


WEATHER ITEM   OBSERVED TIME   RECORD YEAR NORMAL DEPARTURE LAST
                VALUE   (LST)  VALUE       VALUE  FROM      YEAR
                                                  NORMAL

TEMPERATURE (F)
 YESTERDAY
  MAXIMUM         74    216 PM  91    1959  72      2       72
  MINIMUM         44    601 AM  26    1963  48     -4       37
  AVERAGE         59                        60     -1       55

PRECIPITATION (IN)
  YESTERDAY        0.00          2.62 1975   0.14  -0.14     0.00
  MONTH TO DATE    0.52                      3.36  -2.84     2.32
  SINCE SEP 1      0.52                      3.36  -2.84     2.32
  SINCE JAN 1     25.19                     34.14  -8.95    32.54

DEGREE DAYS
 HEATING
  YESTERDAY        6                         6      0       10
  MONTH TO DATE   83                        79      4      100
  SINCE SEP 1     83                        79      4      100
  SINCE JUL 1     88                        96     -8      103

 COOLING
  YESTERDAY        0                         1     -1        0
  MONTH TO DATE   78                        60     18       64
  SINCE SEP 1     78                        60     18       64
  SINCE JAN 1    675                       664     11      821



WIND (MPH)
  HIGHEST WIND SPEED    12   HIGHEST WIND DIRECTION    SE (130)
  HIGHEST GUST SPEED    18   HIGHEST GUST DIRECTION     E (100)
  AVERAGE WIND SPEED     2.4


SKY COVER
  AVERAGE SKY COVER 0.1



RELATIVE HUMIDITY (PERCENT)
 HIGHEST    93           300 AM
 LOWEST     38           200 PM
 AVERAGE    66




THE POUGHKEEPSIE NY CLIMATE NORMALS FOR TODAY
                         NORMAL    RECORD    YEAR
 MAXIMUM TEMPERATURE (F)   71        89      1970
 MINIMUM TEMPERATURE (F)   47        29      1963


SUNRISE AND SUNSET
SEPTEMBER 25 2014.....SUNRISE   646 AM EDT   SUNSET   648 PM EDT
SEPTEMBER 26 2014.....SUNRISE   647 AM EDT   SUNSET   646 PM EDT


-  INDICATES NEGATIVE NUMBERS.
R  INDICATES RECORD WAS SET OR TIED.
MM INDICATES DATA IS MISSING.
T  INDICATES TRACE AMOUNT.






RECORDS FOR KPOU DATE BACK TO 1949...
HOWEVER...DATA IS MISSING FROM JANUARY 1993 - JULY 2000.
$$
