305
CDUS41 KALY 170622
CLIPOU


CLIMATE REPORT
NATIONAL WEATHER SERVICE ALBANY NY
222 AM EDT SUN JUL 17 2016


...................................

...THE POUGHKEEPSIE NY CLIMATE SUMMARY FOR JULY 16 2016...

CLIMATE NORMAL PERIOD 1981 TO 2010
CLIMATE RECORD PERIOD 1949 TO 2016


WEATHER ITEM   OBSERVED TIME   RECORD YEAR NORMAL DEPARTURE LAST
                VALUE   (LST)  VALUE       VALUE  FROM      YEAR
                                                  NORMAL
..................................................................
TEMPERATURE (F)
 YESTERDAY
  MAXIMUM         90    238 PM  96    1980  85      5       80
  MINIMUM         66    349 AM  48    1966  61      5       52
  AVERAGE         78                        73      5       66

PRECIPITATION (IN)
  YESTERDAY        0.00          1.42 2014   0.15  -0.15     0.00
  MONTH TO DATE    2.24                      2.26  -0.02     0.57
  SINCE JUN 1      4.27                      6.69  -2.42     4.70
  SINCE JAN 1     16.43                     24.19  -7.76    15.37

DEGREE DAYS
 HEATING
  YESTERDAY        0                         0      0        0
  MONTH TO DATE    0                         0      0        0
  SINCE JUN 1      8                        49    -41       46
  SINCE JUL 1      0                         0      0        0

 COOLING
  YESTERDAY       13                         8      5        1
  MONTH TO DATE  167                       120     47      112
  SINCE JUN 1    338                       247     91      245
  SINCE JAN 1    419                       283    136      358
..................................................................


WIND (MPH)
  HIGHEST WIND SPEED     9   HIGHEST WIND DIRECTION    SW (240)
  HIGHEST GUST SPEED    13   HIGHEST GUST DIRECTION     S (160)
  AVERAGE WIND SPEED     1.2


SKY COVER
  AVERAGE SKY COVER 0.3



RELATIVE HUMIDITY (PERCENT)
 HIGHEST    93           500 AM
 LOWEST     41           200 PM
 AVERAGE    67

..........................................................


THE POUGHKEEPSIE NY CLIMATE NORMALS FOR TODAY
                         NORMAL    RECORD    YEAR
 MAXIMUM TEMPERATURE (F)   85        98      2006
 MINIMUM TEMPERATURE (F)   61        45      1954


SUNRISE AND SUNSET
JULY 17 2016..........SUNRISE   536 AM EDT   SUNSET   827 PM EDT
JULY 18 2016..........SUNRISE   537 AM EDT   SUNSET   826 PM EDT


-  INDICATES NEGATIVE NUMBERS.
R  INDICATES RECORD WAS SET OR TIED.
MM INDICATES DATA IS MISSING.
T  INDICATES TRACE AMOUNT.




RECORDS FOR KPOU DATE BACK TO 1949...
HOWEVER...DATA IS MISSING FROM JANUARY 1993 - JULY 2000.
$$
