000
CDUS41 KALY 220624
CLIPOU


CLIMATE REPORT
NATIONAL WEATHER SERVICE ALBANY NY
222 AM EDT FRI MAY 22 2015


...................................

...THE POUGHKEEPSIE NY CLIMATE SUMMARY FOR MAY 21 2015...

CLIMATE NORMAL PERIOD 1981 TO 2010
CLIMATE RECORD PERIOD 1949 TO 2015


WEATHER ITEM   OBSERVED TIME   RECORD YEAR NORMAL DEPARTURE LAST
                VALUE   (LST)  VALUE       VALUE  FROM      YEAR
                                                  NORMAL
..................................................................
TEMPERATURE (F)
 YESTERDAY
  MAXIMUM         66    324 PM  90    2013  73     -7       77
  MINIMUM         43    143 AM  29    2002  48     -5       54
  AVERAGE         55                        60     -5       66

PRECIPITATION (IN)
  YESTERDAY        0.00          1.17 1954   0.15  -0.15      T
  MONTH TO DATE    1.05                      2.82  -1.77     1.94
  SINCE MAR 1      5.45                     10.17  -4.72     9.12
  SINCE JAN 1      9.75                     15.91  -6.16    13.40

DEGREE DAYS
 HEATING
  YESTERDAY       10                         6      4        0
  MONTH TO DATE   76                       176   -100      110
  SINCE MAR 1   1542                      1544     -2     1611
  SINCE JUL 1   6227                      6115    112     6314

 COOLING
  YESTERDAY        0                         1     -1        1
  MONTH TO DATE   62                        15     47       13
  SINCE MAR 1     62                        20     42       19
  SINCE JAN 1     62                        20     42       19
..................................................................


WIND (MPH)
  HIGHEST WIND SPEED    13   HIGHEST WIND DIRECTION    SW (230)
  HIGHEST GUST SPEED    17   HIGHEST GUST DIRECTION     W (250)
  AVERAGE WIND SPEED     3.1


SKY COVER
  AVERAGE SKY COVER 0.6



RELATIVE HUMIDITY (PERCENT)
 HIGHEST    89           400 AM
 LOWEST     31           200 PM
 AVERAGE    60

..........................................................


THE POUGHKEEPSIE NY CLIMATE NORMALS FOR TODAY
                         NORMAL    RECORD    YEAR
 MAXIMUM TEMPERATURE (F)   73        91      1959
 MINIMUM TEMPERATURE (F)   48        31      2002


SUNRISE AND SUNSET
MAY 22 2015...........SUNRISE   530 AM EDT   SUNSET   815 PM EDT
MAY 23 2015...........SUNRISE   529 AM EDT   SUNSET   816 PM EDT


-  INDICATES NEGATIVE NUMBERS.
R  INDICATES RECORD WAS SET OR TIED.
MM INDICATES DATA IS MISSING.
T  INDICATES TRACE AMOUNT.




RECORDS FOR KPOU DATE BACK TO 1949...
HOWEVER...DATA IS MISSING FROM JANUARY 1993 - JULY 2000.
$$
