000
CDUS41 KALY 230622
CLIPOU


CLIMATE REPORT
NATIONAL WEATHER SERVICE ALBANY NY
122 AM EST MON JAN 23 2017


...................................

...THE POUGHKEEPSIE NY CLIMATE SUMMARY FOR JANUARY 22 2017...

CLIMATE NORMAL PERIOD 1981 TO 2010
CLIMATE RECORD PERIOD 1949 TO 2017


WEATHER ITEM   OBSERVED TIME   RECORD YEAR NORMAL DEPARTURE LAST
                VALUE   (LST)  VALUE       VALUE  FROM      YEAR
                                                  NORMAL
..................................................................
TEMPERATURE (F)
 YESTERDAY
  MAXIMUM         51    617 PM  60    1959  35     16       30
  MINIMUM         38    641 AM -29    1961  15     23       14
  AVERAGE         45                        25     20       22

PRECIPITATION (IN)
  YESTERDAY        0.00          0.71 1987   0.10  -0.10     0.00
  MONTH TO DATE    1.52                      2.21  -0.69     1.21
  SINCE DEC 1      4.12                      5.74  -1.62     5.11
  SINCE JAN 1      1.52                      2.21  -0.69     1.21

DEGREE DAYS
 HEATING
  YESTERDAY       20                        40    -20       43
  MONTH TO DATE  731                       872   -141      739
  SINCE DEC 1   1771                      1923   -152     1373
  SINCE JUL 1   2917                      3201   -284     2361

 COOLING
  YESTERDAY        0                         0      0        0
  MONTH TO DATE    0                         0      0        0
  SINCE DEC 1      0                         0      0        0
  SINCE JAN 1      0                         0      0        0
..................................................................


WIND (MPH)
  HIGHEST WIND SPEED    16   HIGHEST WIND DIRECTION     E (70)
  HIGHEST GUST SPEED    22   HIGHEST GUST DIRECTION     E (70)
  AVERAGE WIND SPEED     3.7


SKY COVER
  AVERAGE SKY COVER 1.0



RELATIVE HUMIDITY (PERCENT)
 HIGHEST   100          1200 AM
 LOWEST     71           600 PM
 AVERAGE    86

..........................................................


THE POUGHKEEPSIE NY CLIMATE NORMALS FOR TODAY
                         NORMAL    RECORD    YEAR
 MAXIMUM TEMPERATURE (F)   36        60      1957
 MINIMUM TEMPERATURE (F)   15       -16      1961


SUNRISE AND SUNSET
JANUARY 23 2017.......SUNRISE   715 AM EST   SUNSET   500 PM EST
JANUARY 24 2017.......SUNRISE   714 AM EST   SUNSET   501 PM EST


-  INDICATES NEGATIVE NUMBERS.
R  INDICATES RECORD WAS SET OR TIED.
MM INDICATES DATA IS MISSING.
T  INDICATES TRACE AMOUNT.




RECORDS FOR KPOU DATE BACK TO 1949...
HOWEVER...DATA IS MISSING FROM JANUARY 1993 - JULY 2000.
$$
