662
CDUS41 KALY 212047
CLIPOU


CLIMATE REPORT
NATIONAL WEATHER SERVICE ALBANY NY
447 PM EDT SAT OCT 21 2017


...................................

...THE POUGHKEEPSIE NY CLIMATE SUMMARY FOR OCTOBER 21 2017...
VALID TODAY AS OF 0400 PM LOCAL TIME.

CLIMATE NORMAL PERIOD 1981 TO 2010
CLIMATE RECORD PERIOD 1949 TO 2017


WEATHER ITEM   OBSERVED TIME   RECORD YEAR NORMAL DEPARTURE LAST
                VALUE   (LST)  VALUE       VALUE  FROM      YEAR
                                                  NORMAL
..................................................................
TEMPERATURE (F)
 TODAY
  MAXIMUM         78    242 PM  81    1979  61     17       70
  MINIMUM         36    628 AM  18    1952  37     -1       57
  AVERAGE         57                        49      8       64

PRECIPITATION (IN)
  TODAY            0.00          0.49 2016   0.14  -0.14     0.49
  MONTH TO DATE    1.23                      3.12  -1.89     0.53
  SINCE SEP 1      2.98                      7.40  -4.42     1.46
  SINCE JAN 1     32.08                     38.18  -6.10    23.78

DEGREE DAYS
 HEATING
  TODAY            8                        16     -8        1
  MONTH TO DATE  134                       263   -129      191
  SINCE SEP 1    227                       386   -159      262
  SINCE JUL 1    247                       403   -156      264

 COOLING
  TODAY            0                         0      0        0
  MONTH TO DATE   27                         0     27        4
  SINCE SEP 1    141                        64     77      111
  SINCE JAN 1    715                       668     47     1053
..................................................................


WIND (MPH)
  HIGHEST WIND SPEED    10   HIGHEST WIND DIRECTION    SW (240)
  HIGHEST GUST SPEED    13   HIGHEST GUST DIRECTION    SW (230)
  AVERAGE WIND SPEED     1.9


SKY COVER
  AVERAGE SKY COVER 0.0



RELATIVE HUMIDITY (PERCENT)
 HIGHEST    92           200 AM
 LOWEST     25           200 PM
 AVERAGE    59

..........................................................


THE POUGHKEEPSIE NY CLIMATE NORMALS FOR TOMORROW
                         NORMAL    RECORD    YEAR
 MAXIMUM TEMPERATURE (F)   61        85      1979
 MINIMUM TEMPERATURE (F)   37        22      1983


SUNRISE AND SUNSET
OCTOBER 21 2017.......SUNRISE   715 AM EDT   SUNSET   605 PM EDT
OCTOBER 22 2017.......SUNRISE   716 AM EDT   SUNSET   603 PM EDT


-  INDICATES NEGATIVE NUMBERS.
R  INDICATES RECORD WAS SET OR TIED.
MM INDICATES DATA IS MISSING.
T  INDICATES TRACE AMOUNT.




RECORDS FOR KPOU DATE BACK TO 1949...
HOWEVER...DATA IS MISSING FROM JANUARY 1993 - JULY 2000.
$$
