584
CDUS41 KALY 140626
CLIPOU


CLIMATE REPORT
NATIONAL WEATHER SERVICE ALBANY NY
225 AM EDT FRI JUL 14 2017


...................................

...THE POUGHKEEPSIE NY CLIMATE SUMMARY FOR JULY 13 2017...

CLIMATE NORMAL PERIOD 1981 TO 2010
CLIMATE RECORD PERIOD 1949 TO 2017


WEATHER ITEM   OBSERVED TIME   RECORD YEAR NORMAL DEPARTURE LAST
                VALUE   (LST)  VALUE       VALUE  FROM      YEAR
                                                  NORMAL
..................................................................
TEMPERATURE (F)
 YESTERDAY
  MAXIMUM         87   1100 AM 100    1966  85      2       89
  MINIMUM         67   1159 PM  50    2009  61      6       66
                                      2001
                                      1978
  AVERAGE         77                        73      4       78

PRECIPITATION (IN)
  YESTERDAY        0.58          3.40 1975   0.15   0.43     0.00
  MONTH TO DATE    2.01                      1.79   0.22     2.20
  SINCE JUN 1      5.39                      6.22  -0.83     4.23
  SINCE JAN 1     21.95                     23.72  -1.77    16.39

DEGREE DAYS
 HEATING
  YESTERDAY        0                         0      0        0
  MONTH TO DATE    0                         0      0        0
  SINCE JUN 1     50                        49      1        8
  SINCE JUL 1      0                         0      0        0

 COOLING
  YESTERDAY       12                         8      4       13
  MONTH TO DATE  111                        96     15      121
  SINCE JUN 1    250                       223     27      292
  SINCE JAN 1    298                       259     39      373
..................................................................


WIND (MPH)
  HIGHEST WIND SPEED    18   HIGHEST WIND DIRECTION     N (360)
  HIGHEST GUST SPEED    27   HIGHEST GUST DIRECTION    NW (310)
  AVERAGE WIND SPEED     4.0


SKY COVER
  AVERAGE SKY COVER 0.4



RELATIVE HUMIDITY (PERCENT)
 HIGHEST    93          1200 AM
 LOWEST     59          1100 AM
 AVERAGE    76

..........................................................


THE POUGHKEEPSIE NY CLIMATE NORMALS FOR TODAY
                         NORMAL    RECORD    YEAR
 MAXIMUM TEMPERATURE (F)   85        99      1954
 MINIMUM TEMPERATURE (F)   61        48      2009


SUNRISE AND SUNSET
JULY 14 2017..........SUNRISE   534 AM EDT   SUNSET   829 PM EDT
JULY 15 2017..........SUNRISE   535 AM EDT   SUNSET   828 PM EDT


-  INDICATES NEGATIVE NUMBERS.
R  INDICATES RECORD WAS SET OR TIED.
MM INDICATES DATA IS MISSING.
T  INDICATES TRACE AMOUNT.




RECORDS FOR KPOU DATE BACK TO 1949...
HOWEVER...DATA IS MISSING FROM JANUARY 1993 - JULY 2000.
$$
