258
CDUS41 KALY 040625
CLIPOU


CLIMATE REPORT
NATIONAL WEATHER SERVICE ALBANY NY
125 AM EST SUN DEC 4 2016


...................................

...THE POUGHKEEPSIE NY CLIMATE SUMMARY FOR DECEMBER 3 2016...

CLIMATE NORMAL PERIOD 1981 TO 2010
CLIMATE RECORD PERIOD 1949 TO 2016


WEATHER ITEM   OBSERVED TIME   RECORD YEAR NORMAL DEPARTURE LAST
                VALUE   (LST)  VALUE       VALUE  FROM      YEAR
                                                  NORMAL
..................................................................
TEMPERATURE (F)
 YESTERDAY
  MAXIMUM         46   1226 PM  65    2009  45      1       51
  MINIMUM         36   1159 PM   4    1976  26     10       39
  AVERAGE         41                        36      5       45

PRECIPITATION (IN)
  YESTERDAY        0.00          1.08 1991   0.13  -0.13     0.00
  MONTH TO DATE    0.29                      0.37  -0.08     0.80
  SINCE DEC 1      0.29                      0.37  -0.08     0.80
  SINCE JAN 1     30.81                     43.37 -12.56    26.72

DEGREE DAYS
 HEATING
  YESTERDAY       24                        29     -5       20
  MONTH TO DATE   66                        87    -21       63
  SINCE DEC 1     66                        87    -21       63
  SINCE JUL 1   1212                      1365   -153     1051

 COOLING
  YESTERDAY        0                         0      0        0
  MONTH TO DATE    0                         0      0        0
  SINCE DEC 1      0                         0      0        0
  SINCE JAN 1   1053                       672    381      964
..................................................................


WIND (MPH)
  HIGHEST WIND SPEED    17   HIGHEST WIND DIRECTION     W (290)
  HIGHEST GUST SPEED    23   HIGHEST GUST DIRECTION     N (340)
  AVERAGE WIND SPEED     8.0


SKY COVER
  AVERAGE SKY COVER 0.9



RELATIVE HUMIDITY (PERCENT)
 HIGHEST    64           100 AM
 LOWEST     49          1200 PM
 AVERAGE    57

..........................................................


THE POUGHKEEPSIE NY CLIMATE NORMALS FOR TODAY
                         NORMAL    RECORD    YEAR
 MAXIMUM TEMPERATURE (F)   45        69      1982
 MINIMUM TEMPERATURE (F)   26         2      1949


SUNRISE AND SUNSET
DECEMBER  4 2016......SUNRISE   706 AM EST   SUNSET   425 PM EST
DECEMBER  5 2016......SUNRISE   707 AM EST   SUNSET   425 PM EST


-  INDICATES NEGATIVE NUMBERS.
R  INDICATES RECORD WAS SET OR TIED.
MM INDICATES DATA IS MISSING.
T  INDICATES TRACE AMOUNT.




RECORDS FOR KPOU DATE BACK TO 1949...
HOWEVER...DATA IS MISSING FROM JANUARY 1993 - JULY 2000.
$$
