689
CDUS41 KALY 230624
CLIPOU


CLIMATE REPORT
NATIONAL WEATHER SERVICE ALBANY NY
223 AM EDT FRI SEP 23 2016


...................................

...THE POUGHKEEPSIE NY CLIMATE SUMMARY FOR SEPTEMBER 22 2016...

CLIMATE NORMAL PERIOD 1981 TO 2010
CLIMATE RECORD PERIOD 1949 TO 2016


WEATHER ITEM   OBSERVED TIME   RECORD YEAR NORMAL DEPARTURE LAST
                VALUE   (LST)  VALUE       VALUE  FROM      YEAR
                                                  NORMAL
..................................................................
TEMPERATURE (F)
 YESTERDAY
  MAXIMUM         85    317 PM  91    1980  73     12       72
  MINIMUM         49    604 AM  29    1962  49      0       50
  AVERAGE         67                        61      6       61

PRECIPITATION (IN)
  YESTERDAY        0.00          0.73 1979   0.15  -0.15     0.00
  MONTH TO DATE    0.46                      3.07  -2.61     1.69
  SINCE SEP 1      0.46                      3.07  -2.61     1.69
  SINCE JAN 1     22.78                     33.85 -11.07    20.65

DEGREE DAYS
 HEATING
  YESTERDAY        0                         6     -6        4
  MONTH TO DATE   16                        67    -51       15
  SINCE SEP 1     16                        67    -51       15
  SINCE JUL 1     18                        84    -66       15

 COOLING
  YESTERDAY        2                         1      1        0
  MONTH TO DATE  105                        58     47      145
  SINCE SEP 1    105                        58     47      145
  SINCE JAN 1   1047                       662    385      950
..................................................................


WIND (MPH)
  HIGHEST WIND SPEED    10   HIGHEST WIND DIRECTION    SW (240)
  HIGHEST GUST SPEED    13   HIGHEST GUST DIRECTION    SE (140)
  AVERAGE WIND SPEED     1.7


SKY COVER
  AVERAGE SKY COVER 0.0



RELATIVE HUMIDITY (PERCENT)
 HIGHEST   100           100 AM
 LOWEST     31           500 PM
 AVERAGE    66

..........................................................


THE POUGHKEEPSIE NY CLIMATE NORMALS FOR TODAY
                         NORMAL    RECORD    YEAR
 MAXIMUM TEMPERATURE (F)   72        90      1959
 MINIMUM TEMPERATURE (F)   48        32      1963


SUNRISE AND SUNSET
SEPTEMBER 23 2016.....SUNRISE   644 AM EDT   SUNSET   650 PM EDT
SEPTEMBER 24 2016.....SUNRISE   645 AM EDT   SUNSET   648 PM EDT


-  INDICATES NEGATIVE NUMBERS.
R  INDICATES RECORD WAS SET OR TIED.
MM INDICATES DATA IS MISSING.
T  INDICATES TRACE AMOUNT.




RECORDS FOR KPOU DATE BACK TO 1949...
HOWEVER...DATA IS MISSING FROM JANUARY 1993 - JULY 2000.
$$
