000
CDUS41 KALY 092044
CLIPOU


CLIMATE REPORT
NATIONAL WEATHER SERVICE ALBANY NY
444 PM EDT SAT SEP 9 2017


...................................

...THE POUGHKEEPSIE NY CLIMATE SUMMARY FOR SEPTEMBER 9 2017...
VALID TODAY AS OF 0400 PM LOCAL TIME.

CLIMATE NORMAL PERIOD 1981 TO 2010
CLIMATE RECORD PERIOD 1949 TO 2017


WEATHER ITEM   OBSERVED TIME   RECORD YEAR NORMAL DEPARTURE LAST
                VALUE   (LST)  VALUE       VALUE  FROM      YEAR
                                                  NORMAL
..................................................................
TEMPERATURE (F)
 TODAY
  MAXIMUM         66    325 PM  95    2015  78    -12       91
  MINIMUM         44    532 AM  39    1986  54    -10       72
                                      1956
  AVERAGE         55                        66    -11       82

PRECIPITATION (IN)
  TODAY            0.00          1.38 2008   0.14  -0.14      T
  MONTH TO DATE    1.36                      1.22   0.14     0.09
  SINCE SEP 1      1.36                      1.22   0.14     0.09
  SINCE JAN 1     29.96                     32.00  -2.04    22.41

DEGREE DAYS
 HEATING
  TODAY           10                         2      8        0
  MONTH TO DATE   48                        15     33        0
  SINCE SEP 1     48                        15     33        0
  SINCE JUL 1     68                        32     36        2

 COOLING
  TODAY            0                         3     -3       17
  MONTH TO DATE   11                        32    -21       56
  SINCE SEP 1     11                        32    -21       56
  SINCE JAN 1    585                       636    -51      998
..................................................................


WIND (MPH)
  HIGHEST WIND SPEED    15   HIGHEST WIND DIRECTION     N (10)
  HIGHEST GUST SPEED    20   HIGHEST GUST DIRECTION     N (20)
  AVERAGE WIND SPEED     3.1


SKY COVER
  AVERAGE SKY COVER 0.5



RELATIVE HUMIDITY (PERCENT)
 HIGHEST   100           200 AM
 LOWEST     52           200 PM
 AVERAGE    76

..........................................................


THE POUGHKEEPSIE NY CLIMATE NORMALS FOR TOMORROW
                         NORMAL    RECORD    YEAR
 MAXIMUM TEMPERATURE (F)   77        95      1983
 MINIMUM TEMPERATURE (F)   53        34      1956


SUNRISE AND SUNSET
SEPTEMBER  9 2017.....SUNRISE   630 AM EDT   SUNSET   715 PM EDT
SEPTEMBER 10 2017.....SUNRISE   631 AM EDT   SUNSET   713 PM EDT


-  INDICATES NEGATIVE NUMBERS.
R  INDICATES RECORD WAS SET OR TIED.
MM INDICATES DATA IS MISSING.
T  INDICATES TRACE AMOUNT.




RECORDS FOR KPOU DATE BACK TO 1949...
HOWEVER...DATA IS MISSING FROM JANUARY 1993 - JULY 2000.
$$
