000
CDUS41 KALY 300623
CLIPOU


CLIMATE REPORT
NATIONAL WEATHER SERVICE ALBANY NY
222 AM EDT TUE JUN 30 2015


...................................

...THE POUGHKEEPSIE NY CLIMATE SUMMARY FOR JUNE 29 2015...

CLIMATE NORMAL PERIOD 1981 TO 2010
CLIMATE RECORD PERIOD 1949 TO 2015


WEATHER ITEM   OBSERVED TIME   RECORD YEAR NORMAL DEPARTURE LAST
                VALUE   (LST)  VALUE       VALUE  FROM      YEAR
                                                  NORMAL
..................................................................
TEMPERATURE (F)
 YESTERDAY
  MAXIMUM         76    243 PM  97    1959  83     -7       87
  MINIMUM         60   1159 PM  40    1981  59      1       60
  AVERAGE         68                        71     -3       74

PRECIPITATION (IN)
  YESTERDAY        0.00          2.84 1973   0.13  -0.13     0.00
  MONTH TO DATE    4.03                      4.30  -0.27     2.29
  SINCE JUN 1      4.03                      4.30  -0.27     2.29
  SINCE JAN 1     14.70                     21.80  -7.10    16.32

DEGREE DAYS
 HEATING
  YESTERDAY        0                         0      0        0
  MONTH TO DATE   46                        48     -2        7
  SINCE JUN 1     46                        48     -2        7
  SINCE JUL 1   6291                      6210     81     6351

 COOLING
  YESTERDAY        3                         6     -3        9
  MONTH TO DATE  129                       120      9      129
  SINCE JUN 1    129                       120      9      129
  SINCE JAN 1    242                       156     86      162
..................................................................


WIND (MPH)
  HIGHEST WIND SPEED    15   HIGHEST WIND DIRECTION    SW (240)
  HIGHEST GUST SPEED    20   HIGHEST GUST DIRECTION     W (260)
  AVERAGE WIND SPEED     6.0


SKY COVER
  AVERAGE SKY COVER 0.7



RELATIVE HUMIDITY (PERCENT)
 HIGHEST    90           200 AM
 LOWEST     53          1200 PM
 AVERAGE    72

..........................................................


THE POUGHKEEPSIE NY CLIMATE NORMALS FOR TODAY
                         NORMAL    RECORD    YEAR
 MAXIMUM TEMPERATURE (F)   83        99      1964
 MINIMUM TEMPERATURE (F)   59        42      1988


SUNRISE AND SUNSET
JUNE 30 2015..........SUNRISE   524 AM EDT   SUNSET   834 PM EDT
JULY  1 2015..........SUNRISE   525 AM EDT   SUNSET   834 PM EDT


-  INDICATES NEGATIVE NUMBERS.
R  INDICATES RECORD WAS SET OR TIED.
MM INDICATES DATA IS MISSING.
T  INDICATES TRACE AMOUNT.




RECORDS FOR KPOU DATE BACK TO 1949...
HOWEVER...DATA IS MISSING FROM JANUARY 1993 - JULY 2000.
$$
