000
CDUS41 KALY 070621
CLIPOU


CLIMATE REPORT
NATIONAL WEATHER SERVICE ALBANY NY
221 AM EDT MON APR 7 2014




THE POUGHKEEPSIE NY CLIMATE SUMMARY FOR APRIL 6 2014...

CLIMATE NORMAL PERIOD 1981 TO 2010
CLIMATE RECORD PERIOD 1949 TO 2014


WEATHER ITEM   OBSERVED TIME   RECORD YEAR NORMAL DEPARTURE LAST
                VALUE   (LST)  VALUE       VALUE  FROM      YEAR
                                                  NORMAL

TEMPERATURE (F)
 YESTERDAY
  MAXIMUM         61    507 PM  78    2010  57      4       51
  MINIMUM         25    547 AM  18    1982  33     -8       32
  AVERAGE         43                        45     -2       42

PRECIPITATION (IN)
  YESTERDAY        0.00          1.32 1958   0.12  -0.12     0.00
  MONTH TO DATE    0.07                      0.76  -0.69      T
  SINCE MAR 1      2.82                      4.33  -1.51     1.48
  SINCE JAN 1      7.10                     10.07  -2.97     5.14

DEGREE DAYS
 HEATING
  YESTERDAY       22                        20      2       23
  MONTH TO DATE  119                       126     -7      139
  SINCE MAR 1   1146                      1000    146     1007
  SINCE JUL 1   5849                      5571    278     5128

 COOLING
  YESTERDAY        0                         0      0        0
  MONTH TO DATE    0                         0      0        0
  SINCE MAR 1      0                         0      0        0
  SINCE JAN 1      0                         0      0        0



WIND (MPH)
  HIGHEST WIND SPEED    10   HIGHEST WIND DIRECTION     N (340)
  HIGHEST GUST SPEED    14   HIGHEST GUST DIRECTION     N (10)
  AVERAGE WIND SPEED     2.4


SKY COVER
  AVERAGE SKY COVER 0.0



RELATIVE HUMIDITY (PERCENT)
 HIGHEST    81           500 AM
 LOWEST     16           500 PM
 AVERAGE    49




THE POUGHKEEPSIE NY CLIMATE NORMALS FOR TODAY
                         NORMAL    RECORD    YEAR
 MAXIMUM TEMPERATURE (F)   57        90      2010
 MINIMUM TEMPERATURE (F)   34        17      1982


SUNRISE AND SUNSET
APRIL  7 2014.........SUNRISE   629 AM EDT   SUNSET   727 PM EDT
APRIL  8 2014.........SUNRISE   627 AM EDT   SUNSET   728 PM EDT


-  INDICATES NEGATIVE NUMBERS.
R  INDICATES RECORD WAS SET OR TIED.
MM INDICATES DATA IS MISSING.
T  INDICATES TRACE AMOUNT.





RECORDS FOR KPOU DATE BACK TO 1949...
HOWEVER...DATA IS MISSING FROM JANUARY 1993 - JULY 2000.
$$
