000
CDUS41 KALY 120624
CLIPOU


CLIMATE REPORT
NATIONAL WEATHER SERVICE ALBANY NY
223 AM EDT THU MAY 12 2016


...................................

...THE POUGHKEEPSIE NY CLIMATE SUMMARY FOR MAY 11 2016...

CLIMATE NORMAL PERIOD 1981 TO 2010
CLIMATE RECORD PERIOD 1949 TO 2016


WEATHER ITEM   OBSERVED TIME   RECORD YEAR NORMAL DEPARTURE LAST
                VALUE   (LST)  VALUE       VALUE  FROM      YEAR
                                                  NORMAL
..................................................................
TEMPERATURE (F)
 YESTERDAY
  MAXIMUM         78    220 PM  91    1953  70      8       89
  MINIMUM         38    513 AM  28    2010  45     -7       61
  AVERAGE         58                        57      1       75

PRECIPITATION (IN)
  YESTERDAY        0.00          2.58 1981   0.13  -0.13     0.00
  MONTH TO DATE    2.02                      1.40   0.62     0.02
  SINCE MAR 1      5.29                      8.75  -3.46     4.42
  SINCE JAN 1     10.97                     14.49  -3.52     8.72

DEGREE DAYS
 HEATING
  YESTERDAY        7                         8     -1        0
  MONTH TO DATE  122                       106     16       25
  SINCE MAR 1   1175                      1474   -299     1491
  SINCE JUL 1   4707                      6045  -1338     6176

 COOLING
  YESTERDAY        0                         1     -1       10
  MONTH TO DATE    0                         5     -5       40
  SINCE MAR 1      4                        10     -6       40
  SINCE JAN 1      4                        10     -6       40
..................................................................


WIND (MPH)
  HIGHEST WIND SPEED    10   HIGHEST WIND DIRECTION    SW (230)
  HIGHEST GUST SPEED    14   HIGHEST GUST DIRECTION    SW (230)
  AVERAGE WIND SPEED     2.4


SKY COVER
  AVERAGE SKY COVER 0.0



RELATIVE HUMIDITY (PERCENT)
 HIGHEST    85           300 AM
 LOWEST     22           300 PM
 AVERAGE    54

..........................................................


THE POUGHKEEPSIE NY CLIMATE NORMALS FOR TODAY
                         NORMAL    RECORD    YEAR
 MAXIMUM TEMPERATURE (F)   70        88      2015
                                             2004
 MINIMUM TEMPERATURE (F)   45        30      1983


SUNRISE AND SUNSET
MAY 12 2016...........SUNRISE   539 AM EDT   SUNSET   806 PM EDT
MAY 13 2016...........SUNRISE   538 AM EDT   SUNSET   807 PM EDT


-  INDICATES NEGATIVE NUMBERS.
R  INDICATES RECORD WAS SET OR TIED.
MM INDICATES DATA IS MISSING.
T  INDICATES TRACE AMOUNT.




RECORDS FOR KPOU DATE BACK TO 1949...
HOWEVER...DATA IS MISSING FROM JANUARY 1993 - JULY 2000.
$$
