000
CDUS41 KALY 090624
CLIPOU


CLIMATE REPORT
NATIONAL WEATHER SERVICE ALBANY NY
123 AM EST MON JAN 9 2017


...................................

...THE POUGHKEEPSIE NY CLIMATE SUMMARY FOR JANUARY 8 2017...

CLIMATE NORMAL PERIOD 1981 TO 2010
CLIMATE RECORD PERIOD 1949 TO 2017


WEATHER ITEM   OBSERVED TIME   RECORD YEAR NORMAL DEPARTURE LAST
                VALUE   (LST)  VALUE       VALUE  FROM      YEAR
                                                  NORMAL
..................................................................
TEMPERATURE (F)
 YESTERDAY
  MAXIMUM         24    155 PM  63    2008  35    -11       44
  MINIMUM          6    412 AM  -7    1968  16    -10       14
  AVERAGE         15                        26    -11       29

PRECIPITATION (IN)
  YESTERDAY        T             0.82 1979   0.10  -0.10     0.00
  MONTH TO DATE    0.50                      0.82  -0.32      T
  SINCE DEC 1      3.10                      4.35  -1.25     3.90
  SINCE JAN 1      0.50                      0.82  -0.32      T

DEGREE DAYS
 HEATING
  YESTERDAY       50                        39     11       36
  MONTH TO DATE  304                       312     -8      284
  SINCE DEC 1   1344                      1363    -19      918
  SINCE JUL 1   2490                      2641   -151     1906

 COOLING
  YESTERDAY        0                         0      0        0
  MONTH TO DATE    0                         0      0        0
  SINCE DEC 1      0                         0      0        0
  SINCE JAN 1      0                         0      0        0
..................................................................


WIND (MPH)
  HIGHEST WIND SPEED    20   HIGHEST WIND DIRECTION     N (340)
  HIGHEST GUST SPEED    28   HIGHEST GUST DIRECTION     W (280)
  AVERAGE WIND SPEED     7.1


SKY COVER
  AVERAGE SKY COVER 0.3



RELATIVE HUMIDITY (PERCENT)
 HIGHEST    92           100 AM
 LOWEST     45           100 PM
 AVERAGE    69

..........................................................


THE POUGHKEEPSIE NY CLIMATE NORMALS FOR TODAY
                         NORMAL    RECORD    YEAR
 MAXIMUM TEMPERATURE (F)   35        62      2008
 MINIMUM TEMPERATURE (F)   16       -17      1968


SUNRISE AND SUNSET
JANUARY  9 2017.......SUNRISE   722 AM EST   SUNSET   444 PM EST
JANUARY 10 2017.......SUNRISE   722 AM EST   SUNSET   445 PM EST


-  INDICATES NEGATIVE NUMBERS.
R  INDICATES RECORD WAS SET OR TIED.
MM INDICATES DATA IS MISSING.
T  INDICATES TRACE AMOUNT.




RECORDS FOR KPOU DATE BACK TO 1949...
HOWEVER...DATA IS MISSING FROM JANUARY 1993 - JULY 2000.
$$
